000
CXUS55 KPUB 201059
CF6COS
PRELIMINARY LOCAL CLIMATOLOGICAL DATA (WS FORM: F-6)

                                          STATION:   COLORADO SPRINGS CO
                                          MONTH:     AUGUST
                                          YEAR:      2014
                                          LATITUDE:   38 49 N
                                          LONGITUDE: 104 43 W

  TEMPERATURE IN F:       :PCPN:    SNOW:  WIND      :SUNSHINE: SKY     :PK WND
================================================================================
1   2   3   4   5  6A  6B    7    8   9   10  11  12  13   14  15   16   17  18
                                     12Z  AVG MX 2MIN
DY MAX MIN AVG DEP HDD CDD  WTR  SNW DPTH SPD SPD DIR MIN PSBL S-S WX    SPD DR
================================================================================

 1  71  53  62  -8   3   0 0.00  0.0    0  4.7 12 130   M    M   7 8      15 120
 2  77  51  64  -6   1   0 0.00  0.0    0  7.6 18 140   M    M   2        24 140
 3  80  52  66  -4   0   1 0.00  0.0    0  7.2 15 170   M    M   5        21 140
 4  83  57  70   0   0   5 0.01  0.0    0  8.8 25 210   M    M   6 3      32 210
 5  81  59  70   0   0   5 0.50  0.0    0  6.9 31 310   M    M   6 38     36 310
 6  84  55  70   0   0   5    T  0.0    0  5.7 14 210   M    M   4        22  10
 7  79  60  70   0   0   5 0.25  0.0    0  7.5 16  30   M    M   7 35     21 140
 8  78  54  66  -4   0   1 0.02  0.0    0  6.4 25 170   M    M   5 13     33 180
 9  84  57  71   1   0   6 0.01  0.0    0  9.2 31  20   M    M   5 3      39  20
10  76  54  65  -5   0   0 0.56  0.0    0  8.7 23  70   M    M   5 13     27  70
11  77  51  64  -5   1   0 0.00  0.0    0  5.8 15 140   M    M   3        19 120
12  85  53  69   0   0   4 0.00  0.0    0  5.5 14  60   M    M   2        20  80
13  85  55  70   1   0   5 0.00  0.0    0  7.4 15 140   M    M   5        19 140
14  84  61  73   4   0   8 0.03  0.0    0 10.1 30 320   M    M   8 3      38 310
15  84  58  71   2   0   6 0.29  0.0    0  8.5 28 280   M    M   6 13     32 270
16  87  56  72   3   0   7 0.00  0.0    0  7.3 16 350   M    M   4        19 350
17  89  57  73   4   0   8    T  0.0    0  8.1 48 350   M    M   3 3      58 350
18  88  56  72   3   0   7    T  0.0    0  9.2 32  40   M    M   4 3      41  40
19  85  58  72   4   0   7    T  0.0    0  7.1 24 320   M    M   7 3      31 310
================================================================================
SM 1557 1057         5  80  1.67     0.0 141.7          M       94
================================================================================
AV 81.9 55.6                               7.5 FASTST   M    M   5    MAX(MPH)
                                 MISC ---->  # 48 350               # 58  350
================================================================================
NOTES:
# LAST OF SEVERAL OCCURRENCES

COLUMN 17 PEAK WIND IN M.P.H.

PRELIMINARY LOCAL CLIMATOLOGICAL DATA (WS FORM: F-6) , PAGE 2

                                          STATION:  COLORADO SPRINGS CO
                                          MONTH:    AUGUST
                                          YEAR:     2014
                                          LATITUDE:   38 49 N
                                          LONGITUDE: 104 43 W

[TEMPERATURE DATA]      [PRECIPITATION DATA]       SYMBOLS USED IN COLUMN 16

AVERAGE MONTHLY: 68.8   TOTAL FOR MONTH:   1.67    1 = FOG OR MIST
DPTR FM NORMAL:  -0.7   DPTR FM NORMAL:   -0.61    2 = FOG REDUCING VISIBILITY
HIGHEST:    89 ON 17    GRTST 24HR  0.56 ON 10-10      TO 1/4 MILE OR LESS
LOWEST:     51 ON 11, 2                            3 = THUNDER
                        SNOW, ICE PELLETS, HAIL    4 = ICE PELLETS
                        TOTAL MONTH:   0.0 INCH    5 = HAIL
                        GRTST 24HR     0.0         6 = FREEZING RAIN OR DRIZZLE
                        GRTST DEPTH:   0           7 = DUSTSTORM OR SANDSTORM:
                                                       VSBY 1/2 MILE OR LESS
                                                   8 = SMOKE OR HAZE
[NO. OF DAYS WITH]      [WEATHER - DAYS WITH]      9 = BLOWING SNOW
                                                   X = TORNADO
MAX 32 OR BELOW:   0    0.01 INCH OR MORE:   8
MAX 90 OR ABOVE:   0    0.10 INCH OR MORE:   4
MIN 32 OR BELOW:   0    0.50 INCH OR MORE:   2
MIN  0 OR BELOW:   0    1.00 INCH OR MORE:   0

[HDD (BASE 65) ]
TOTAL THIS MO.     5    CLEAR  (SCALE 0-3)   4
DPTR FM NORMAL     1    PTCLDY (SCALE 4-7)  14
TOTAL FM JUL 1    28    CLOUDY (SCALE 8-10)  1
DPTR FM NORMAL    14

[CDD (BASE 65) ]
TOTAL THIS MO.    80
DPTR FM NORMAL   -13    [PRESSURE DATA]
TOTAL FM JAN 1   391    HIGHEST SLP M ON M
DPTR FM NORMAL    14    LOWEST  SLP 29.77 ON 19

[REMARKS]
