000
CXUS53 KLSX 011135
CF6COU
PRELIMINARY LOCAL CLIMATOLOGICAL DATA (WS FORM: F-6)

                                          STATION:   COLUMBIA ASOS
                                          MONTH:     JULY
                                          YEAR:      2015
                                          LATITUDE:   38 49 N
                                          LONGITUDE:  92 13 W

  TEMPERATURE IN F:       :PCPN:    SNOW:  WIND      :SUNSHINE: SKY     :PK WND
================================================================================
1   2   3   4   5  6A  6B    7    8   9   10  11  12  13   14  15   16   17  18
                                     12Z  AVG MX 2MIN
DY MAX MIN AVG DEP HDD CDD  WTR  SNW DPTH SPD SPD DIR MIN PSBL S-S WX    SPD DR
================================================================================

 1  81  68  75  -2   0  10 1.70  0.0    0  8.0 33  20   M    M   5 13     39  20
 2  76  67  72  -5   0   7    T  0.0    0  8.1 15  50   M    M   9 1      19  50
 3  81  66  74  -3   0   9 0.00  0.0    0  5.8 13 360   M    M   3        19  30
 4  83  61  72  -5   0   7 0.00  0.0    0  4.3  9 160   M    M   1        12 130
 5  86  66  76  -1   0  11 0.00  0.0    0  7.8 14 160   M    M   1 1      18 160
 6  88  72  80   3   0  15 0.28  0.0    0  9.9 28 290   M    M   3 13     39 260
 7  72  65  69  -8   0   4 0.37  0.0    0  7.7 15  20   M    M   9 18     21 330
 8  68  59  64 -13   1   0 1.62  0.0    0 10.4 20  90   M    M  10 1      25 130
 9  76  60  68  -9   0   3 0.08  0.0    0  5.5 12 330   M    M   6 1      14 330
10  81  66  74  -3   0   9    T  0.0    0  4.6  9 120   M    M   7 12     12 120
11  90  73  82   5   0  17 0.00  0.0    0 10.0 21 210   M    M   2 18     27 210
12  92  70  81   4   0  16 0.00  0.0    0  9.0 18  70   M    M   1        21  70
13  94  76  85   7   0  20 0.00  0.0    0 10.6 17 220   M    M   0        22 220
14  94  76  85   7   0  20 0.00  0.0    0  7.7 17 240   M    M   0        21 240
15  88  74  81   3   0  16    T  0.0    0  6.9 17 100   M    M   2        21 120
16  91  73  82   4   0  17 0.00  0.0    0 10.7 20 190   M    M   2        28 180
17  92  77  85   7   0  20 0.00  0.0    0 10.2 20 210   M    M   1 8      24 210
18  89  76  83   5   0  18    T  0.0    0  8.9 23 200   M    M   2        28 190
19  85  70  78   0   0  13 2.42  0.0    0  6.5 24 350   M    M   5 13     32 330
20  85  72  79   1   0  14 0.20  0.0    0  6.9 24 290   M    M   4 13     32 290
21  82  67  75  -3   0  10 0.00  0.0    0  6.1 13  10   M    M   1        16  50
22  81  65  73  -5   0   8 0.00  0.0    0  6.9 13 110   M    M   4        17  90
23  86  69  78   0   0  13 0.00  0.0    0  6.7 12  80   M    M   4        14  80
24  91  70  81   3   0  16 0.00  0.0    0  6.5 17 170   M    M   2        20  60
25  91  71  81   4   0  16 0.10  0.0    0  7.3 30 330   M    M   2 3      37 340
26  89  70  80   3   0  15 1.63  0.0    0  7.9 35 320   M    M   2 13     44 320
27  92  73  83   6   0  18 0.00  0.0    0  6.4 21  50   M    M   0 12     26  50
28  93  73  83   6   0  18 0.00  0.0    0  7.4 16 190   M    M   0        19 190
29  87  69  78   1   0  13 0.00  0.0    0  8.0 25 330   M    M   0 8      31 320
30  88  64  76  -1   0  11 0.00  0.0    0  3.5  9 260   M    M   0 8      11 290
31  90  68  79   2   0  14 0.00  0.0    0  5.4 13 270   M    M   0        16 220
================================================================================
SM 2662 2146         1 398  8.40     0.0 231.6          M       88
================================================================================
AV 85.9 69.2                               7.5 FASTST   M    M   3    MAX(MPH)
                                 MISC ---->  # 35 320               # 44  320
================================================================================
NOTES:
# LAST OF SEVERAL OCCURRENCES

COLUMN 17 PEAK WIND IN M.P.H.

PRELIMINARY LOCAL CLIMATOLOGICAL DATA (WS FORM: F-6) , PAGE 2

                                          STATION:  COLUMBIA ASOS
                                          MONTH:    JULY
                                          YEAR:     2015
                                          LATITUDE:   38 49 N
                                          LONGITUDE:  92 13 W

[TEMPERATURE DATA]      [PRECIPITATION DATA]       SYMBOLS USED IN COLUMN 16

AVERAGE MONTHLY: 77.5   TOTAL FOR MONTH:   8.40    1 = FOG OR MIST
DPTR FM NORMAL:   0.2   DPTR FM NORMAL:    4.03    2 = FOG REDUCING VISIBILITY
HIGHEST:    94 ON 14,13 GRTST 24HR  2.42 ON 19-19      TO 1/4 MILE OR LESS
LOWEST:     59 ON  8                               3 = THUNDER
                        SNOW, ICE PELLETS, HAIL    4 = ICE PELLETS
                        TOTAL MONTH:   0.0 INCH    5 = HAIL
                        GRTST 24HR     0.0         6 = FREEZING RAIN OR DRIZZLE
                        GRTST DEPTH:   0           7 = DUSTSTORM OR SANDSTORM:
                                                       VSBY 1/2 MILE OR LESS
                                                   8 = SMOKE OR HAZE
[NO. OF DAYS WITH]      [WEATHER - DAYS WITH]      9 = BLOWING SNOW
                                                   X = TORNADO
MAX 32 OR BELOW:   0    0.01 INCH OR MORE:   9
MAX 90 OR ABOVE:  11    0.10 INCH OR MORE:   8
MIN 32 OR BELOW:   0    0.50 INCH OR MORE:   4
MIN  0 OR BELOW:   0    1.00 INCH OR MORE:   4

[HDD (BASE 65) ]
TOTAL THIS MO.     1    CLEAR  (SCALE 0-3)  21
DPTR FM NORMAL     1    PTCLDY (SCALE 4-7)   7
TOTAL FM JUL 1     1    CLOUDY (SCALE 8-10)  3
DPTR FM NORMAL     1

[CDD (BASE 65) ]
TOTAL THIS MO.   398
DPTR FM NORMAL    16    [PRESSURE DATA]
TOTAL FM JAN 1   828    HIGHEST SLP 30.18 ON 30
DPTR FM NORMAL    95    LOWEST  SLP 29.68 ON 13

[REMARKS]
#FINAL-07-15#
