000
CXUS54 KFWD 220730
CF6CPT
PRELIMINARY LOCAL CLIMATOLOGICAL DATA (WS FORM: F-6)

                                          STATION:   CLEBURNE
                                          MONTH:     OCTOBER
                                          YEAR:      2017
                                          LATITUDE:   32 20 N
                                          LONGITUDE:  97 24 W

  TEMPERATURE IN F:       :PCPN:    SNOW:  WIND      :SUNSHINE: SKY     :PK WND
================================================================================
1   2   3   4   5  6A  6B    7    8   9   10  11  12  13   14  15   16   17  18
                                     12Z  AVG MX 2MIN
DY MAX MIN AVG DEP HDD CDD  WTR  SNW DPTH SPD SPD DIR MIN PSBL S-S WX    SPD DR
================================================================================

 1  86  63  75   4   0  10 0.00  0.0    0  6.6 12 190   M    M   0        14  99
 2  88  66  77   6   0  12 0.00  0.0    0 11.0 18 190   M    M   2        24 180
 3  86  73  80   9   0  15    M  0.0    0  9.4 15 150   M    M   8        22 150
 4  88  72  80  10   0  15 0.00  0.0    0  8.7 12 190   M    M   4 1      20 170
 5  86  66  76   6   0  11 0.00  0.0    0  5.8  9 130   M    M   1        12  99
 6  86  66  76   6   0  11 0.00  0.0    0  9.6 15 200   M    M   0        22 190
 7  86  63  75   6   0  10 0.00  0.0    0  8.6 16  10   M    M   3        20 180
 8  90  55  73   4   0   8 0.00  0.0    0  5.8 12 180   M    M   0        12 320
 9  93  59  76   7   0  11    M  0.0    0 11.8 18 340   M    M   3 38     27 170
10  70  52  61  -7   4   0 0.08  0.0    0 13.8 23 360   M    M   4 3      30 360
11  75  46  61  -7   4   0 0.00  0.0    0  4.5  9  20   M    M   0        14  30
12  86  57  72   4   0   7 0.00  0.0    0  5.3 10 180   M    M   0        17 180
13  90  66  78  10   0  13 0.00  0.0    0  8.5 15 190   M    M   1        21 190
14  88  68  78  11   0  13 0.00  0.0    0  9.7 16 190   M    M   0 1      24 190
15  75  50  63  -4   2   0 0.00  0.0    0 15.6 27  10   M    M   3 8      36  30
16  72  45  59  -7   6   0 0.00  0.0    0  6.1 12  10   M    M   0 8      15  99
17  75  45  60  -6   5   0 0.00  0.0    0  4.5 10 160   M    M   0 8      15 160
18  82  50  66   0   0   1 0.00  0.0    0  8.6 13 190   M    M   0        21 190
19  82  55  69   3   0   4 0.00  0.0    0  8.4 12 140   M    M   0        21 150
20  82  61  72   7   0   7 0.00  0.0    0  9.7 16 150   M    M   6        23 140
21  86  70  78  13   0  13 0.00  0.0    0 12.5 18 180   M    M   7 3      25 180
================================================================================
SM 1752 1248        21 161  0.08     0.0 184.5          M       42
================================================================================
AV 83.4 59.4                               8.8 FASTST   M    M   2    MAX(MPH)
                                 MISC ---->  # 27  10                 36    M
================================================================================
NOTES:
# LAST OF SEVERAL OCCURRENCES

COLUMN 17 PEAK WIND IN M.P.H.

PRELIMINARY LOCAL CLIMATOLOGICAL DATA (WS FORM: F-6) , PAGE 2

                                          STATION:  CLEBURNE
                                          MONTH:    OCTOBER
                                          YEAR:     2017
                                          LATITUDE:   32 20 N
                                          LONGITUDE:  97 24 W

[TEMPERATURE DATA]      [PRECIPITATION DATA]       SYMBOLS USED IN COLUMN 16

AVERAGE MONTHLY: 71.4   TOTAL FOR MONTH:   0.08    1 = FOG OR MIST
DPTR FM NORMAL:   3.3   DPTR FM NORMAL:   -2.49    2 = FOG REDUCING VISIBILITY
HIGHEST:    93 ON  9    GRTST 24HR  0.08 ON 10-10      TO 1/4 MILE OR LESS
LOWEST:     45 ON 17,16                            3 = THUNDER
                        SNOW, ICE PELLETS, HAIL    4 = ICE PELLETS
                        TOTAL MONTH:   0.0 INCH    5 = HAIL
                        GRTST 24HR     0.0         6 = FREEZING RAIN OR DRIZZLE
                        GRTST DEPTH:   0           7 = DUSTSTORM OR SANDSTORM:
                                                       VSBY 1/2 MILE OR LESS
                                                   8 = SMOKE OR HAZE
[NO. OF DAYS WITH]      [WEATHER - DAYS WITH]      9 = BLOWING SNOW
                                                   X = TORNADO
MAX 32 OR BELOW:   0    0.01 INCH OR MORE:   1
MAX 90 OR ABOVE:   3    0.10 INCH OR MORE:   0
MIN 32 OR BELOW:   0    0.50 INCH OR MORE:   0
MIN  0 OR BELOW:   0    1.00 INCH OR MORE:   0

[HDD (BASE 65) ]
TOTAL THIS MO.    21    CLEAR  (SCALE 0-3)  16
DPTR FM NORMAL   -15    PTCLDY (SCALE 4-7)   5
TOTAL FM JUL 1    21    CLOUDY (SCALE 8-10)  0
DPTR FM NORMAL   -23

[CDD (BASE 65) ]
TOTAL THIS MO.   161
DPTR FM NORMAL    60    [PRESSURE DATA]
TOTAL FM JAN 1  2608    HIGHEST SLP M ON M
DPTR FM NORMAL   160    LOWEST  SLP M ON M

[REMARKS]
