000
CXUS54 KFWD 170730
CF6CRS
PRELIMINARY LOCAL CLIMATOLOGICAL DATA (WS FORM: F-6)

                                          STATION:   CORSICANA
                                          MONTH:     APRIL
                                          YEAR:      2014
                                          LATITUDE:   32  1 N
                                          LONGITUDE:  96 24 W

  TEMPERATURE IN F:       :PCPN:    SNOW:  WIND      :SUNSHINE: SKY     :PK WND
================================================================================
1   2   3   4   5  6A  6B    7    8   9   10  11  12  13   14  15   16   17  18
                                     12Z  AVG MX 2MIN
DY MAX MIN AVG DEP HDD CDD  WTR  SNW DPTH SPD SPD DIR MIN PSBL S-S WX    SPD DR
================================================================================

 1  82  64  73  11   0   8 0.00  0.0    0 12.0 20 170   M    M   7 18     26 150
 2  83  70  77  15   0  12    T  0.0    0 15.9 25 170   M    M   9 18     33 170
 3  82  72  77  15   0  12 0.00  0.0    0 17.5 30 200   M    M   5        39 190
 4  72  49  61  -2   4   0 0.00  0.0    0 12.8 28 350   M    M   1        40 360
 5  60  51  56  -7   9   0    T  0.0    0  8.6 17 110   M    M   3 3      22 110
 6  53  48  51 -12  14   0 0.63  0.0    0  9.1 16 350   M    M  10 13     21 360
 7  66  46  56  -7   9   0 0.06  0.0    0  5.7 31 300   M    M   6 123    41 300
 8  71  48  60  -4   5   0 0.00  0.0    0 12.9 29 340   M    M   0        39 350
 9  79  44  62  -2   3   0 0.00  0.0    0  9.3 18 160   M    M   0        23 160
10  84  58  71   7   0   6 0.00  0.0    0 19.0 29 190   M    M   0        38 190
11  82  61  72   8   0   7 0.00  0.0    0 13.7 26 190   M    M   2        35 190
12  83  65  74   9   0   9 0.00  0.0    0 17.7 29 170   M    M   4        36 170
13  76  66  71   6   0   6 0.08  0.0    0 14.4 23 180   M    M   6 138    29 180
14  72  42  57  -8   8   0 0.06  0.0    0 15.9 28 350   M    M   7 13     36 330
15  62  34  48 -17  17   0 0.00  0.0    0  6.0 14 360   M    M   0 8      18 290
16  68  41  55 -11  10   0 0.00  0.0    0 11.9 24 150   M    M   0        32 180
================================================================================
SM 1175  859        79  60  0.83     0.0 202.4          M       60
================================================================================
AV 73.4 53.7                              12.6 FASTST   M    M   4    MAX(MPH)
                                 MISC ---->  # 31 300               # 41  300
================================================================================
NOTES:
# LAST OF SEVERAL OCCURRENCES

COLUMN 17 PEAK WIND IN M.P.H.

PRELIMINARY LOCAL CLIMATOLOGICAL DATA (WS FORM: F-6) , PAGE 2

                                          STATION:  CORSICANA
                                          MONTH:    APRIL
                                          YEAR:     2014
                                          LATITUDE:   32  1 N
                                          LONGITUDE:  96 24 W

[TEMPERATURE DATA]      [PRECIPITATION DATA]       SYMBOLS USED IN COLUMN 16

AVERAGE MONTHLY: 63.6   TOTAL FOR MONTH:   0.83    1 = FOG OR MIST
DPTR FM NORMAL:  -0.2   DPTR FM NORMAL:   -0.81    2 = FOG REDUCING VISIBILITY
HIGHEST:    84 ON 10    GRTST 24HR  0.63 ON  6- 6      TO 1/4 MILE OR LESS
LOWEST:     34 ON 15                               3 = THUNDER
                        SNOW, ICE PELLETS, HAIL    4 = ICE PELLETS
                        TOTAL MONTH:   0.0 INCH    5 = HAIL
                        GRTST 24HR     0.0         6 = FREEZING RAIN OR DRIZZLE
                        GRTST DEPTH:   0           7 = DUSTSTORM OR SANDSTORM:
                                                       VSBY 1/2 MILE OR LESS
                                                   8 = SMOKE OR HAZE
[NO. OF DAYS WITH]      [WEATHER - DAYS WITH]      9 = BLOWING SNOW
                                                   X = TORNADO
MAX 32 OR BELOW:   0    0.01 INCH OR MORE:   4
MAX 90 OR ABOVE:   0    0.10 INCH OR MORE:   1
MIN 32 OR BELOW:   0    0.50 INCH OR MORE:   1
MIN  0 OR BELOW:   0    1.00 INCH OR MORE:   0

[HDD (BASE 65) ]
TOTAL THIS MO.    79    CLEAR  (SCALE 0-3)   8
DPTR FM NORMAL    21    PTCLDY (SCALE 4-7)   6
TOTAL FM JUL 1  2458    CLOUDY (SCALE 8-10)  2
DPTR FM NORMAL   391

[CDD (BASE 65) ]
TOTAL THIS MO.    60
DPTR FM NORMAL    21    [PRESSURE DATA]
TOTAL FM JAN 1    78    HIGHEST SLP M ON M
DPTR FM NORMAL    -5    LOWEST  SLP 29.51 ON 13

[REMARKS]
