000
CXUS54 KOUN 280700
CF6CSM
PRELIMINARY LOCAL CLIMATOLOGICAL DATA (WS FORM: F-6)

                                          STATION:   CLINTON
                                          MONTH:     AUGUST
                                          YEAR:      2016
                                          LATITUDE:   35 20 N
                                          LONGITUDE:  99 12 W

  TEMPERATURE IN F:       :PCPN:    SNOW:  WIND      :SUNSHINE: SKY     :PK WND
================================================================================
1   2   3   4   5  6A  6B    7    8   9   10  11  12  13   14  15   16   17  18
                                     12Z  AVG MX 2MIN
DY MAX MIN AVG DEP HDD CDD  WTR  SNW DPTH SPD SPD DIR MIN PSBL S-S WX    SPD DR
================================================================================

 1 102  79  91   8   0  26 0.00  0.0    0 17.5 28 200   M    M   0        42 190
 2 101  76  89   6   0  24 0.00  0.0    0 14.3 26 220   M    M   0        33 230
 3 104  73  89   6   0  24 0.00  0.0    0 10.7 18 160   M    M   0        24 180
 4 101  78  90   7   0  25 0.00  0.0    0 13.5 21 160   M    M   1        26 150
 5 100  73  87   4   0  22 0.59  0.0    0 10.0 24 240   M    M   2 13     30 240
 6 100  73  87   4   0  22 0.00  0.0    0  9.8 22 330   M    M   1 1      30 330
 7 103  73  88   5   0  23 0.05  0.0    0 10.1 29 300   M    M   1 3      33 310
 8  92  72  82  -1   0  17 0.05  0.0    0  8.2 26 240   M    M   3 3      34 250
 9  92  72  82   0   0  17 0.00  0.0    0  7.8 16 160   M    M   2        20 180
10 101  76  89   7   0  24 0.00  0.0    0 12.6 31 160   M    M   1 3      36 160
11 102  78  90   8   0  25 0.00  0.0    0 13.3 22 190   M    M   1        28 190
12  93  73  83   1   0  18    T  0.0    0 10.4 20 360   M    M   2        25 290
13  93  66  80  -2   0  15 0.00  0.0    0 13.0 26  40   M    M   0        31  30
14  90  64  77  -5   0  12 0.00  0.0    0  9.9 22  50   M    M   0        29  50
15  93  67  80  -2   0  15 0.00  0.0    0  5.9 23 110   M    M   0        26 100
16  95  65  80  -1   0  15 0.00  0.0    0  9.4 16 160   M    M   0        22 160
17  93  65  79  -2   0  14 0.00  0.0    0 10.1 16 170   M    M   0        23 150
18  93  70  82   1   0  17 0.00  0.0    0 11.3 21 180   M    M   4 12     26 190
19  95  67  81   0   0  16 0.34  0.0    0 14.6 31 250   M    M   3 3      41 260
20  85  66  76  -4   0  11 0.19  0.0    0 11.4 25  10   M    M   4 1      31  10
21  87  61  74  -6   0   9 0.00  0.0    0  6.9 13 110   M    M   0        19 170
22  90  59  75  -5   0  10 0.00  0.0    0 12.5 23 170   M    M   1        31 160
23  95  73  84   4   0  19 0.00  0.0    0 18.3 31 170   M    M   5 3      39 170
24  93  71  82   2   0  17 0.27  0.0    0 15.0 31 190   M    M   1 3      44 230
25  91  67  79   0   0  14 1.25  0.0    0  7.8 22 340   M    M   3 13     27 350
26  87  65  76  -3   0  11 0.14  0.0    0  5.0 33 260   M    M   2 1      45 260
27  91  69  80   1   0  15 0.00  0.0    0  8.7 26 330   M    M   1 3      33 320
================================================================================
SM 2562 1891         0 477  2.88     0.0 298.0          M       38
================================================================================
AV 94.9 70.0                              11.0 FASTST   M    M   1    MAX(MPH)
                                 MISC ---->  # 33 260               # 45  260
================================================================================
NOTES:
# LAST OF SEVERAL OCCURRENCES

COLUMN 17 PEAK WIND IN M.P.H.

PRELIMINARY LOCAL CLIMATOLOGICAL DATA (WS FORM: F-6) , PAGE 2

                                          STATION:  CLINTON
                                          MONTH:    AUGUST
                                          YEAR:     2016
                                          LATITUDE:   35 20 N
                                          LONGITUDE:  99 12 W

[TEMPERATURE DATA]      [PRECIPITATION DATA]       SYMBOLS USED IN COLUMN 16

AVERAGE MONTHLY: 82.5   TOTAL FOR MONTH:   2.88    1 = FOG OR MIST
DPTR FM NORMAL:   1.0   DPTR FM NORMAL:    0.18    2 = FOG REDUCING VISIBILITY
HIGHEST:   104 ON  3    GRTST 24HR  1.39 ON 25-26      TO 1/4 MILE OR LESS
LOWEST:     59 ON 22                               3 = THUNDER
                        SNOW, ICE PELLETS, HAIL    4 = ICE PELLETS
                        TOTAL MONTH:   0.0 INCH    5 = HAIL
                        GRTST 24HR     0.0         6 = FREEZING RAIN OR DRIZZLE
                        GRTST DEPTH:   0           7 = DUSTSTORM OR SANDSTORM:
                                                       VSBY 1/2 MILE OR LESS
                                                   8 = SMOKE OR HAZE
[NO. OF DAYS WITH]      [WEATHER - DAYS WITH]      9 = BLOWING SNOW
                                                   X = TORNADO
MAX 32 OR BELOW:   0    0.01 INCH OR MORE:   8
MAX 90 OR ABOVE:  24    0.10 INCH OR MORE:   6
MIN 32 OR BELOW:   0    0.50 INCH OR MORE:   2
MIN  0 OR BELOW:   0    1.00 INCH OR MORE:   1

[HDD (BASE 65) ]
TOTAL THIS MO.     0    CLEAR  (SCALE 0-3)  24
DPTR FM NORMAL     0    PTCLDY (SCALE 4-7)   3
TOTAL FM JUL 1     0    CLOUDY (SCALE 8-10)  0
DPTR FM NORMAL     0

[CDD (BASE 65) ]
TOTAL THIS MO.   477
DPTR FM NORMAL    33    [PRESSURE DATA]
TOTAL FM JAN 1  1781    HIGHEST SLP M ON M
DPTR FM NORMAL   198    LOWEST  SLP 29.70 ON 19

[REMARKS]
