000
CXUS54 KOUN 290800
CF6CSM
PRELIMINARY LOCAL CLIMATOLOGICAL DATA (WS FORM: F-6)

                                          STATION:   CLINTON
                                          MONTH:     JULY
                                          YEAR:      2015
                                          LATITUDE:   35 20 N
                                          LONGITUDE:  99 12 W

  TEMPERATURE IN F:       :PCPN:    SNOW:  WIND      :SUNSHINE: SKY     :PK WND
================================================================================
1   2   3   4   5  6A  6B    7    8   9   10  11  12  13   14  15   16   17  18
                                     12Z  AVG MX 2MIN
DY MAX MIN AVG DEP HDD CDD  WTR  SNW DPTH SPD SPD DIR MIN PSBL S-S WX    SPD DR
================================================================================

 1  97  72  85   4   0  20 0.00  0.0    0 17.4 25 210   M    M   0        34 220
 2  88  73  81   0   0  16 0.02  0.0    0 11.3 21 210   M    M   2 3      26 210
 3  94  70  82   0   0  17 0.09  0.0    0  7.1 37 360   M    M   3 13     46 350
 4  96  69  83   1   0  18 0.00  0.0    0  7.3 20 110   M    M   2        24 110
 5  97  73  85   3   0  20 0.00  0.0    0 16.8 26 160   M    M   1        33 160
 6  96  72  84   2   0  19 2.99  0.0    0 17.9 28 190   M    M   3 13     36 260
 7  73  63  68 -14   0   3 0.35  0.0    0 14.1 22  30   M    M   9 1      26  20
 8  73  61  67 -15   0   2 0.01  0.0    0  8.0 16 360   M    M   8 1      24  60
 9  84  67  76  -7   0  11 0.60  0.0    0  9.1 17 210   M    M   5 13     21 220
10  90  73  82  -1   0  17 0.00  0.0    0 17.2 26 190   M    M   2 8      32 190
11  94  75  85   2   0  20 0.00  0.0    0 17.7 25 200   M    M   0        31 210
12  98  73  86   3   0  21 0.00  0.0    0 18.0 26 210   M    M   0        31 200
13 102  75  89   6   0  24 0.00  0.0    0 15.1 23 200   M    M   0        27 200
14 103  73  88   5   0  23    T  0.0    0 11.9 20 170   M    M   0        24 170
15 100  70  85   2   0  20 0.00  0.0    0 12.5 22 170   M    M   0        28 150
16 100  74  87   3   0  22 0.00  0.0    0 16.9 30 210   M    M   0        37 220
17 101  75  88   4   0  23 0.00  0.0    0 17.4 25 190   M    M   0        33 170
18 102  74  88   4   0  23 0.00  0.0    0 18.6 28 210   M    M   0        32 220
19 101  74  88   4   0  23 0.00  0.0    0 13.6 24 180   M    M   0        28 180
20 100  73  87   3   0  22    T  0.0    0  7.3 18 300   M    M   1 3      24 310
21  82  71  77  -7   0  12 0.30  0.0    0 10.2 20  10   M    M   5 13     25  10
22  97  72  85   1   0  20 0.00  0.0    0  7.9 16 230   M    M   3 1      23 210
23 103  74  89   5   0  24 0.00  0.0    0 12.9 21 210   M    M   0        28 200
24 102  76  89   5   0  24 0.00  0.0    0 11.9 21 160   M    M   0        27 180
25 102  76  89   5   0  24 0.00  0.0    0 13.5 22 160   M    M   0        31 160
26 102  73  88   4   0  23 0.00  0.0    0 12.4 21 150   M    M   0        26 150
27 102  76  89   5   0  24 0.00  0.0    0 15.7 24 150   M    M   0        30 140
28 103  77  90   6   0  25 0.00  0.0    0 16.9 28 200   M    M   0        32 200
================================================================================
SM 2682 2024         0 540  4.36     0.0 376.6          M       44
================================================================================
AV 95.8 72.3                              13.4 FASTST   M    M   2    MAX(MPH)
                                 MISC ---->  # 37 360               # 46  350
================================================================================
NOTES:
# LAST OF SEVERAL OCCURRENCES

COLUMN 17 PEAK WIND IN M.P.H.

PRELIMINARY LOCAL CLIMATOLOGICAL DATA (WS FORM: F-6) , PAGE 2

                                          STATION:  CLINTON
                                          MONTH:    JULY
                                          YEAR:     2015
                                          LATITUDE:   35 20 N
                                          LONGITUDE:  99 12 W

[TEMPERATURE DATA]      [PRECIPITATION DATA]       SYMBOLS USED IN COLUMN 16

AVERAGE MONTHLY: 84.0   TOTAL FOR MONTH:   4.36    1 = FOG OR MIST
DPTR FM NORMAL:   0.9   DPTR FM NORMAL:    2.53    2 = FOG REDUCING VISIBILITY
HIGHEST:   103 ON 28,23 GRTST 24HR  3.27 ON  6- 7      TO 1/4 MILE OR LESS
LOWEST:     61 ON  8                               3 = THUNDER
                        SNOW, ICE PELLETS, HAIL    4 = ICE PELLETS
                        TOTAL MONTH:   0.0 INCH    5 = HAIL
                        GRTST 24HR     0.0         6 = FREEZING RAIN OR DRIZZLE
                        GRTST DEPTH:   0           7 = DUSTSTORM OR SANDSTORM:
                                                       VSBY 1/2 MILE OR LESS
                                                   8 = SMOKE OR HAZE
[NO. OF DAYS WITH]      [WEATHER - DAYS WITH]      9 = BLOWING SNOW
                                                   X = TORNADO
MAX 32 OR BELOW:   0    0.01 INCH OR MORE:   7
MAX 90 OR ABOVE:  23    0.10 INCH OR MORE:   4
MIN 32 OR BELOW:   0    0.50 INCH OR MORE:   2
MIN  0 OR BELOW:   0    1.00 INCH OR MORE:   1

[HDD (BASE 65) ]
TOTAL THIS MO.     0    CLEAR  (SCALE 0-3)  22
DPTR FM NORMAL     0    PTCLDY (SCALE 4-7)   5
TOTAL FM JUL 1     0    CLOUDY (SCALE 8-10)  1
DPTR FM NORMAL     0

[CDD (BASE 65) ]
TOTAL THIS MO.   540
DPTR FM NORMAL    34    [PRESSURE DATA]
TOTAL FM JAN 1  1134    HIGHEST SLP M ON M
DPTR FM NORMAL    48    LOWEST  SLP 29.72 ON 13

[REMARKS]
