000
CXUS56 KTFX 301205
CF6CTB
PRELIMINARY LOCAL CLIMATOLOGICAL DATA (WS FORM: F-6)

                                          STATION:   CUT BANK MT
                                          MONTH:     OCTOBER
                                          YEAR:      2014
                                          LATITUDE:   48 37 N
                                          LONGITUDE: 112 23 W

  TEMPERATURE IN F:       :PCPN:    SNOW:  WIND      :SUNSHINE: SKY     :PK WND
================================================================================
1   2   3   4   5  6A  6B    7    8   9   10  11  12  13   14  15   16   17  18
                                     12Z  AVG MX 2MIN
DY MAX MIN AVG DEP HDD CDD  WTR  SNW DPTH SPD SPD DIR MIN PSBL S-S WX    SPD DR
================================================================================

 1  59  37  48   0  17   0 0.00    M    0 17.3 36 250   M    M   2        43 250
 2  41  25  33 -15  32   0 0.15    M    2 13.7 28 350   M    M   6 1      31 340
 3  62  21  42  -6  23   0 0.00    M    0 11.7 28 260   M    M   0        35 250
 4  72  47  60  13   5   0 0.00    M    0 14.3 28 320   M    M   1        33 320
 5  72  44  58  11   7   0 0.00    M    0 11.9 23 260   M    M   0        28 260
 6  78  45  62  15   3   0 0.00    M    0 17.7 36 290   M    M   2        43 290
 7  68  37  53   7  12   0 0.00    M    0  7.8 17 140   M    M   1        21 150
 8  68  38  53   7  12   0 0.00    M    0  6.2 15  80   M    M   2        17  80
 9  62  41  52   6  13   0 0.00    M    0  6.2 15 140   M    M   2        20 120
10  72  34  53   8  12   0 0.00    M    0  9.1 25 260   M    M   0        31 250
11  67  44  56  11   9   0 0.01    M    0 16.6 32 250   M    M   3        37 250
12  60  38  49   5  16   0 0.00    M    0 14.4 29 240   M    M   4        35 260
13  62  42  52   8  13   0 0.00    M    0 14.0 31 250   M    M   0        38 250
14  75  48  62  18   3   0 0.00    M    0 15.7 39 260   M    M   1        45 250
15  69  34  52   9  13   0    T    M    0 13.2 38 250   M    M   3        50 250
16  60  33  47   4  18   0 0.00    M    0 11.9 25 260   M    M   1        30 250
17  64  24  44   1  21   0 0.00    M    0  6.7 20 150   M    M   0        25 140
18  67  49  58  16   7   0 0.00    M    0 16.2 29 260   M    M   0        36 240
19  75  39  57  15   8   0 0.00    M    0  6.2 16 260   M    M   0        20 260
20  78  35  57  16   8   0 0.00    M    0  7.6 24 240   M    M   0        30 260
21  60  41  51  10  14   0 0.11    M    0 13.2 28 250   M    M   6        34 250
22  59  42  51  10  14   0 0.00    M    0 18.5 43 250   M    M   1        50 250
23  63  45  54  14  11   0 0.00    M    0 16.5 40 250   M    M   2        51 250
24  56  42  49   9  16   0 0.00    M    0 19.9 44 250   M    M   1        54 250
25  54  38  46   7  19   0 0.00    M    0  8.1 17 290   M    M   3        23 290
26  54  34  44   5  21   0    T    M    0 26.5 49 230   M    M   3 1      57 230
27  38  24  31  -7  34   0 0.00    M    0  9.2 21 350   M    M   5        25 340
28  54  21  38   0  27   0 0.00    M    0 11.0 33 240   M    M   0        40 240
29  59  36  48  10  17   0 0.00    M    0 19.3 35 260   M    M   1        40 250
================================================================================
SM 1828 1078       425   0  0.27    M    380.6          M       50
================================================================================
AV 63.0 37.2                              13.1 FASTST   M    M   2    MAX(MPH)
                                 MISC ---->  # 49 230               # 57  230
================================================================================
NOTES:
# LAST OF SEVERAL OCCURRENCES

COLUMN 17 PEAK WIND IN M.P.H.

PRELIMINARY LOCAL CLIMATOLOGICAL DATA (WS FORM: F-6) , PAGE 2

                                          STATION:  CUT BANK MT
                                          MONTH:    OCTOBER
                                          YEAR:     2014
                                          LATITUDE:   48 37 N
                                          LONGITUDE: 112 23 W

[TEMPERATURE DATA]      [PRECIPITATION DATA]       SYMBOLS USED IN COLUMN 16

AVERAGE MONTHLY: 50.1   TOTAL FOR MONTH:   0.27    1 = FOG OR MIST
DPTR FM NORMAL:   6.9   DPTR FM NORMAL:   -0.15    2 = FOG REDUCING VISIBILITY
HIGHEST:    78 ON 20, 6 GRTST 24HR  0.43 ON 30- 1      TO 1/4 MILE OR LESS
LOWEST:     21 ON 28, 3                            3 = THUNDER
                        SNOW, ICE PELLETS, HAIL    4 = ICE PELLETS
                        TOTAL MONTH:    M          5 = HAIL
                        GRTST 24HR    M  ON   M    6 = FREEZING RAIN OR DRIZZLE
                        GRTST DEPTH:   2 ON  2     7 = DUSTSTORM OR SANDSTORM:
                                                       VSBY 1/2 MILE OR LESS
                                                   8 = SMOKE OR HAZE
[NO. OF DAYS WITH]      [WEATHER - DAYS WITH]      9 = BLOWING SNOW
                                                   X = TORNADO
MAX 32 OR BELOW:   0    0.01 INCH OR MORE:   3
MAX 90 OR ABOVE:   0    0.10 INCH OR MORE:   2
MIN 32 OR BELOW:   5    0.50 INCH OR MORE:   0
MIN  0 OR BELOW:   0    1.00 INCH OR MORE:   0

[HDD (BASE 65) ]
TOTAL THIS MO.   425    CLEAR  (SCALE 0-3)  25
DPTR FM NORMAL  -207    PTCLDY (SCALE 4-7)   4
TOTAL FM JUL 1   836    CLOUDY (SCALE 8-10)  0
DPTR FM NORMAL  -333

[CDD (BASE 65) ]
TOTAL THIS MO.     0
DPTR FM NORMAL     0    [PRESSURE DATA]
TOTAL FM JAN 1   208    HIGHEST SLP M ON M
DPTR FM NORMAL    47    LOWEST  SLP 29.52 ON 15

[REMARKS]
