000
CXUS54 KHGX 281415
CF6CXO
PRELIMINARY LOCAL CLIMATOLOGICAL DATA (WS FORM: F-6)

                                          STATION:   CONROE
                                          MONTH:     JULY
                                          YEAR:      2015
                                          LATITUDE:   30 21 N
                                          LONGITUDE:  95 25 W

  TEMPERATURE IN F:       :PCPN:    SNOW:  WIND      :SUNSHINE: SKY     :PK WND
================================================================================
1   2   3   4   5  6A  6B    7    8   9   10  11  12  13   14  15   16   17  18
                                     12Z  AVG MX 2MIN
DY MAX MIN AVG DEP HDD CDD  WTR  SNW DPTH SPD SPD DIR MIN PSBL S-S WX    SPD DR
================================================================================

 1  88  67  78  -4   0  13 0.28  0.0    0  5.0 29 190   M    M   2 13     35 200
 2  92  68  80  -2   0  15 0.00  0.0    0  6.4 16 170   M    M   4 12     21 170
 3  92  71  82   0   0  17    T  0.0    0  4.6 24 150   M    M   1 13     31 150
 4  91  74  83   1   0  18 0.86  0.0    0  4.8 30 180   M    M   2 13     43 170
 5  92  75  84   2   0  19 0.00  0.0    0  7.9 15 180   M    M   2 1      21 190
 6  93  76  85   3   0  20 0.00  0.0    0 10.5 21 160   M    M   3 1      25 160
 7  93  76  85   3   0  20 0.22  0.0    0  9.2 21 170   M    M   5 138    27 200
 8  93  76  85   3   0  20 0.00  0.0    0 11.1 20 170   M    M   4        25 200
 9  93  71  82   0   0  17 0.00  0.0    0  5.7 17 150   M    M   3 1      22 140
10  93  71  82   0   0  17    T  0.0    0  3.7 14 130   M    M   2 1      19 130
11  93  71  82   0   0  17 0.00  0.0    0  4.7 17 140   M    M   2        23 140
12  94  72  83   1   0  18 0.00  0.0    0  3.4 12 210   M    M   3        15 200
13  94  76  85   3   0  20 0.00  0.0    0  6.6 14 210   M    M   3        19 200
14  95  73  84   1   0  19 0.00  0.0    0  5.9 15 220   M    M   2 1      20 200
15  95  71  83   0   0  18 0.00  0.0    0  4.7 12 150   M    M   1        18 200
16  95  71  83   0   0  18 0.00  0.0    0  6.1 16 150   M    M   2        25 210
17  95  72  84   1   0  19 0.00  0.0    0  5.5 18 150   M    M   2        25 150
18  97  74  86   3   0  21 0.00  0.0    0  5.8 14 140   M    M   3        19 210
19  95  72  84   1   0  19 0.00  0.0    0  4.5 10 210   M    M   2        15 240
20  95  73  84   1   0  19 0.00  0.0    0  5.6 13 200   M    M   2 1      19 250
21  95  74  85   2   0  20 0.00  0.0    0  5.4 18 160   M    M   4 18     22 150
22  97  75  86   3   0  21    T  0.0    0  8.1 20 150   M    M   2        24 140
23  98  71  85   2   0  20 0.00  0.0    0  5.6 15 200   M    M   1        20 180
24  97  71  84   1   0  19 0.00  0.0    0  4.1 13 140   M    M   1        17 210
25  97  72  85   2   0  20 0.00  0.0    0  4.1 13 200   M    M   2        15 210
26  97  76  87   4   0  22 0.00  0.0    0  4.7 10 120   M    M   2 1      16 190
27  98  78  88   5   0  23 0.00  0.0    0  5.6 21 150   M    M   2 1      24 150
================================================================================
SM 2547 1967         0 509  1.36     0.0 159.3          M       64
================================================================================
AV 94.3 72.9                               5.9 FASTST   M    M   2    MAX(MPH)
                                 MISC ---->  # 30 180               # 43  170
================================================================================
NOTES:
# LAST OF SEVERAL OCCURRENCES

COLUMN 17 PEAK WIND IN M.P.H.

PRELIMINARY LOCAL CLIMATOLOGICAL DATA (WS FORM: F-6) , PAGE 2

                                          STATION:  CONROE
                                          MONTH:    JULY
                                          YEAR:     2015
                                          LATITUDE:   30 21 N
                                          LONGITUDE:  95 25 W

[TEMPERATURE DATA]      [PRECIPITATION DATA]       SYMBOLS USED IN COLUMN 16

AVERAGE MONTHLY: 83.6   TOTAL FOR MONTH:   1.36    1 = FOG OR MIST
DPTR FM NORMAL:   1.1   DPTR FM NORMAL:   -1.69    2 = FOG REDUCING VISIBILITY
HIGHEST:    98 ON 27,23 GRTST 24HR  0.86 ON  4- 4      TO 1/4 MILE OR LESS
LOWEST:     67 ON  1                               3 = THUNDER
                        SNOW, ICE PELLETS, HAIL    4 = ICE PELLETS
                        TOTAL MONTH:   0.0 INCH    5 = HAIL
                        GRTST 24HR     0.0         6 = FREEZING RAIN OR DRIZZLE
                        GRTST DEPTH:   0           7 = DUSTSTORM OR SANDSTORM:
                                                       VSBY 1/2 MILE OR LESS
                                                   8 = SMOKE OR HAZE
[NO. OF DAYS WITH]      [WEATHER - DAYS WITH]      9 = BLOWING SNOW
                                                   X = TORNADO
MAX 32 OR BELOW:   0    0.01 INCH OR MORE:   3
MAX 90 OR ABOVE:  26    0.10 INCH OR MORE:   3
MIN 32 OR BELOW:   0    0.50 INCH OR MORE:   1
MIN  0 OR BELOW:   0    1.00 INCH OR MORE:   0

[HDD (BASE 65) ]
TOTAL THIS MO.     0    CLEAR  (SCALE 0-3)  22
DPTR FM NORMAL     0    PTCLDY (SCALE 4-7)   5
TOTAL FM JUL 1     0    CLOUDY (SCALE 8-10)  0
DPTR FM NORMAL     0

[CDD (BASE 65) ]
TOTAL THIS MO.   509
DPTR FM NORMAL    35    [PRESSURE DATA]
TOTAL FM JAN 1  1506    HIGHEST SLP M ON M
DPTR FM NORMAL    96    LOWEST  SLP 29.82 ON 14

[REMARKS]
