000
CXUS55 KCYS 261000
CF6CYS
PRELIMINARY LOCAL CLIMATOLOGICAL DATA (WS FORM: F-6)

                                          STATION:   CHEYENNE WYOMING AIRPORT
                                          MONTH:     MAY
                                          YEAR:      2016
                                          LATITUDE:   41  9 N
                                          LONGITUDE: 104 49 W

  TEMPERATURE IN F:       :PCPN:    SNOW:  WIND      :SUNSHINE: SKY     :PK WND
================================================================================
1   2   3   4   5  6A  6B    7    8   9   10  11  12  13   14  15   16   17  18
                                     12Z  AVG MX 2MIN
DY MAX MIN AVG DEP HDD CDD  WTR  SNW DPTH SPD SPD DIR MIN PSBL S-S WX    SPD DR
================================================================================

 1  41  28  35 -13  30   0 0.01    T    1 10.5 21 360   M    M   6 1      26  10
 2  55  25  40  -8  25   0 0.00  0.0    0 12.4 26 330   M    M   0        36 320
 3  62  40  51   3  14   0 0.00  0.0    0 12.8 23 320   M    M   2        30 330
 4  73  39  56   7   9   0 0.00  0.0    0  7.7 17 290   M    M   0        29 310
 5  78  45  62  13   3   0 0.00  0.0    0  8.0 16 260   M    M   1        20 240
 6  78  44  61  12   4   0 0.11  0.0    0 12.2 31 160   M    M   2 13     39 190
 7  52  39  46  -4  19   0 0.84  0.0    0 14.4 29 270   M    M  10 1238   37 250
 8  56  40  48  -2  17   0 0.08  0.0    0 10.1 22 280   M    M   8 13     26 290
 9  64  36  50   0  15   0 0.08  0.0    0 11.1 28 270   M    M   5 3      36 280
10  59  38  49  -2  16   0 0.00  0.0    0 18.5 41 270   M    M   6        54 280
11  55  32  44  -7  21   0 0.00  0.0    0 10.7 25 310   M    M   5        33 320
12  66  30  48  -3  17   0 0.00  0.0    0  8.8 21 220   M    M   0        26 230
13  54  36  45  -7  20   0    T    T    0 12.2 24  10   M    M   5        30  10
14  43  33  38 -14  27   0    T  0.0    0  9.3 17 140   M    M  10 1      22 140
15  49  36  43  -9  22   0 0.05  0.0    0  9.8 20 130   M    M  10 1      23 130
16  41  33  37 -15  28   0 0.44  1.6    0  6.1 15  50   M    M  10 123    21  50
17  44  34  39 -14  26   0 0.05    T    T  9.4 17 160   M    M  10 12     20 140
18  62  40  51  -2  14   0 0.00  0.0    0 12.0 21 140   M    M   5 1      25 140
19  70  38  54   1  11   0 0.06  0.0    0  9.6 20 200   M    M   2 3      24 280
20  73  41  57   3   8   0 0.00  0.0    0 11.4 23 140   M    M   1        30 140
21  73  52  63   9   2   0 0.00  0.0    0 14.1 30 130   M    M   5 12     39 110
22  68  44  56   2   9   0 0.00  0.0    0 13.8 29 330   M    M   3        41 310
23  64  38  51  -4  14   0    T  0.0    0 12.0 24 210   M    M   1 3      32 200
24  68  39  54  -1  11   0 0.03  0.0    0 13.0 30 140   M    M   2        38 150
25  66  40  53  -2  12   0 0.04    M    0 10.4 25 260   M    M   4 3      31 270
================================================================================
SM 1514  940       394   0  1.79     1.6 280.3          M      113
================================================================================
AV 60.6 37.6                              11.2 FASTST   M    M   5    MAX(MPH)
                                 MISC ---->  # 41 270               # 54  280
================================================================================
NOTES:
# LAST OF SEVERAL OCCURRENCES

COLUMN 17 PEAK WIND IN M.P.H.

PRELIMINARY LOCAL CLIMATOLOGICAL DATA (WS FORM: F-6) , PAGE 2

                                          STATION:  CHEYENNE WYOMING AIRPORT
                                          MONTH:    MAY
                                          YEAR:     2016
                                          LATITUDE:   41  9 N
                                          LONGITUDE: 104 49 W

[TEMPERATURE DATA]      [PRECIPITATION DATA]       SYMBOLS USED IN COLUMN 16

AVERAGE MONTHLY: 49.1   TOTAL FOR MONTH:   1.79    1 = FOG OR MIST
DPTR FM NORMAL:  -2.4   DPTR FM NORMAL:   -0.03    2 = FOG REDUCING VISIBILITY
HIGHEST:    78 ON  6, 5 GRTST 24HR  0.95 ON  6- 7      TO 1/4 MILE OR LESS
LOWEST:     25 ON  2                               3 = THUNDER
                        SNOW, ICE PELLETS, HAIL    4 = ICE PELLETS
                        TOTAL MONTH:   1.6 INCHES  5 = HAIL
                        GRTST 24HR   1.6 ON   M    6 = FREEZING RAIN OR DRIZZLE
                        GRTST DEPTH:   1 ON  1     7 = DUSTSTORM OR SANDSTORM:
                                                       VSBY 1/2 MILE OR LESS
                                                   8 = SMOKE OR HAZE
[NO. OF DAYS WITH]      [WEATHER - DAYS WITH]      9 = BLOWING SNOW
                                                   X = TORNADO
MAX 32 OR BELOW:   0    0.01 INCH OR MORE:  11
MAX 90 OR ABOVE:   0    0.10 INCH OR MORE:   3
MIN 32 OR BELOW:   4    0.50 INCH OR MORE:   1
MIN  0 OR BELOW:   0    1.00 INCH OR MORE:   0

[HDD (BASE 65) ]
TOTAL THIS MO.   394    CLEAR  (SCALE 0-3)  11
DPTR FM NORMAL    57    PTCLDY (SCALE 4-7)   9
TOTAL FM JUL 1  6400    CLOUDY (SCALE 8-10)  5
DPTR FM NORMAL  -522

[CDD (BASE 65) ]
TOTAL THIS MO.     0
DPTR FM NORMAL     0    [PRESSURE DATA]
TOTAL FM JAN 1     0    HIGHEST SLP M ON M
DPTR FM NORMAL     0    LOWEST  SLP 29.46 ON  9

[REMARKS]
