000
CXUS55 KCYS 301000
CF6CYS
PRELIMINARY LOCAL CLIMATOLOGICAL DATA (WS FORM: F-6)

                                          STATION:   CHEYENNE WYOMING AIRPORT
                                          MONTH:     JULY
                                          YEAR:      2015
                                          LATITUDE:   41  9 N
                                          LONGITUDE: 104 49 W

  TEMPERATURE IN F:       :PCPN:    SNOW:  WIND      :SUNSHINE: SKY     :PK WND
================================================================================
1   2   3   4   5  6A  6B    7    8   9   10  11  12  13   14  15   16   17  18
                                     12Z  AVG MX 2MIN
DY MAX MIN AVG DEP HDD CDD  WTR  SNW DPTH SPD SPD DIR MIN PSBL S-S WX    SPD DR
================================================================================

 1  84  58  71   4   0   6 0.34  0.0    0  9.1 24  20   M    M   3 13     34  20
 2  80  54  67  -1   0   2 0.01  0.0    0  8.4 29  80   M    M   4 1      41  80
 3  81  55  68   0   0   3    T  0.0    0  6.1 25 300   M    M   2 3      45 170
 4  90  59  75   7   0  10 0.01  0.0    0  7.0 24 120   M    M   1 3      35 120
 5  89  58  74   6   0   9 0.39  0.0    0 11.9 26 280   M    M   3 13     32 280
 6  60  54  57 -11   8   0 0.11  0.0    0  9.2 16  30   M    M  10 18     20 360
 7  65  53  59 -10   6   0 0.04  0.0    0 10.3 20 180   M    M   8 18     24 180
 8  58  51  55 -14  10   0 0.32  0.0    0  6.5 17  20   M    M  10 1      22  10
 9  72  51  62  -7   3   0    T  0.0    0 11.3 20 220   M    M   5 1238   23 200
10  81  55  68  -1   0   3    T  0.0    0  9.8 24 280   M    M   3 13     30 270
11  82  52  67  -2   0   2 0.06  0.0    0  8.4 30 210   M    M   2 3      41 210
12  86  55  71   1   0   6 0.00  0.0    0 13.5 29 260   M    M   1        33 260
13  86  61  74   4   0   9 0.02  0.0    0 10.4 25 270   M    M   3 3      30 270
14  83  58  71   1   0   6    T  0.0    0  9.5 21 270   M    M   2        26 280
15  82  54  68  -2   0   3 0.12  0.0    0  7.2 32 290   M    M   4 13     43 300
16  83  52  68  -2   0   3 0.00  0.0    0  9.9 26 270   M    M   0 3      35 260
17  88  54  71   1   0   6    T  0.0    0 11.7 26 340   M    M   1        43 210
18  82  53  68  -2   0   3 0.00  0.0    0  8.5 22 260   M    M   1        31 220
19  81  51  66  -4   0   1 0.00  0.0    0  8.5 21 270   M    M   2        24 280
20  82  52  67  -3   0   2 0.00  0.0    0  9.1 18 140   M    M   2        23 140
21  73  57  65  -5   0   0 0.32  0.0    0  8.2 23  60   M    M   7 13     29  60
22  83  55  69  -1   0   4 0.01  0.0    0 10.2 21 230   M    M   2 3      27 240
23  89  55  72   2   0   7 0.00  0.0    0 11.9 29 280   M    M   1        36 280
24  89  57  73   3   0   8 0.00  0.0    0  9.0 22 200   M    M   0        29 210
25  87  58  73   3   0   8 0.06  0.0    0  7.9 16 330   M    M   2 3      22  20
26  91  55  73   3   0   8 0.00  0.0    0 10.5 23 170   M    M   0        29 170
27  92  56  74   4   0   9 0.00  0.0    0 12.8 31 310   M    M   0 3      40 310
28  82  54  68  -2   0   3 0.00  0.0    0 12.5 31 310   M    M   2        41 310
29  82  47  65  -5   0   0 0.00  0.0    0  7.9 21 150   M    M   1        27 180
================================================================================
SM 2363 1584        27 121  1.81     0.0 277.2          M       82
================================================================================
AV 81.5 54.6                               9.6 FASTST   M    M   3    MAX(MPH)
                                 MISC ---->  # 32 290               # 45  170
================================================================================
NOTES:
# LAST OF SEVERAL OCCURRENCES

COLUMN 17 PEAK WIND IN M.P.H.

PRELIMINARY LOCAL CLIMATOLOGICAL DATA (WS FORM: F-6) , PAGE 2

                                          STATION:  CHEYENNE WYOMING AIRPORT
                                          MONTH:    JULY
                                          YEAR:     2015
                                          LATITUDE:   41  9 N
                                          LONGITUDE: 104 49 W

[TEMPERATURE DATA]      [PRECIPITATION DATA]       SYMBOLS USED IN COLUMN 16

AVERAGE MONTHLY: 68.1   TOTAL FOR MONTH:   1.81    1 = FOG OR MIST
DPTR FM NORMAL:  -1.3   DPTR FM NORMAL:   -0.23    2 = FOG REDUCING VISIBILITY
HIGHEST:    92 ON 27    GRTST 24HR  0.48 ON  5- 6      TO 1/4 MILE OR LESS
LOWEST:     47 ON 29                               3 = THUNDER
                        SNOW, ICE PELLETS, HAIL    4 = ICE PELLETS
                        TOTAL MONTH:   0.0 INCH    5 = HAIL
                        GRTST 24HR     0.0         6 = FREEZING RAIN OR DRIZZLE
                        GRTST DEPTH:   0           7 = DUSTSTORM OR SANDSTORM:
                                                       VSBY 1/2 MILE OR LESS
                                                   8 = SMOKE OR HAZE
[NO. OF DAYS WITH]      [WEATHER - DAYS WITH]      9 = BLOWING SNOW
                                                   X = TORNADO
MAX 32 OR BELOW:   0    0.01 INCH OR MORE:  13
MAX 90 OR ABOVE:   3    0.10 INCH OR MORE:   6
MIN 32 OR BELOW:   0    0.50 INCH OR MORE:   0
MIN  0 OR BELOW:   0    1.00 INCH OR MORE:   0

[HDD (BASE 65) ]
TOTAL THIS MO.    27    CLEAR  (SCALE 0-3)  21
DPTR FM NORMAL    -2    PTCLDY (SCALE 4-7)   5
TOTAL FM JUL 1    27    CLOUDY (SCALE 8-10)  3
DPTR FM NORMAL    -2

[CDD (BASE 65) ]
TOTAL THIS MO.   121
DPTR FM NORMAL   -32    [PRESSURE DATA]
TOTAL FM JAN 1   183    HIGHEST SLP M ON M
DPTR FM NORMAL   -20    LOWEST  SLP 29.58 ON 27

[REMARKS]
