000
CXUS56 KSGX 261445
CF6CZZ

PRELIMINARY LOCAL CLIMATOLOGICAL DATA (WS FORM: F-6)

                                          STATION:   CAMPO ASOS CA
                                          MONTH:     NOVEMBER
                                          YEAR:      2014
                                          LATITUDE:   32 37 N
                                          LONGITUDE: 116 28 W

  TEMPERATURE IN F:       :PCPN:    SNOW:  WIND      :SUNSHINE: SKY     :PK WND
================================================================================
1   2   3   4   5  6A  6B    7    8   9   10  11  12  13   14  15   16   17  18
                                     12Z  AVG MX 2MIN
DY MAX MIN AVG DEP HDD CDD  WTR  SNW DPTH SPD SPD DIR MIN PSBL S-S WX    SPD DR
================================================================================

 1  61  48  55  -2  10   0 0.13    M    0 13.1 28 230   M    M   0        32 230
 2  60  37  49  -8  16   0 0.00  0.0    0  6.0 16 230   M    M   0        21 230
 3  68  31  50  -6  15   0 0.00  0.0    0  7.5 18  70   M    M   0        25  60
 4  67  36  52  -4  13   0 0.00  0.0    0 16.8 36  50   M    M   0        45  50
 5  73  50  62   6   3   0 0.00  0.0    0 15.9 29  60   M    M   0        35  40
 6  76  49  63   7   2   0 0.00  0.0    0 11.5 26  60   M    M   0        34  50
 7  80  40  60   5   5   0 0.00  0.0    0  7.5 23  70   M    M   0        26  80
 8  84  42  63   8   2   0 0.00  0.0    0  9.1 24  70   M    M   0        29  80
 9  84  42  63   8   2   0 0.00  0.0    0  6.2 17 230   M    M   0        24 220
10  73  38  56   1   9   0 0.00  0.0    0  7.3 17 240   M    M   0        22 210
11  64  47  56   2   9   0 0.00  0.0    0  7.0 20 220   M    M   0        23 220
12  65  42  54   0  11   0 0.00  0.0    0  7.8 18 240   M    M   0        21 240
13  68  45  57   3   8   0 0.00  0.0    0  5.6 18 210   M    M   0        21 220
14  66  44  55   1  10   0 0.01    M    0  8.1 18 220   M    M   0        30 240
15  67  45  56   3   9   0 0.00  0.0    0  8.6 21 220   M    M   0        26 220
16  60  40  50  -3  15   0 0.00  0.0    0 15.5 40  50   M    M   0        49  50
17  64  49  57   4   8   0 0.00  0.0    0 15.1 26  60   M    M   0        34  60
18  66  42  54   2  11   0 0.00  0.0    0 11.8 28  70   M    M   0        33  60
19  70  32  51  -1  14   0 0.00  0.0    0  6.9 20 230   M    M   0        25 220
20  67  30  49  -3  16   0 0.00  0.0    0  6.6 17 250   M    M   0        25 200
21  61  36  49  -3  16   0 0.12  0.0    0  7.1 18 220   M    M   0        25 220
22  68  34  51   0  14   0 0.00  0.0    0  7.6 20 250   M    M   0        24 250
23  64  33  49  -2  16   0 0.00  0.0    0 12.7 36  50   M    M   0        51  60
24  67  42  55   4  10   0 0.00  0.0    0 15.0 35  40   M    M   0        47  60
25  69  40  55   5  10   0 0.00  0.0    0 13.1 28  50   M    M   0        36  20
================================================================================
SM 1712 1014       254   0  0.26     0.0 249.4          M        0
================================================================================
AV 68.5 40.6                              10.0 FASTST   M    M   0    MAX(MPH)
                                 MISC ---->  # 40  50               # 51   60
================================================================================
NOTES:
# LAST OF SEVERAL OCCURRENCES

COLUMN 17 PEAK WIND IN M.P.H.

PRELIMINARY LOCAL CLIMATOLOGICAL DATA (WS FORM: F-6) , PAGE 2

                                          STATION:  CAMPO ASOS CA
                                          MONTH:    NOVEMBER
                                          YEAR:     2014
                                          LATITUDE:   32 37 N
                                          LONGITUDE: 116 28 W

[TEMPERATURE DATA]      [PRECIPITATION DATA]       SYMBOLS USED IN COLUMN 16

AVERAGE MONTHLY: 54.5   TOTAL FOR MONTH:   0.26    1 = FOG OR MIST
DPTR FM NORMAL:   0.8   DPTR FM NORMAL:   -0.60    2 = FOG REDUCING VISIBILITY
HIGHEST:    84 ON  9, 8 GRTST 24HR  0.13 ON  1- 1      TO 1/4 MILE OR LESS
LOWEST:     30 ON 20                               3 = THUNDER
                        SNOW, ICE PELLETS, HAIL    4 = ICE PELLETS
                        TOTAL MONTH:   0.0 INCH    5 = HAIL
                        GRTST 24HR     0.0         6 = FREEZING RAIN OR DRIZZLE
                        GRTST DEPTH:   0           7 = DUSTSTORM OR SANDSTORM:
                                                       VSBY 1/2 MILE OR LESS
                                                   8 = SMOKE OR HAZE
[NO. OF DAYS WITH]      [WEATHER - DAYS WITH]      9 = BLOWING SNOW
                                                   X = TORNADO
MAX 32 OR BELOW:   0    0.01 INCH OR MORE:   3
MAX 90 OR ABOVE:   0    0.10 INCH OR MORE:   2
MIN 32 OR BELOW:   3    0.50 INCH OR MORE:   0
MIN  0 OR BELOW:   0    1.00 INCH OR MORE:   0

[HDD (BASE 65) ]
TOTAL THIS MO.   254    CLEAR  (SCALE 0-3)  25
DPTR FM NORMAL   -30    PTCLDY (SCALE 4-7)   0
TOTAL FM JUL 1   342    CLOUDY (SCALE 8-10)  0
DPTR FM NORMAL  -152

[CDD (BASE 65) ]
TOTAL THIS MO.     0
DPTR FM NORMAL     0    [PRESSURE DATA]
TOTAL FM JAN 1   900    HIGHEST SLP M ON M
DPTR FM NORMAL    61    LOWEST  SLP 29.76 ON 10

[REMARKS]
