000
CXUS54 KFWD 180730
CF6DAL
PRELIMINARY LOCAL CLIMATOLOGICAL DATA (WS FORM: F-6)

                                          STATION:   DALLAS LOVE FIELD
                                          MONTH:     JANUARY
                                          YEAR:      2018
                                          LATITUDE:   32 50 N
                                          LONGITUDE:  96 51 W

  TEMPERATURE IN F:       :PCPN:    SNOW:  WIND      :SUNSHINE: SKY     :PK WND
================================================================================
1   2   3   4   5  6A  6B    7    8   9   10  11  12  13   14  15   16   17  18
                                     12Z  AVG MX 2MIN
DY MAX MIN AVG DEP HDD CDD  WTR  SNW DPTH SPD SPD DIR MIN PSBL S-S WX    SPD DR
================================================================================

 1  30  17  24 -22  41   0 0.00  0.0    0 10.2 17  20   M    M   5        23 360
 2  27  22  25 -21  40   0 0.00  0.0    0  7.3 13 360   M    M  10        20  30
 3  48  21  35 -11  30   0 0.00  0.0    0  4.9 15 350   M    M   1        21 350
 4  50  27  39  -7  26   0 0.00  0.0    0  3.4  8  40   M    M   6        13  70
 5  62  31  47   1  18   0 0.00  0.0    0  6.3 13 160   M    M   4        18 220
 6  64  37  51   5  14   0 0.00  0.0    0 11.5 22 150   M    M   5        27 150
 7  61  51  56  10   9   0 0.23  0.0    0 11.7 24 170   M    M  10 13     29 180
 8  60  42  51   4  14   0 0.00  0.0    0  9.0 17 320   M    M   2 1      26  10
 9  49  39  44  -3  21   0 0.00  0.0    0  8.9 18 140   M    M   7 128    22 140
10  59  46  53   6  12   0    T    M    0 15.2 24 140   M    M   8 18     28 140
11  63  31  47   0  18   0 0.00  0.0    0 17.8 32 320   M    M   5        45 320
12  43  23  33 -14  32   0 0.00  0.0    0 13.6 26 320   M    M   1        34 350
13  46  28  37 -10  28   0 0.00  0.0    0  8.4 16  10   M    M   2        21 350
14  55  31  43  -4  22   0 0.00  0.0    0  9.2 16 180   M    M   3        20 190
15  56  29  43  -4  22   0    T    T    0 12.7 31  10   M    M   5 4      39  20
16  29  18  24 -23  41   0    T    T    0 15.4 26  10   M    M   4        34  10
17  36  15  26 -21  39   0 0.00  0.0    0  3.5  8 170   M    M   0        12 360
================================================================================
SM  838  508       427   0  0.23    T    169.0          M       78
================================================================================
AV 49.3 29.9                               9.9 FASTST   M    M   5    MAX(MPH)
                                 MISC ---->  # 32 320               # 45  320
================================================================================
NOTES:
# LAST OF SEVERAL OCCURRENCES

COLUMN 17 PEAK WIND IN M.P.H.

PRELIMINARY LOCAL CLIMATOLOGICAL DATA (WS FORM: F-6) , PAGE 2

                                          STATION:  DALLAS LOVE FIELD
                                          MONTH:    JANUARY
                                          YEAR:     2018
                                          LATITUDE:   32 50 N
                                          LONGITUDE:  96 51 W

[TEMPERATURE DATA]      [PRECIPITATION DATA]       SYMBOLS USED IN COLUMN 16

AVERAGE MONTHLY: 39.6   TOTAL FOR MONTH:   0.23    1 = FOG OR MIST
DPTR FM NORMAL:  -7.0   DPTR FM NORMAL:   -0.80    2 = FOG REDUCING VISIBILITY
HIGHEST:    64 ON  6    GRTST 24HR  0.23 ON  7- 7      TO 1/4 MILE OR LESS
LOWEST:     15 ON 17                               3 = THUNDER
                        SNOW, ICE PELLETS, HAIL    4 = ICE PELLETS
                        TOTAL MONTH:    T          5 = HAIL
                        GRTST 24HR    T  ON 16-16  6 = FREEZING RAIN OR DRIZZLE
                        GRTST DEPTH:   0           7 = DUSTSTORM OR SANDSTORM:
                                                       VSBY 1/2 MILE OR LESS
                                                   8 = SMOKE OR HAZE
[NO. OF DAYS WITH]      [WEATHER - DAYS WITH]      9 = BLOWING SNOW
                                                   X = TORNADO
MAX 32 OR BELOW:   3    0.01 INCH OR MORE:   1
MAX 90 OR ABOVE:   0    0.10 INCH OR MORE:   1
MIN 32 OR BELOW:  12    0.50 INCH OR MORE:   0
MIN  0 OR BELOW:   0    1.00 INCH OR MORE:   0

[HDD (BASE 65) ]
TOTAL THIS MO.   427    CLEAR  (SCALE 0-3)   5
DPTR FM NORMAL   112    PTCLDY (SCALE 4-7)  10
TOTAL FM JUL 1  1107    CLOUDY (SCALE 8-10)  2
DPTR FM NORMAL   -66

[CDD (BASE 65) ]
TOTAL THIS MO.     0
DPTR FM NORMAL     0    [PRESSURE DATA]
TOTAL FM JAN 1     0    HIGHEST SLP M ON M
DPTR FM NORMAL     0    LOWEST  SLP 29.64 ON 11

[REMARKS]
