000
CXUS55 KDVN 011100
CF6DBQ
PRELIMINARY LOCAL CLIMATOLOGICAL DATA (WS FORM: F-6)

                                          STATION:   DUBUQUE IA
                                          MONTH:     FEBRUARY
                                          YEAR:      2017
                                          LATITUDE:   42 24 N
                                          LONGITUDE:  90 42 W

  TEMPERATURE IN F:       :PCPN:    SNOW:  WIND      :SUNSHINE: SKY     :PK WND
================================================================================
1   2   3   4   5  6A  6B    7    8   9   10  11  12  13   14  15   16   17  18
                                     12Z  AVG MX 2MIN
DY MAX MIN AVG DEP HDD CDD  WTR  SNW DPTH SPD SPD DIR MIN PSBL S-S WX    SPD DR
================================================================================

 1  33  15  24   4  41   0 0.00  0.0    T 14.7 22 310   M    M   1        29 310
 2  19  11  15  -5  50   0 0.00  0.0    T 13.2 21 290   M    M   1        28 300
 3  24  10  17  -3  48   0 0.00  0.0    T 10.3 20 290   M    M   1        25 300
 4  31   9  20  -1  45   0 0.00  0.0    T 14.6 30 200   M    M   4        35 200
 5  34  19  27   6  38   0 0.00  0.0    T  6.9 17 280   M    M   3        21 320
 6  48  19  34  13  31   0 0.00  0.0    T  6.7 13 150   M    M   0 12     16 150
 7  40  25  33  12  32   0 0.99    T    T 13.7 29 300   M    M  10 1235   35 300
 8  25  12  19  -3  46   0    T    T    T 14.2 22 330   M    M   6 8      26  20
 9  22   8  15  -7  50   0 0.00  0.0    T 11.9 21 340   M    M   1        26 330
10  46  17  32  10  33   0 0.00  0.0    T 13.6 26 190   M    M   2        30 200
11  46  35  41  19  24   0 0.00  0.0    0  8.1 18  20   M    M   4        21  20
12  40  27  34  11  31   0    T  0.0    0 14.1 35 310   M    M   4        43 330
13  45  21  33  10  32   0 0.00  0.0    0 10.3 22 210   M    M   0        26 220
14  45  29  37  14  28   0 0.00  0.0    0 15.1 25 310   M    M   1        31 270
15  37  23  30   6  35   0 0.00  0.0    0 11.3 22 360   M    M   0        27 360
16  40  22  31   7  34   0 0.00  0.0    0  8.0 20 150   M    M   0        25 160
17  65  28  47  23  18   0 0.00  0.0    0  9.4 21 200   M    M   0        26 210
18  64  32  48  23  17   0 0.00  0.0    0  4.5 15 330   M    M   0        18 330
19  64  31  48  23  17   0 0.00  0.0    0  6.7 16 150   M    M   0 1      20 150
20  59  46  53  28  12   0 0.26  0.0    0 13.2 23 160   M    M   7 128    30 160
21  61  38  50  24  15   0 0.00  0.0    0  6.4 14 290   M    M   1 12     17 300
22  71  42  57  31   8   0 0.00  0.0    0 15.2 25 210   M    M   2 12     30 210
23  48  34  41  15  24   0 0.25  0.0    0 14.9 28  50   M    M   7 13     35  40
24  34  22  28   1  37   0 0.18  1.0    0 18.3 29  60   M    M  10 136    37  40
25  26  15  21  -6  44   0 0.01  0.4    1 14.3 24 330   M    M   5 1      31 340
26  43  23  33   5  32   0 0.00  0.0    1 13.8 26 260   M    M   3        33 260
27  50  22  36   8  29   0 0.03  0.0    0  8.5 20 170   M    M   4 1      23 170
28  61  42  52  24  13   0 0.08  0.0    0 10.2 25  20   M    M   6 123    28  20
================================================================================
SM 1221  677       864   0  1.80     1.4 322.1          M       83
================================================================================
AV 43.6 24.2                              11.5 FASTST   M    M   3    MAX(MPH)
                                 MISC ---->  # 35 310               # 43  330
================================================================================
NOTES:
# LAST OF SEVERAL OCCURRENCES

COLUMN 17 PEAK WIND IN M.P.H.

PRELIMINARY LOCAL CLIMATOLOGICAL DATA (WS FORM: F-6) , PAGE 2

                                          STATION:  DUBUQUE IA
                                          MONTH:    FEBRUARY
                                          YEAR:     2017
                                          LATITUDE:   42 24 N
                                          LONGITUDE:  90 42 W

[TEMPERATURE DATA]      [PRECIPITATION DATA]       SYMBOLS USED IN COLUMN 16

AVERAGE MONTHLY: 33.9   TOTAL FOR MONTH:   1.80    1 = FOG OR MIST
DPTR FM NORMAL:  10.2   DPTR FM NORMAL:    0.36    2 = FOG REDUCING VISIBILITY
HIGHEST:    71 ON 22    GRTST 24HR  0.99 ON  7- 7      TO 1/4 MILE OR LESS
LOWEST:      8 ON  9                               3 = THUNDER
                        SNOW, ICE PELLETS, HAIL    4 = ICE PELLETS
                        TOTAL MONTH:   1.4 INCHES  5 = HAIL
                        GRTST 24HR   1.0 ON 24-24  6 = FREEZING RAIN OR DRIZZLE
                        GRTST DEPTH:   1 ON 26,25  7 = DUSTSTORM OR SANDSTORM:
                                                       VSBY 1/2 MILE OR LESS
                                                   8 = SMOKE OR HAZE
[NO. OF DAYS WITH]      [WEATHER - DAYS WITH]      9 = BLOWING SNOW
                                                   X = TORNADO
MAX 32 OR BELOW:   6    0.01 INCH OR MORE:   7
MAX 90 OR ABOVE:   0    0.10 INCH OR MORE:   4
MIN 32 OR BELOW:  22    0.50 INCH OR MORE:   1
MIN  0 OR BELOW:   0    1.00 INCH OR MORE:   0

[HDD (BASE 65) ]
TOTAL THIS MO.   864    CLEAR  (SCALE 0-3)  17
DPTR FM NORMAL  -292    PTCLDY (SCALE 4-7)   9
TOTAL FM JUL 1  4481    CLOUDY (SCALE 8-10)  2
DPTR FM NORMAL  -912

[CDD (BASE 65) ]
TOTAL THIS MO.     0
DPTR FM NORMAL     0    [PRESSURE DATA]
TOTAL FM JAN 1     0    HIGHEST SLP 30.56 ON  3
DPTR FM NORMAL     0    LOWEST  SLP 29.40 ON  7

[REMARKS]
#FINAL-02-17#
