000
CXUS54 KHUN 291015
CF6DCU
PRELIMINARY LOCAL CLIMATOLOGICAL DATA (WS FORM: F-6)

                                          STATION:   DECATUR
                                          MONTH:     APRIL
                                          YEAR:      2017
                                          LATITUDE:   34 39 N
                                          LONGITUDE:  86 56 W

  TEMPERATURE IN F:       :PCPN:    SNOW:  WIND      :SUNSHINE: SKY     :PK WND
================================================================================
1   2   3   4   5  6A  6B    7    8   9   10  11  12  13   14  15   16   17  18
                                     12Z  AVG MX 2MIN
DY MAX MIN AVG DEP HDD CDD  WTR  SNW DPTH SPD SPD DIR MIN PSBL S-S WX    SPD DR
================================================================================

 1  71  45  58   1   7   0 0.00  0.0    0  6.5 13 360   M    M   0        17  10
 2  81  43  62   5   3   0 0.00  0.0    0  6.1 18 280   M    M   0        24 290
 3  72  59  66   9   0   1 1.64  0.0    0 10.2 23 200   M    M   6 13     34 220
 4  79  54  67   9   0   2 0.00  0.0    0  3.6 12 300   M    M   0        16 300
 5  82  51  67   9   0   2    T  0.0    0 14.5 33 260   M    M   5 1      45 260
 6  61  45  53  -5  12   0 0.01  0.0    0 15.7 30 290   M    M   8        41 290
 7  66  41  54  -4  11   0 0.00  0.0    0  8.8 20 300   M    M   0        26 320
 8  69  35  52  -7  13   0 0.00  0.0    0  3.4 12 240   M    M   0        14 250
 9  75  41  58  -1   7   0 0.00  0.0    0  7.2 18 170   M    M   0        22 200
10  76  50  63   4   2   0 0.00  0.0    0  8.9 22 190   M    M   0        26 200
11  79  51  65   6   0   0 0.00  0.0    0  4.7 16 210   M    M   3 8      20 210
12  82  55  69   9   0   4 0.00  0.0    0  5.7 13 350   M    M   2        17 350
13  85  51  68   8   0   3 0.00  0.0    0  1.5  9 220   M    M   0        13 220
14  85  53  69   9   0   4 0.00  0.0    0  4.3 15 170   M    M   0        18 180
15  80  54  67   7   0   2 0.00  0.0    0  7.2 17 200   M    M   1        24 180
16  81  59  70   9   0   5 0.00  0.0    0  7.3 21 200   M    M   3        25 200
17  80  60  70   9   0   5 0.45  0.0    0  4.6 31 160   M    M   7 13     39 170
18  80  63  72  11   0   7    T  0.0    0  4.8 17 190   M    M   4        21 190
19  81  62  72  10   0   7    T  0.0    0  5.2 14 140   M    M   2 3      18 130
20  85  60  73  11   0   8    T  0.0    0  5.1 15 250   M    M   2 1      18 250
21  83  62  73  11   0   8 0.08  0.0    0  5.8 20 210   M    M   5 13     25 200
22  78  59  69   7   0   4 0.68  0.0    0  8.7 22 200   M    M   7 13     25 190
23  59  49  54  -9  11   0    T  0.0    0  8.5 17 330   M    M  10 1      20 320
24  68  52  60  -3   5   0    T  0.0    0  5.3 15 350   M    M   9 1      18 350
25  79  48  64   1   1   0 0.00  0.0    0  3.1  8 180   M    M   2 12     12 260
26  79  56  68   4   0   3    T  0.0    0 11.5 22 170   M    M   1        28 180
27  73  54  64   0   1   0 0.45  0.0    0  7.7 18 290   M    M   4 3      22 270
28  82  55  69   5   0   4 0.00  0.0    0 10.3 22 180   M    M   4        30 190
================================================================================
SM 2151 1467        73  69  3.31     0.0 196.2          M       85
================================================================================
AV 76.8 52.4                               7.0 FASTST   M    M   3    MAX(MPH)
                                 MISC ---->  # 33 260               # 45  260
================================================================================
NOTES:
# LAST OF SEVERAL OCCURRENCES

COLUMN 17 PEAK WIND IN M.P.H.

PRELIMINARY LOCAL CLIMATOLOGICAL DATA (WS FORM: F-6) , PAGE 2

                                          STATION:  DECATUR
                                          MONTH:    APRIL
                                          YEAR:     2017
                                          LATITUDE:   34 39 N
                                          LONGITUDE:  86 56 W

[TEMPERATURE DATA]      [PRECIPITATION DATA]       SYMBOLS USED IN COLUMN 16

AVERAGE MONTHLY: 64.6   TOTAL FOR MONTH:   3.31    1 = FOG OR MIST
DPTR FM NORMAL:   4.2   DPTR FM NORMAL:   -0.88    2 = FOG REDUCING VISIBILITY
HIGHEST:    85 ON 20,14 GRTST 24HR  1.64 ON  3- 3      TO 1/4 MILE OR LESS
LOWEST:     35 ON  8                               3 = THUNDER
                        SNOW, ICE PELLETS, HAIL    4 = ICE PELLETS
                        TOTAL MONTH:   0.0 INCH    5 = HAIL
                        GRTST 24HR     0.0         6 = FREEZING RAIN OR DRIZZLE
                        GRTST DEPTH:   0           7 = DUSTSTORM OR SANDSTORM:
                                                       VSBY 1/2 MILE OR LESS
                                                   8 = SMOKE OR HAZE
[NO. OF DAYS WITH]      [WEATHER - DAYS WITH]      9 = BLOWING SNOW
                                                   X = TORNADO
MAX 32 OR BELOW:   0    0.01 INCH OR MORE:   6
MAX 90 OR ABOVE:   0    0.10 INCH OR MORE:   4
MIN 32 OR BELOW:   0    0.50 INCH OR MORE:   2
MIN  0 OR BELOW:   0    1.00 INCH OR MORE:   1

[HDD (BASE 65) ]
TOTAL THIS MO.    73    CLEAR  (SCALE 0-3)  15
DPTR FM NORMAL   -98    PTCLDY (SCALE 4-7)  11
TOTAL FM JUL 1  2136    CLOUDY (SCALE 8-10)  2
DPTR FM NORMAL -1050

[CDD (BASE 65) ]
TOTAL THIS MO.    69
DPTR FM NORMAL    24    [PRESSURE DATA]
TOTAL FM JAN 1    80    HIGHEST SLP M ON M
DPTR FM NORMAL    27    LOWEST  SLP 29.51 ON  5

[REMARKS]
