000
CXUS55 KALY 210710
CF6DDH
PRELIMINARY LOCAL CLIMATOLOGICAL DATA (WS FORM: F-6)

                                          STATION:   BENNINGTON VT
                                          MONTH:     JANUARY
                                          YEAR:      2018
                                          LATITUDE:   42 53 N
                                          LONGITUDE:  73 15 W

  TEMPERATURE IN F:       :PCPN:    SNOW:  WIND      :SUNSHINE: SKY     :PK WND
================================================================================
1   2   3   4   5  6A  6B    7    8   9   10  11  12  13   14  15   16   17  18
                                     12Z  AVG MX 2MIN
DY MAX MIN AVG DEP HDD CDD  WTR  SNW DPTH SPD SPD DIR MIN PSBL S-S WX    SPD DR
================================================================================

 1   5 -18  -6 -28  71   0    T    M    M  2.5  8 310   M    M   1        11 330
 2  19 -12   4 -18  61   0    T    M    M  3.1 10 300   M    M   5        17 240
 3  26   1  14  -8  51   0 0.00    M    M  2.2 10 190   M    M   2        13 200
 4  18   9  14  -8  51   0 0.29    M    M  7.4 21 330   M    M   9 12     32 320
 5  15  -2   7 -14  58   0    T    M    M 12.1 24 280   M    M  10 89     36 260
 6   4 -10  -3 -24  68   0 0.00    M    M  9.2 20 260   M    M   2        30 270
 7  14 -23  -4 -25  69   0    T    M    M  0.9  7 360   M    M   2 8       8 320
 8  31  13  22   1  43   0 0.02    M    M  1.9 14 250   M    M  10 1      18 280
 9  36  22  29   8  36   0    T    M    M  8.2 21 270   M    M   9        29 280
10  38   5  22   1  43   0 0.00    M    M  3.0 16 210   M    M   2        23 210
11  54  37  46  25  19   0 0.00    M    M  5.8 23 180   M    M   6        29 190
12  65  43  54  33  11   0 0.79    M    M 15.2 31 160   M    M  10 1      41 160
13  42   9  26   5  39   0 0.50    M    M  8.8 23 340   M    M  10 16     32 350
14  12   0   6 -15  59   0 0.00    M    M  4.6 12 270   M    M   4 8      14 280
15  23  -1  11 -10  54   0 0.00    M    M  0.8  7 280   M    M   3         9 140
16  29  13  21   0  44   0 0.16    M    M  1.2  7 200   M    M  10 18      9 350
17  29   3  16  -5  49   0 0.21    M    M  2.3 12 270   M    M   9 18     15 280
18  21  -3   9 -12  56   0 0.00    M    M  2.5  8 270   M    M   6 18      M  M
19  28  16  22   1  43   0 0.00    M    M  1.9  8 290   M    M   8 18     13 240
20  44  16  30   9  35   0 0.00    M    M  4.2 17 270   M    M   0 18     23 260
================================================================================
SM  553  118       960   0  1.97    M     97.8          M      118
================================================================================
AV 27.7  5.9                               4.9 FASTST   M    M   6    MAX(MPH)
                                 MISC ---->  # 31 160               # 41  160
================================================================================
NOTES:
# LAST OF SEVERAL OCCURRENCES

COLUMN 17 PEAK WIND IN M.P.H.

PRELIMINARY LOCAL CLIMATOLOGICAL DATA (WS FORM: F-6) , PAGE 2

                                          STATION:  BENNINGTON VT
                                          MONTH:    JANUARY
                                          YEAR:     2018
                                          LATITUDE:   42 53 N
                                          LONGITUDE:  73 15 W

[TEMPERATURE DATA]      [PRECIPITATION DATA]       SYMBOLS USED IN COLUMN 16

AVERAGE MONTHLY: 16.8   TOTAL FOR MONTH:   1.97    1 = FOG OR MIST
DPTR FM NORMAL:  -4.4   DPTR FM NORMAL:    0.05    2 = FOG REDUCING VISIBILITY
HIGHEST:    65 ON 12    GRTST 24HR  0.79 ON 12-12      TO 1/4 MILE OR LESS
LOWEST:    -23 ON  7                               3 = THUNDER
                        SNOW, ICE PELLETS, HAIL    4 = ICE PELLETS
                        TOTAL MONTH:    M          5 = HAIL
                        GRTST 24HR    M  ON   M    6 = FREEZING RAIN OR DRIZZLE
                        GRTST DEPTH:  M  ON   M    7 = DUSTSTORM OR SANDSTORM:
                                                       VSBY 1/2 MILE OR LESS
                                                   8 = SMOKE OR HAZE
[NO. OF DAYS WITH]      [WEATHER - DAYS WITH]      9 = BLOWING SNOW
                                                   X = TORNADO
MAX 32 OR BELOW:  14    0.01 INCH OR MORE:   6
MAX 90 OR ABOVE:   0    0.10 INCH OR MORE:   5
MIN 32 OR BELOW:  18    0.50 INCH OR MORE:   2
MIN  0 OR BELOW:   8    1.00 INCH OR MORE:   0

[HDD (BASE 65) ]
TOTAL THIS MO.   960    CLEAR  (SCALE 0-3)   7
DPTR FM NORMAL    84    PTCLDY (SCALE 4-7)   5
TOTAL FM JUL 1  3520    CLOUDY (SCALE 8-10)  8
DPTR FM NORMAL  -128

[CDD (BASE 65) ]
TOTAL THIS MO.     0
DPTR FM NORMAL     0    [PRESSURE DATA]
TOTAL FM JAN 1     0    HIGHEST SLP M ON M
DPTR FM NORMAL     0    LOWEST  SLP 29.40 ON  4

[REMARKS]
