000
CXUS53 KILX 012300
CF6DEC
PRELIMINARY LOCAL CLIMATOLOGICAL DATA (WS FORM: F-6)

                                          STATION:   DECATUR IL AIRPORT
                                          MONTH:     APRIL
                                          YEAR:      2016
                                          LATITUDE:   39 49 N
                                          LONGITUDE:  88 51 W

  TEMPERATURE IN F:       :PCPN:    SNOW:  WIND      :SUNSHINE: SKY     :PK WND
================================================================================
1   2   3   4   5  6A  6B    7    8   9   10  11  12  13   14  15   16   17  18
                                     12Z  AVG MX 2MIN
DY MAX MIN AVG DEP HDD CDD  WTR  SNW DPTH SPD SPD DIR MIN PSBL S-S WX    SPD DR
================================================================================

 1  54  40  47  -1  18   0 0.00    M    M 12.6 25 270   M    M   7        32 270
 2  53  34  44  -4  21   0 0.00    M    M 17.5 40 290   M    M   1        56 280
 3  70  27  49   1  16   0 0.00    M    M 17.7 33 210   M    M   0        42 220
 4  61  28  45  -4  20   0 0.00    M    M 12.6 22  40   M    M   4        29 340
 5  52  22  37 -12  28   0 0.00    M    M 12.9 28 170   M    M   0        38 160
 6  54  47  51   2  14   0 0.93    M    M 15.0 28 170   M    M   7 1      36 170
 7  50  38  44  -6  21   0 0.03    M    M 13.8 28 310   M    M   8 18     38 320
 8  47  33  40 -10  25   0 0.01    M    M 15.1 28 280   M    M   8        37 300
 9  43  27  35 -15  30   0 0.00    M    M  9.9 18 360   M    M   2        24  10
10  53  39  46  -5  19   0 0.49    M    M 13.5 25 190   M    M   9 13     35 190
11  53  41  47  -4  18   0 0.20    M    M 10.9 22 320   M    M   5 13     29 330
12  54  33  44  -8  21   0 0.00    M    M  7.0 15  50   M    M   0        20  30
13  62  30  46  -6  19   0 0.00    M    M  7.1 16 150   M    M   0        21  80
14  69  34  52   0  13   0 0.00    M    M  8.3 17 110   M    M   0        23 110
15  76  42  59   6   6   0 0.00    M    M  9.6 20 140   M    M   0        25 140
16  78  46  62   9   3   0 0.00    M    M  6.1 16 150   M    M   0        22 130
17  80  45  63  10   2   0 0.00    M    M  5.2 16 140   M    M   0        21 150
18  82  48  65  11   0   0 0.00    M    M  5.6 18 180   M    M   0 8      22 200
19  77  52  65  11   0   0 0.00    M    M  5.7 14 150   M    M   2        17 190
20  71  48  60   6   5   0 0.40    M    M  9.1 23 170   M    M   8 1      30 170
21  71  52  62   7   3   0 0.10    M    M  6.2 21 270   M    M   7 123    29 270
22  71  45  58   3   7   0 0.02    M    M  9.8 21  10   M    M   5 18     24  10
23  67  39  53  -3  12   0 0.00    M    M  6.1 14 150   M    M   1 1      16 150
24  79  45  62   6   3   0 0.00    M    M 11.5 21 210   M    M   0 18     27 230
25  82  61  72  16   0   7 0.03    M    M 14.9 26 210   M    M   3 3      31 210
26  77  50  64   7   1   0 0.05    M    M  8.6 22  20   M    M   4 13     28  60
27  65  50  58   1   7   0 0.20    M    M 13.7 24  90   M    M   9 138    27 100
28  71  51  61   4   4   0 0.04    M    M  9.7 20 270   M    M   4 13     26 260
29  61  49  55  -3  10   0 0.00    M    M  8.1 17  70   M    M   6 8      23  70
30  65  50  58   0   7   0 0.83    M    M 11.9 24 120   M    M   9 128    30 120
================================================================================
SM 1948 1246       353   7  3.33    M    315.7          M      109
================================================================================
AV 64.9 41.5                              10.5 FASTST   M    M   4    MAX(MPH)
                                 MISC ---->  # 40 290               # 56  280
================================================================================
NOTES:
# LAST OF SEVERAL OCCURRENCES

COLUMN 17 PEAK WIND IN M.P.H.

PRELIMINARY LOCAL CLIMATOLOGICAL DATA (WS FORM: F-6) , PAGE 2

                                          STATION:  DECATUR IL AIRPORT
                                          MONTH:    APRIL
                                          YEAR:     2016
                                          LATITUDE:   39 49 N
                                          LONGITUDE:  88 51 W

[TEMPERATURE DATA]      [PRECIPITATION DATA]       SYMBOLS USED IN COLUMN 16

AVERAGE MONTHLY: 53.2   TOTAL FOR MONTH:   3.33    1 = FOG OR MIST
DPTR FM NORMAL:   0.4   DPTR FM NORMAL:   -0.47    2 = FOG REDUCING VISIBILITY
HIGHEST:    82 ON 25,18 GRTST 24HR  0.96 ON  6- 7      TO 1/4 MILE OR LESS
LOWEST:     22 ON  5                               3 = THUNDER
                        SNOW, ICE PELLETS, HAIL    4 = ICE PELLETS
                        TOTAL MONTH:    M          5 = HAIL
                        GRTST 24HR    M  ON   M    6 = FREEZING RAIN OR DRIZZLE
                        GRTST DEPTH:  M  ON   M    7 = DUSTSTORM OR SANDSTORM:
                                                       VSBY 1/2 MILE OR LESS
                                                   8 = SMOKE OR HAZE
[NO. OF DAYS WITH]      [WEATHER - DAYS WITH]      9 = BLOWING SNOW
                                                   X = TORNADO
MAX 32 OR BELOW:   0    0.01 INCH OR MORE:  13
MAX 90 OR ABOVE:   0    0.10 INCH OR MORE:   7
MIN 32 OR BELOW:   5    0.50 INCH OR MORE:   2
MIN  0 OR BELOW:   0    1.00 INCH OR MORE:   0

[HDD (BASE 65) ]
TOTAL THIS MO.   353    CLEAR  (SCALE 0-3)  14
DPTR FM NORMAL   -26    PTCLDY (SCALE 4-7)  13
TOTAL FM JUL 1  4347    CLOUDY (SCALE 8-10)  3
DPTR FM NORMAL -1016

[CDD (BASE 65) ]
TOTAL THIS MO.     7
DPTR FM NORMAL    -6    [PRESSURE DATA]
TOTAL FM JAN 1     7    HIGHEST SLP 30.48 ON  5
DPTR FM NORMAL    -7    LOWEST  SLP 29.60 ON  6

[REMARKS]
#FINAL-04-16#
