000
CXUS53 KIWX 270800
CF6DFI
PRELIMINARY LOCAL CLIMATOLOGICAL DATA (WS FORM: F-6)

                                          STATION:   DEFIANCE MEMORIAL
                                          MONTH:     MARCH
                                          YEAR:      2015
                                          LATITUDE:   41 20 N
                                          LONGITUDE:  84 26 W

  TEMPERATURE IN F:       :PCPN:    SNOW:  WIND      :SUNSHINE: SKY     :PK WND
================================================================================
1   2   3   4   5  6A  6B    7    8   9   10  11  12  13   14  15   16   17  18
                                     12Z  AVG MX 2MIN
DY MAX MIN AVG DEP HDD CDD  WTR  SNW DPTH SPD SPD DIR MIN PSBL S-S WX    SPD DR
================================================================================

 1  25  16  21 -11  44   0 0.16    M    M  2.8 12 260   M    M   8 18     19 260
 2  30  11  21 -11  44   0 0.00  0.0    M  5.8 13 260   M    M   2 18     19 250
 3  39  22  31  -2  34   0 0.02    M    M  9.0 20 200   M    M  10 168    27 260
 4  36  19  28  -5  37   0 0.00  0.0    M 10.4 23 320   M    M   5        28 320
 5  21   4  13 -21  52   0 0.00  0.0    M  6.5 15 310   M    M   2        19  10
 6  24  -2  11 -23  54   0 0.00  0.0    M  8.6 21 210   M    M   0 18     26 220
 7  40  17  29  -5  36   0 0.00  0.0    M  9.0 17 220   M    M   2        24 220
 8  40  25  33  -2  32   0 0.00  0.0    M  5.7 15 210   M    M   4 18     17 200
 9  46  24  35   0  30   0 0.00  0.0    M  2.3  9 230   M    M   1 18     11 230
10  47  30  39   4  26   0    T    M    M  1.2  6 210   M    M   9 128     7 220
11  52  29  41   5  24   0 0.00  0.0    M  3.3  9  70   M    M   5 128    11  70
12  47  24  36   0  29   0 0.00  0.0    M  7.5 18 100   M    M   2 12     22 100
13  46  32  39   3  26   0    T  0.0    M  4.3  9 200   M    M   5 12     11 200
14  54  36  45   8  20   0 0.01  0.0    M  8.7 24 320   M    M   3 128    33 320
15  55  32  44   7  21   0 0.00  0.0    0  5.7 10 220   M    M   0        14 220
16  65  45  55  17  10   0 0.00  0.0    0  8.0 16 200   M    M   0        22 200
17  55  26  41   3  24   0 0.00  0.0    0 11.8 24 360   M    M   1        36  10
18  50  25  38   0  27   0 0.00  0.0    0  6.1 18 300   M    M   0        22 300
19  46  30  38  -1  27   0 0.00  0.0    0  8.2 15 100   M    M   3        20 100
20  46  32  39   0  26   0    T    M    M  3.9 10 250   M    M  10        15 260
21  54  33  44   4  21   0 0.00  0.0    0  8.6 21 320   M    M   5 18     27 320
22  40  28  34  -6  31   0 0.00  0.0    0  5.2 13  30   M    M   4        18  40
23  31  20  26 -14  39   0 0.04    M    M  7.9 15  90   M    M   8 18     20  70
24  43  17  30 -11  35   0 0.00  0.0    M  8.1 16 100   M    M   0        22 110
25  49  31  40  -1  25   0 0.22    M    M  9.1 21 230   M    M   8 18     30 260
26  45  33  39  -2  26   0 0.60    M    M  9.1 20 310   M    M  10 1      25 310
================================================================================
SM 1126  639       800   0  1.05     0.0 176.8          M      107
================================================================================
AV 43.3 24.6                               6.8 FASTST   M    M   4    MAX(MPH)
                                 MISC ---->  # 24 320               # 36   10
================================================================================
NOTES:
# LAST OF SEVERAL OCCURRENCES

COLUMN 17 PEAK WIND IN M.P.H.

PRELIMINARY LOCAL CLIMATOLOGICAL DATA (WS FORM: F-6) , PAGE 2

                                          STATION:  DEFIANCE MEMORIAL
                                          MONTH:    MARCH
                                          YEAR:     2015
                                          LATITUDE:   41 20 N
                                          LONGITUDE:  84 26 W

[TEMPERATURE DATA]      [PRECIPITATION DATA]       SYMBOLS USED IN COLUMN 16

AVERAGE MONTHLY: 33.9   TOTAL FOR MONTH:   1.05    1 = FOG OR MIST
DPTR FM NORMAL:  -2.8   DPTR FM NORMAL:   -0.53    2 = FOG REDUCING VISIBILITY
HIGHEST:    65 ON 16    GRTST 24HR  0.60 ON 26-26      TO 1/4 MILE OR LESS
LOWEST:     -2 ON  6                               3 = THUNDER
                        SNOW, ICE PELLETS, HAIL    4 = ICE PELLETS
                        TOTAL MONTH:   0.0 INCH    5 = HAIL
                        GRTST 24HR     0.0         6 = FREEZING RAIN OR DRIZZLE
                        GRTST DEPTH:   0           7 = DUSTSTORM OR SANDSTORM:
                                                       VSBY 1/2 MILE OR LESS
                                                   8 = SMOKE OR HAZE
[NO. OF DAYS WITH]      [WEATHER - DAYS WITH]      9 = BLOWING SNOW
                                                   X = TORNADO
MAX 32 OR BELOW:   5    0.01 INCH OR MORE:   6
MAX 90 OR ABOVE:   0    0.10 INCH OR MORE:   3
MIN 32 OR BELOW:  22    0.50 INCH OR MORE:   1
MIN  0 OR BELOW:   1    1.00 INCH OR MORE:   0

[HDD (BASE 65) ]
TOTAL THIS MO.   800    CLEAR  (SCALE 0-3)  13
DPTR FM NORMAL    64    PTCLDY (SCALE 4-7)   7
TOTAL FM JUL 1  5771    CLOUDY (SCALE 8-10)  6
DPTR FM NORMAL   384

[CDD (BASE 65) ]
TOTAL THIS MO.     0
DPTR FM NORMAL     0    [PRESSURE DATA]
TOTAL FM JAN 1     0    HIGHEST SLP M ON M
DPTR FM NORMAL     0    LOWEST  SLP 29.62 ON  3

[REMARKS]
