000
CXUS55 KCYS 011000
CF6DGW
PRELIMINARY LOCAL CLIMATOLOGICAL DATA (WS FORM: F-6)

                                          STATION:   CONVERSE CO (DOUGLAS) WY ARPT
                                          MONTH:     APRIL
                                          YEAR:      2016
                                          LATITUDE:   42 46 N
                                          LONGITUDE: 105 22 W

  TEMPERATURE IN F:       :PCPN:    SNOW:  WIND      :SUNSHINE: SKY     :PK WND
================================================================================
1   2   3   4   5  6A  6B    7    8   9   10  11  12  13   14  15   16   17  18
                                     12Z  AVG MX 2MIN
DY MAX MIN AVG DEP HDD CDD  WTR  SNW DPTH SPD SPD DIR MIN PSBL S-S WX    SPD DR
================================================================================

 1  40  24  32  -8  33   0    T    M    M 15.2 24 290   M    M   6 1      30 280
 2  55  31  43   3  22   0 0.00    M    M 12.6 23 260   M    M   1        29 260
 3  65  32  49   9  16   0 0.03    M    M 10.3 31 290   M    M   4        41 330
 4  68  27  48   7  17   0 0.00    M    M  8.2 31 260   M    M   0        38 260
 5  54  31  43   2  22   0 0.00    M    M 20.6 48 280   M    M   2        57 280
 6  67  24  46   5  19   0 0.00    M    M 18.2 45 290   M    M   2        55 280
 7  59  29  44   2  21   0 0.00    M    M 10.5 24 340   M    M   4        31 350
 8  66  26  46   4  19   0 0.00    M    M  7.6 15 150   M    M   0        20 340
 9  75  30  53  11  12   0 0.00    M    M 14.5 32 260   M    M   0        40 260
10  49  39  44   2  21   0    T    M    M  5.6 17 360   M    M   9        22  20
11  63  25  44   2  21   0 0.00    M    M  6.1 16 150   M    M   2        19 130
12  73  31  52   9  13   0 0.00    M    M  5.1 21 300   M    M   2        26 290
13  75  33  54  11  11   0    T    M    M  7.6 21 280   M    M   2 3      29 270
14  75  44  60  17   5   0    T    M    M 12.8 43 280   M    M   4 3      52 280
15  49  35  42  -1  23   0 0.07    M    M  8.9 22 270   M    M   7 1      25 260
16  43  32  38  -6  27   0 0.01    M    M 19.3 28 350   M    M  10 1      35 360
17  36  31  34 -10  31   0 0.26    M    M 14.6 24 340   M    M  10 128    31 360
18  43  32  38  -6  27   0 0.03    M    M 10.6 21 340   M    M  10 1      24 350
19  52  29  41  -3  24   0 0.00    M    M  5.5 15 290   M    M   9        17 280
20  63  35  49   4  16   0 0.01    M    M  7.0 22 340   M    M   4        27 330
21  68  32  50   5  15   0 0.00    M    M  7.7 14 130   M    M   0        17 130
22  79  36  58  13   7   0 0.00    M    M  7.3 15 190   M    M   0        21 190
23  79  42  61  15   4   0 0.08    M    M  9.6 39 270   M    M   3        47 270
24  42  36  39  -7  26   0 0.27    M    M 13.1 28 290   M    M   9 1      33 290
25  58  32  45  -1  20   0 0.18    M    M  8.2 24  50   M    M   9 1      30  50
26  38  28  33 -13  32   0 0.90    M    M 10.6 21  50   M    M  10 12     27  40
27  39  25  32 -15  33   0    T    M    M 13.9 21 330   M    M   9 1      25 340
28  38  32  35 -12  30   0    T    M    M  5.0 13 320   M    M  10 1      15  30
29  42  32  37 -10  28   0 0.08    M    M  8.4 17 110   M    M  10 1      22 120
30  41  32  37 -11  28   0 0.38    M    M  6.4 18  40   M    M   8 1      23  40
================================================================================
SM 1694  947       623   0  2.30    M    311.0          M      156
================================================================================
AV 56.5 31.6                              10.4 FASTST   M    M   5    MAX(MPH)
                                 MISC ---->  # 48 280               # 57  280
================================================================================
NOTES:
# LAST OF SEVERAL OCCURRENCES

COLUMN 17 PEAK WIND IN M.P.H.

PRELIMINARY LOCAL CLIMATOLOGICAL DATA (WS FORM: F-6) , PAGE 2

                                          STATION:  CONVERSE CO (DOUGLAS) WY ARPT
                                          MONTH:    APRIL
                                          YEAR:     2016
                                          LATITUDE:   42 46 N
                                          LONGITUDE: 105 22 W

[TEMPERATURE DATA]      [PRECIPITATION DATA]       SYMBOLS USED IN COLUMN 16

AVERAGE MONTHLY: 44.0   TOTAL FOR MONTH:   2.30    1 = FOG OR MIST
DPTR FM NORMAL:   0.3   DPTR FM NORMAL:    0.79    2 = FOG REDUCING VISIBILITY
HIGHEST:    79 ON 23,22 GRTST 24HR  1.08 ON 25-26      TO 1/4 MILE OR LESS
LOWEST:     24 ON  6, 1                            3 = THUNDER
                        SNOW, ICE PELLETS, HAIL    4 = ICE PELLETS
                        TOTAL MONTH:    M          5 = HAIL
                        GRTST 24HR    M  ON   M    6 = FREEZING RAIN OR DRIZZLE
                        GRTST DEPTH:  M  ON   M    7 = DUSTSTORM OR SANDSTORM:
                                                       VSBY 1/2 MILE OR LESS
                                                   8 = SMOKE OR HAZE
[NO. OF DAYS WITH]      [WEATHER - DAYS WITH]      9 = BLOWING SNOW
                                                   X = TORNADO
MAX 32 OR BELOW:   0    0.01 INCH OR MORE:  12
MAX 90 OR ABOVE:   0    0.10 INCH OR MORE:   5
MIN 32 OR BELOW:  22    0.50 INCH OR MORE:   1
MIN  0 OR BELOW:   0    1.00 INCH OR MORE:   0

[HDD (BASE 65) ]
TOTAL THIS MO.   623    CLEAR  (SCALE 0-3)  12
DPTR FM NORMAL   -16    PTCLDY (SCALE 4-7)   6
TOTAL FM JUL 1  6260    CLOUDY (SCALE 8-10) 12
DPTR FM NORMAL  -697

[CDD (BASE 65) ]
TOTAL THIS MO.     0
DPTR FM NORMAL     0    [PRESSURE DATA]
TOTAL FM JAN 1     0    HIGHEST SLP 30.46 ON 17
DPTR FM NORMAL     0    LOWEST  SLP 29.42 ON 14

[REMARKS]
#FINAL-04-16#
