000
CXUS54 KAMA 231015
CF6DHT
PRELIMINARY LOCAL CLIMATOLOGICAL DATA (WS FORM: F-6)

                                          STATION:   DALHART
                                          MONTH:     OCTOBER
                                          YEAR:      2014
                                          LATITUDE:   36  1 N
                                          LONGITUDE: 102 33 W

  TEMPERATURE IN F:       :PCPN:    SNOW:  WIND      :SUNSHINE: SKY     :PK WND
================================================================================
1   2   3   4   5  6A  6B    7    8   9   10  11  12  13   14  15   16   17  18
                                     12Z  AVG MX 2MIN
DY MAX MIN AVG DEP HDD CDD  WTR  SNW DPTH SPD SPD DIR MIN PSBL S-S WX    SPD DR
================================================================================

 1  83  51  67   6   0   2 0.00  0.0    0  9.5 20 220   M    M   0        26 260
 2  71  50  61   0   4   0 0.00  0.0    0 15.0 32 360   M    M   2 8      39  10
 3  64  43  54  -6  11   0 0.00  0.0    0 10.6 32  10   M    M   1        38  20
 4  77  37  57  -3   8   0 0.00  0.0    0  6.8 17 230   M    M   0        22 210
 5  82  45  64   4   1   0 0.00  0.0    0  6.4 14  20   M    M   0        20 320
 6  84  45  65   6   0   0 0.00  0.0    0  6.4 16  60   M    M   0        19  60
 7  87  47  67   8   0   2 0.00  0.0    0  8.3 18 360   M    M   0        22 360
 8  86  53  70  12   0   5 0.00  0.0    0  8.4 18 180   M    M   0        21 190
 9  77  57  67   9   0   2 0.81  0.0    0 10.7 30 360   M    M   5 13     39 360
10  58  47  53  -5  12   0    T  0.0    0 18.2 29  20   M    M  10 1      36  20
11  60  47  54  -3  11   0 0.00  0.0    0  7.8 16 180   M    M   6        22 170
12  82  44  63   6   2   0 0.11    M    0 16.4 44 360   M    M   3 13     51 360
13  62  43  53  -4  12   0    T    M    0 20.7 39 360   M    M   2        50 350
14  73  39  56   0   9   0 0.00  0.0    0  8.8 18 240   M    M   0 8      23 270
15  85  37  61   5   4   0 0.00  0.0    0 11.1 23 210   M    M   0        29 210
16  84  44  64   8   1   0 0.00  0.0    0  9.9 24  20   M    M   0        30  20
17  69  44  57   2   8   0 0.00  0.0    0  7.3 14  70   M    M   0        18  70
18  56  44  50  -5  15   0 0.09  0.0    0  4.9 16 110   M    M   4 1      17 110
19  77  46  62   7   3   0 0.00  0.0    0 11.8 23 220   M    M   1        29 210
20  77  46  62   8   3   0 0.00  0.0    0  7.5 16  20   M    M   0        19  20
21  77  45  61   7   4   0 0.00  0.0    0  9.2 23 210   M    M   1 18     30 190
22  78  56  67  13   0   2 0.00  0.0    0 10.9 22 200   M    M   3 18     26 210
================================================================================
SM 1649 1010       108  13  1.01     0.0 226.6          M       38
================================================================================
AV 75.0 45.9                              10.3 FASTST   M    M   2    MAX(MPH)
                                 MISC ---->  # 44 360               # 51  360
================================================================================
NOTES:
# LAST OF SEVERAL OCCURRENCES

COLUMN 17 PEAK WIND IN M.P.H.

PRELIMINARY LOCAL CLIMATOLOGICAL DATA (WS FORM: F-6) , PAGE 2

                                          STATION:  DALHART
                                          MONTH:    OCTOBER
                                          YEAR:     2014
                                          LATITUDE:   36  1 N
                                          LONGITUDE: 102 33 W

[TEMPERATURE DATA]      [PRECIPITATION DATA]       SYMBOLS USED IN COLUMN 16

AVERAGE MONTHLY: 60.4   TOTAL FOR MONTH:   1.01    1 = FOG OR MIST
DPTR FM NORMAL:   3.2   DPTR FM NORMAL:   -0.06    2 = FOG REDUCING VISIBILITY
HIGHEST:    87 ON  7    GRTST 24HR  0.81 ON  9- 9      TO 1/4 MILE OR LESS
LOWEST:     37 ON 15, 4                            3 = THUNDER
                        SNOW, ICE PELLETS, HAIL    4 = ICE PELLETS
                        TOTAL MONTH:   0.0 INCH    5 = HAIL
                        GRTST 24HR     0.0         6 = FREEZING RAIN OR DRIZZLE
                        GRTST DEPTH:   0           7 = DUSTSTORM OR SANDSTORM:
                                                       VSBY 1/2 MILE OR LESS
                                                   8 = SMOKE OR HAZE
[NO. OF DAYS WITH]      [WEATHER - DAYS WITH]      9 = BLOWING SNOW
                                                   X = TORNADO
MAX 32 OR BELOW:   0    0.01 INCH OR MORE:   3
MAX 90 OR ABOVE:   0    0.10 INCH OR MORE:   2
MIN 32 OR BELOW:   0    0.50 INCH OR MORE:   1
MIN  0 OR BELOW:   0    1.00 INCH OR MORE:   0

[HDD (BASE 65) ]
TOTAL THIS MO.   108    CLEAR  (SCALE 0-3)  17
DPTR FM NORMAL   -71    PTCLDY (SCALE 4-7)   4
TOTAL FM JUL 1   129    CLOUDY (SCALE 8-10)  1
DPTR FM NORMAL  -113

[CDD (BASE 65) ]
TOTAL THIS MO.    13
DPTR FM NORMAL     5    [PRESSURE DATA]
TOTAL FM JAN 1  1405    HIGHEST SLP M ON M
DPTR FM NORMAL   269    LOWEST  SLP 29.42 ON 12

[REMARKS]
