000
CXUS53 KBIS 300729
CF6DIK
PRELIMINARY LOCAL CLIMATOLOGICAL DATA (WS FORM: F-6)

                                          STATION:   DICKINSON ND
                                          MONTH:     MAY
                                          YEAR:      2016
                                          LATITUDE:   46 47 N
                                          LONGITUDE: 102 48 W

  TEMPERATURE IN F:       :PCPN:    SNOW:  WIND      :SUNSHINE: SKY     :PK WND
================================================================================
1   2   3   4   5  6A  6B    7    8   9   10  11  12  13   14  15   16   17  18
                                     12Z  AVG MX 2MIN
DY MAX MIN AVG DEP HDD CDD  WTR  SNW DPTH SPD SPD DIR MIN PSBL S-S WX    SPD DR
================================================================================

 1  63  28  46  -2  19   0 0.00    M    M  5.8 14 320   M    M   0        17 350
 2  69  35  52   3  13   0 0.00    M    M 13.3 29 290   M    M   3        37 360
 3  76  35  56   7   9   0 0.00    M    M  9.8 22 340   M    M   0        31 340
 4  80  40  60  11   5   0 0.00    M    M  9.2 18 220   M    M   0        23 210
 5  86  49  68  18   0   3 0.00    M    M  8.3 17 190   M    M   0        22 200
 6  71  38  55   5  10   0    T    M    M 12.8 25  30   M    M   0 8      36  30
 7  68  34  51   1  14   0 0.00    M    M  6.1 13  50   M    M   0 8      15  40
 8  72  37  55   4  10   0 0.00    M    M 13.1 25 180   M    M   0        32 150
 9  62  41  52   1  13   0    T    M    M 10.2 20 120   M    M   7 1      24 110
10  53  37  45  -6  20   0 0.03    M    M 19.8 36 230   M    M   9 1      42 210
11  48  35  42 -10  23   0    T    M    M 23.2 33 280   M    M  10 1      40 290
12  38  35  37 -15  28   0 0.00    M    M 19.4 22 300   M    M   6        31 310
13  47  30  39 -13  26   0 0.00    M    M 18.0 30 330   M    M   6        38 330
14  57  25  41 -11  24   0 0.00    M    M 11.1 21 310   M    M   3        28 330
15  64  29  47  -6  18   0 0.00    M    M  5.3 12 320   M    M   0        16 290
16  68  33  51  -2  14   0 0.00    M    M  8.9 18  30   M    M   0        24  30
17  69  35  52  -2  13   0 0.00    M    M 10.0 16 180   M    M   0        26 160
18  73  38  56   2   9   0 0.00    M    M 14.6 30 190   M    M   0        40 180
19  78  40  59   5   6   0 0.00    M    M 12.0 21 130   M    M   0        28 140
20  74  47  61   7   4   0 0.00    M    M 19.2 31 130   M    M   1        37 120
21  74  49  62   7   3   0 0.00    M    M 26.3 40 160   M    M   4        51 150
22  78  48  63   8   2   0    T    M    M  9.6 23 270   M    M   6 3      29 170
23  73  41  57   2   8   0 0.02    M    M 11.2 33 250   M    M   1        52 230
24  72  36  54  -2  11   0 0.11    M    M  7.0 16 150   M    M   4 13     21 140
25  61  41  51  -5  14   0 0.01    M    M 11.3 24 300   M    M   6 1      28 300
26  67  39  53  -3  12   0 0.01    M    M  8.6 26 270   M    M   4 3      33 300
27  70  37  54  -2  11   0 0.00    M    M  5.5 14  10   M    M   4        19  40
28  72  42  57   0   8   0 0.07    M    M  4.7 21 260   M    M   4 123    25 260
29  78  42  60   3   5   0 0.00    M    M  7.9 18 300   M    M   2        24 270
================================================================================
SM 1961 1096       352   3  0.25    M    342.2          M       80
================================================================================
AV 67.6 37.8                              11.8 FASTST   M    M   3    MAX(MPH)
                                 MISC ---->  # 40 160               # 52  230
================================================================================
NOTES:
# LAST OF SEVERAL OCCURRENCES

COLUMN 17 PEAK WIND IN M.P.H.

PRELIMINARY LOCAL CLIMATOLOGICAL DATA (WS FORM: F-6) , PAGE 2

                                          STATION:  DICKINSON ND
                                          MONTH:    MAY
                                          YEAR:     2016
                                          LATITUDE:   46 47 N
                                          LONGITUDE: 102 48 W

[TEMPERATURE DATA]      [PRECIPITATION DATA]       SYMBOLS USED IN COLUMN 16

AVERAGE MONTHLY: 52.7   TOTAL FOR MONTH:   0.25    1 = FOG OR MIST
DPTR FM NORMAL:  -0.1   DPTR FM NORMAL:   -1.89    2 = FOG REDUCING VISIBILITY
HIGHEST:    86 ON  5    GRTST 24HR  0.12 ON 24-25      TO 1/4 MILE OR LESS
LOWEST:     25 ON 14                               3 = THUNDER
                        SNOW, ICE PELLETS, HAIL    4 = ICE PELLETS
                        TOTAL MONTH:    M          5 = HAIL
                        GRTST 24HR    M  ON   M    6 = FREEZING RAIN OR DRIZZLE
                        GRTST DEPTH:  M  ON   M    7 = DUSTSTORM OR SANDSTORM:
                                                       VSBY 1/2 MILE OR LESS
                                                   8 = SMOKE OR HAZE
[NO. OF DAYS WITH]      [WEATHER - DAYS WITH]      9 = BLOWING SNOW
                                                   X = TORNADO
MAX 32 OR BELOW:   0    0.01 INCH OR MORE:   6
MAX 90 OR ABOVE:   0    0.10 INCH OR MORE:   1
MIN 32 OR BELOW:   4    0.50 INCH OR MORE:   0
MIN  0 OR BELOW:   0    1.00 INCH OR MORE:   0

[HDD (BASE 65) ]
TOTAL THIS MO.   352    CLEAR  (SCALE 0-3)  17
DPTR FM NORMAL   -10    PTCLDY (SCALE 4-7)  10
TOTAL FM JUL 1  7307    CLOUDY (SCALE 8-10)  2
DPTR FM NORMAL -1117

[CDD (BASE 65) ]
TOTAL THIS MO.     3
DPTR FM NORMAL     3    [PRESSURE DATA]
TOTAL FM JAN 1     3    HIGHEST SLP M ON M
DPTR FM NORMAL     2    LOWEST  SLP 29.51 ON 22

[REMARKS]
