000
CXUS53 KBIS 280739
CF6DIK
PRELIMINARY LOCAL CLIMATOLOGICAL DATA (WS FORM: F-6)

                                          STATION:   DICKINSON ND
                                          MONTH:     MAY
                                          YEAR:      2015
                                          LATITUDE:   46 47 N
                                          LONGITUDE: 102 48 W

  TEMPERATURE IN F:       :PCPN:    SNOW:  WIND      :SUNSHINE: SKY     :PK WND
================================================================================
1   2   3   4   5  6A  6B    7    8   9   10  11  12  13   14  15   16   17  18
                                     12Z  AVG MX 2MIN
DY MAX MIN AVG DEP HDD CDD  WTR  SNW DPTH SPD SPD DIR MIN PSBL S-S WX    SPD DR
================================================================================

 1  75  36  56   8   9   0 0.00    M    M 11.9 25 250   M    M   0        33 270
 2  79  42  61  12   4   0 0.00    M    M 12.8 25 300   M    M   1        31 270
 3  64  34  49   0  16   0 0.00    M    M  8.0 17 320   M    M   4        24 330
 4  65  33  49   0  16   0 0.00    M    M 15.4 30 180   M    M   0        36 180
 5  74  39  57   7   8   0 0.00    M    M 18.5 32 150   M    M   1        43 150
 6  63  49  56   6   9   0 0.38    M    M 13.8 25 330   M    M   9 1      32 340
 7  57  41  49  -1  16   0 0.03    M    M 19.3 32 320   M    M   6        41 330
 8  55  32  44  -7  21   0 0.00    M    M  8.6 16 330   M    M   5        21  10
 9  47  36  42  -9  23   0    T    M    M  8.4 16  60   M    M   7 8      21  60
10  43  35  39 -12  26   0 0.02    M    M 13.6 22  10   M    M  10 1      28  10
11  59  27  43  -9  22   0 0.00    M    M 10.7 18  10   M    M   3        24 360
12  60  36  48  -4  17   0    T    M    M 14.3 25 100   M    M   3        31 100
13  68  38  53   1  12   0 0.36    M    M 13.6 21  30   M    M   4 1      26  80
14  49  43  46  -6  19   0 0.32    M    M 11.8 22  30   M    M  10 1      26  30
15  55  43  49  -4  16   0 0.01    M    M 11.0 17 100   M    M   8 8      22 110
16  67  48  58   5   7   0 0.36    M    M 13.7 22 100   M    M   8 12     26 100
17  50  32  41 -13  24   0 0.05    M    M 20.8 33 320   M    M  10 1      43 330
18  54  27  41 -13  24   0 0.00    M    M 10.9 20 320   M    M   2        23 330
19  58  25  42 -12  23   0 0.00    M    M  6.1 14 100   M    M   0        17 140
20  65  28  47  -7  18   0 0.00    M    M  5.3 13  80   M    M   0        17 110
21  72  35  54  -1  11   0 0.00    M    M  6.9 13 110   M    M   0        19 130
22  73  38  56   1   9   0 0.00    M    M 14.2 32 140   M    M   0        40 160
23  63  38  51  -4  14   0    T    M    M  9.6 21 130   M    M   4        26 120
24  68  45  57   1   8   0    T    M    M  7.2 16 100   M    M   8 1      21 110
25  67  45  56   0   9   0 0.02    M    M  7.6 14 100   M    M   8 1      18 100
26  77  41  59   3   6   0 0.00    M    M  7.0 15 200   M    M   2 12     19 200
27  79  46  63   7   2   0 0.11    M    M 10.6 31 320   M    M   4 13     38 320
================================================================================
SM 1706 1012       389   0  1.66    M    311.6          M      117
================================================================================
AV 63.2 37.5                              11.5 FASTST   M    M   4    MAX(MPH)
                                 MISC ---->  # 33 320               # 43  150
================================================================================
NOTES:
# LAST OF SEVERAL OCCURRENCES

COLUMN 17 PEAK WIND IN M.P.H.

PRELIMINARY LOCAL CLIMATOLOGICAL DATA (WS FORM: F-6) , PAGE 2

                                          STATION:  DICKINSON ND
                                          MONTH:    MAY
                                          YEAR:     2015
                                          LATITUDE:   46 47 N
                                          LONGITUDE: 102 48 W

[TEMPERATURE DATA]      [PRECIPITATION DATA]       SYMBOLS USED IN COLUMN 16

AVERAGE MONTHLY: 50.3   TOTAL FOR MONTH:   1.66    1 = FOG OR MIST
DPTR FM NORMAL:  -2.1   DPTR FM NORMAL:   -0.32    2 = FOG REDUCING VISIBILITY
HIGHEST:    79 ON 27, 2 GRTST 24HR  0.68 ON 13-14      TO 1/4 MILE OR LESS
LOWEST:     25 ON 19                               3 = THUNDER
                        SNOW, ICE PELLETS, HAIL    4 = ICE PELLETS
                        TOTAL MONTH:    M          5 = HAIL
                        GRTST 24HR    M  ON   M    6 = FREEZING RAIN OR DRIZZLE
                        GRTST DEPTH:  M  ON   M    7 = DUSTSTORM OR SANDSTORM:
                                                       VSBY 1/2 MILE OR LESS
                                                   8 = SMOKE OR HAZE
[NO. OF DAYS WITH]      [WEATHER - DAYS WITH]      9 = BLOWING SNOW
                                                   X = TORNADO
MAX 32 OR BELOW:   0    0.01 INCH OR MORE:  10
MAX 90 OR ABOVE:   0    0.10 INCH OR MORE:   5
MIN 32 OR BELOW:   6    0.50 INCH OR MORE:   0
MIN  0 OR BELOW:   0    1.00 INCH OR MORE:   0

[HDD (BASE 65) ]
TOTAL THIS MO.   389    CLEAR  (SCALE 0-3)  11
DPTR FM NORMAL    44    PTCLDY (SCALE 4-7)  10
TOTAL FM JUL 1  7971    CLOUDY (SCALE 8-10)  6
DPTR FM NORMAL  -436

[CDD (BASE 65) ]
TOTAL THIS MO.     0
DPTR FM NORMAL     0    [PRESSURE DATA]
TOTAL FM JAN 1     0    HIGHEST SLP M ON M
DPTR FM NORMAL    -1    LOWEST  SLP 29.56 ON 16

[REMARKS]
