000
CXUS53 KBIS 240744
CF6DIK
PRELIMINARY LOCAL CLIMATOLOGICAL DATA (WS FORM: F-6)

                                          STATION:   DICKINSON ND
                                          MONTH:     JULY
                                          YEAR:      2016
                                          LATITUDE:   46 47 N
                                          LONGITUDE: 102 48 W

  TEMPERATURE IN F:       :PCPN:    SNOW:  WIND      :SUNSHINE: SKY     :PK WND
================================================================================
1   2   3   4   5  6A  6B    7    8   9   10  11  12  13   14  15   16   17  18
                                     12Z  AVG MX 2MIN
DY MAX MIN AVG DEP HDD CDD  WTR  SNW DPTH SPD SPD DIR MIN PSBL S-S WX    SPD DR
================================================================================

 1  76  49  63  -3   2   0 0.00    M    M 14.8 24 160   M    M   3        30 170
 2  83  55  69   2   0   4 0.00    M    M 15.2 25 170   M    M   3 1      34 160
 3  91  59  75   8   0  10 0.00    M    M 12.3 23  30   M    M   1        30 180
 4  90  58  74   7   0   9 0.00    M    M 10.4 23 290   M    M   1        28 300
 5  82  48  65  -3   0   0 0.00    M    M 11.0 23  10   M    M   3        29 360
 6  78  49  64  -4   1   0 0.47    M    M 10.3 49 290   M    M   1 13     62 290
 7  74  49  62  -6   3   0 0.00    M    M 11.3 29 270   M    M   3        34 270
 8  82  47  65  -3   0   0 0.00    M    M  9.2 21 120   M    M   0        27 130
 9  91  60  76   8   0  11    T    M    M 11.4 55 310   M    M   0 3      76 300
10  87  56  72   4   0   7 1.63    M    M 11.4 45 300   M    M   4 13     59 320
11  76  57  67  -2   0   2 0.04    M    M 17.9 39 250   M    M   3 13     50 260
12  76  54  65  -4   0   0 0.00    M    M 23.6 39 280   M    M   2        49 270
13  78  52  65  -4   0   0 0.00    M    M 15.4 29 300   M    M   2 3      37 300
14  76  50  63  -6   2   0    T    M    M  7.2 18 360   M    M   3 3      25 350
15  77  44  61  -8   4   0 0.00    M    M  5.7 12 100   M    M   2 12     14 170
16  74  53  64  -6   1   0 0.36    M    M  8.0 29 240   M    M   4 13     38 240
17  79  53  66  -4   0   1 0.00    M    M  8.2 20 280   M    M   2 1      23 290
18  86  54  70   0   0   5 0.00    M    M 12.1 24 140   M    M   1        30 140
19  93  63  78   8   0  13 0.00    M    M  6.2 17 170   M    M   0        24 160
20  98  66  82  12   0  17 0.00    M    M  7.2 20 170   M    M   0        25 180
21  92  59  76   6   0  11 0.00    M    M  5.1 14  30   M    M   0 3      17  10
22  89  59  74   4   0   9 0.50    M    M 15.0 35 120   M    M   2 13     45 120
23  82  55  69  -1   0   4 0.00    M    M 12.4 26 300   M    M   2        32 270
================================================================================
SM 1910 1249        13 103  3.00    M    261.3          M       42
================================================================================
AV 83.0 54.3                              11.4 FASTST   M    M   2    MAX(MPH)
                                 MISC ---->  # 55 310               # 76  300
================================================================================
NOTES:
# LAST OF SEVERAL OCCURRENCES

COLUMN 17 PEAK WIND IN M.P.H.

PRELIMINARY LOCAL CLIMATOLOGICAL DATA (WS FORM: F-6) , PAGE 2

                                          STATION:  DICKINSON ND
                                          MONTH:    JULY
                                          YEAR:     2016
                                          LATITUDE:   46 47 N
                                          LONGITUDE: 102 48 W

[TEMPERATURE DATA]      [PRECIPITATION DATA]       SYMBOLS USED IN COLUMN 16

AVERAGE MONTHLY: 68.7   TOTAL FOR MONTH:   3.00    1 = FOG OR MIST
DPTR FM NORMAL:  -0.0   DPTR FM NORMAL:    1.05    2 = FOG REDUCING VISIBILITY
HIGHEST:    98 ON 20    GRTST 24HR  1.63 ON 10-10      TO 1/4 MILE OR LESS
LOWEST:     44 ON 15                               3 = THUNDER
                        SNOW, ICE PELLETS, HAIL    4 = ICE PELLETS
                        TOTAL MONTH:    M          5 = HAIL
                        GRTST 24HR    M  ON   M    6 = FREEZING RAIN OR DRIZZLE
                        GRTST DEPTH:  M  ON   M    7 = DUSTSTORM OR SANDSTORM:
                                                       VSBY 1/2 MILE OR LESS
                                                   8 = SMOKE OR HAZE
[NO. OF DAYS WITH]      [WEATHER - DAYS WITH]      9 = BLOWING SNOW
                                                   X = TORNADO
MAX 32 OR BELOW:   0    0.01 INCH OR MORE:   5
MAX 90 OR ABOVE:   6    0.10 INCH OR MORE:   4
MIN 32 OR BELOW:   0    0.50 INCH OR MORE:   2
MIN  0 OR BELOW:   0    1.00 INCH OR MORE:   1

[HDD (BASE 65) ]
TOTAL THIS MO.    13    CLEAR  (SCALE 0-3)  20
DPTR FM NORMAL   -16    PTCLDY (SCALE 4-7)   3
TOTAL FM JUL 1    13    CLOUDY (SCALE 8-10)  0
DPTR FM NORMAL   -16

[CDD (BASE 65) ]
TOTAL THIS MO.   103
DPTR FM NORMAL   -11    [PRESSURE DATA]
TOTAL FM JAN 1   163    HIGHEST SLP M ON M
DPTR FM NORMAL   -15    LOWEST  SLP 29.46 ON M

[REMARKS]
