000
CXUS53 KDLH 300623
CF6DLH
PRELIMINARY LOCAL CLIMATOLOGICAL DATA (WS FORM: F-6)

                                          STATION:   DULUTH MN
                                          MONTH:     JUNE
                                          YEAR:      2015
                                          LATITUDE:   46 49 N
                                          LONGITUDE:  92 11 W

  TEMPERATURE IN F:       :PCPN:    SNOW:  WIND      :SUNSHINE: SKY     :PK WND
================================================================================
1   2   3   4   5  6A  6B    7    8   9   10  11  12  13   14  15   16   17  18
                                     12Z  AVG MX 2MIN
DY MAX MIN AVG DEP HDD CDD  WTR  SNW DPTH SPD SPD DIR MIN PSBL S-S WX    SPD DR
================================================================================

 1  61  36  49  -7  16   0 0.00  0.0    0  9.8 18 100   M    M   1        22 100
 2  74  43  59   3   6   0    T  0.0    0  9.6 20 190   M    M   4        26 190
 3  62  50  56   0   9   0 0.25  0.0    0  5.8 18  10   M    M  10 1238   23  20
 4  68  53  61   4   4   0 0.01  0.0    0  6.3 16  90   M    M   9 128    20  90
 5  64  46  55  -2  10   0 0.00  0.0    0 10.4 18  90   M    M   4 1      25 100
 6  59  43  51  -6  14   0 0.21  0.0    0 11.1 22 130   M    M   5 12     27 120
 7  77  49  63   5   2   0 0.29  0.0    0  9.7 28 280   M    M   7 13     44 310
 8  75  56  66   8   0   1 0.00  0.0    0  8.8 21 290   M    M   4 12     27 280
 9  84  53  69  11   0   4    T  0.0    0  6.5 24 330   M    M   4 18     34 330
10  73  51  62   4   3   0 0.00  0.0    0  8.9 20 310   M    M   2        26 310
11  74  48  61   2   4   0 0.00  0.0    0  4.4 15 110   M    M   2        19 120
12  76  47  62   3   3   0 0.00  0.0    0  6.4 13 100   M    M   1 1      16 140
13  69  52  61   2   4   0 0.00  0.0    0  8.1 16 120   M    M   3        21 130
14  78  50  64   4   1   0 0.00  0.0    0  4.9 16 350   M    M   6 12     22 360
15  74  53  64   4   1   0 0.00  0.0    0 10.0 22 300   M    M   3        29 320
16  64  45  55  -5  10   0 0.02  0.0    0  6.2 13 110   M    M   3        16 110
17  68  52  60  -1   5   0 0.02  0.0    0  5.7 10 140   M    M   6        12 140
18  69  46  58  -3   7   0    T  0.0    0  6.4 17 350   M    M   2        22 360
19  70  42  56  -5   9   0 0.00  0.0    0  7.0 15 160   M    M   2        20 150
20  74  52  63   2   2   0 0.53  0.0    0  5.7 13 190   M    M   7 13     17 190
21  80  55  68   6   0   3 0.00  0.0    0  4.6 14 250   M    M   5        19 260
22  73  57  65   3   0   0 1.54    T    0 10.5 28 320   M    M   6 1358   41 290
23  79  52  66   4   0   1 0.00  0.0    0  9.2 20 270   M    M   1        25 250
24  79  52  66   4   0   1 0.09  0.0    0  6.9 18 340   M    M   4 123    23 340
25  74  51  63   0   2   0 0.08  0.0    0  6.1 14 110   M    M   5 1      17 110
26  77  54  66   3   0   1 0.00  0.0    0  5.0 13 130   M    M   2 1      20 130
27  82  53  68   5   0   3 0.00  0.0    0  6.9 18 240   M    M   3 3      25 200
28  76  61  69   5   0   4 0.15  0.0    0  4.7 13 290   M    M   7 123    17  70
29  78  59  69   5   0   4 0.45  0.0    0  5.5 29 350   M    M   3 1238   40 340
================================================================================
SM 2111 1461       112  22  3.64    T    211.1          M      121
================================================================================
AV 72.8 50.4                               7.3 FASTST   M    M   4    MAX(MPH)
                                 MISC ---->  # 29 350               # 44  310
================================================================================
NOTES:
# LAST OF SEVERAL OCCURRENCES

COLUMN 17 PEAK WIND IN M.P.H.

PRELIMINARY LOCAL CLIMATOLOGICAL DATA (WS FORM: F-6) , PAGE 2

                                          STATION:  DULUTH MN
                                          MONTH:    JUNE
                                          YEAR:     2015
                                          LATITUDE:   46 49 N
                                          LONGITUDE:  92 11 W

[TEMPERATURE DATA]      [PRECIPITATION DATA]       SYMBOLS USED IN COLUMN 16

AVERAGE MONTHLY: 61.6   TOTAL FOR MONTH:   3.64    1 = FOG OR MIST
DPTR FM NORMAL:   1.7   DPTR FM NORMAL:   -0.44    2 = FOG REDUCING VISIBILITY
HIGHEST:    84 ON  9    GRTST 24HR  1.54 ON 22-22      TO 1/4 MILE OR LESS
LOWEST:     36 ON  1                               3 = THUNDER
                        SNOW, ICE PELLETS, HAIL    4 = ICE PELLETS
                        TOTAL MONTH:    T          5 = HAIL
                        GRTST 24HR    T  ON 22-22  6 = FREEZING RAIN OR DRIZZLE
                        GRTST DEPTH:   0           7 = DUSTSTORM OR SANDSTORM:
                                                       VSBY 1/2 MILE OR LESS
                                                   8 = SMOKE OR HAZE
[NO. OF DAYS WITH]      [WEATHER - DAYS WITH]      9 = BLOWING SNOW
                                                   X = TORNADO
MAX 32 OR BELOW:   0    0.01 INCH OR MORE:  12
MAX 90 OR ABOVE:   0    0.10 INCH OR MORE:   7
MIN 32 OR BELOW:   0    0.50 INCH OR MORE:   2
MIN  0 OR BELOW:   0    1.00 INCH OR MORE:   1

[HDD (BASE 65) ]
TOTAL THIS MO.   112    CLEAR  (SCALE 0-3)  11
DPTR FM NORMAL   -63    PTCLDY (SCALE 4-7)  16
TOTAL FM JUL 1  9094    CLOUDY (SCALE 8-10)  2
DPTR FM NORMAL  -346

[CDD (BASE 65) ]
TOTAL THIS MO.    22
DPTR FM NORMAL    -5    [PRESSURE DATA]
TOTAL FM JAN 1    26    HIGHEST SLP M ON M
DPTR FM NORMAL    -5    LOWEST  SLP 29.52 ON  9

[REMARKS]
