000
CXUS56 KTFX 271205
CF6DLN
PRELIMINARY LOCAL CLIMATOLOGICAL DATA (WS FORM: F-6)

                                          STATION:   DILLON AIRPORT MT
                                          MONTH:     AUGUST
                                          YEAR:      2016
                                          LATITUDE:   45 15 N
                                          LONGITUDE: 112 33 W

  TEMPERATURE IN F:       :PCPN:    SNOW:  WIND      :SUNSHINE: SKY     :PK WND
================================================================================
1   2   3   4   5  6A  6B    7    8   9   10  11  12  13   14  15   16   17  18
                                     12Z  AVG MX 2MIN
DY MAX MIN AVG DEP HDD CDD  WTR  SNW DPTH SPD SPD DIR MIN PSBL S-S WX    SPD DR
================================================================================

 1  88  40  64  -2   1   0 0.00    M    0  6.2 14  40   M    M   0 8      16  40
 2  92  43  68   2   0   3 0.00    M    0  9.1 22 250   M    M   1 8      30 230
 3  75  47  61  -5   4   0 0.00    M    0 12.1 24 280   M    M   0 8      30 290
 4  83  41  62  -4   3   0 0.00    M    0  5.0 15  20   M    M   0        16  20
 5  85  44  65  -1   0   0 0.00    M    0  5.3 14 320   M    M   0        16 320
 6  84  50  67   1   0   2 0.08    M    0  7.9 44 250   M    M   2 3      57 240
 7  83  45  64  -2   1   0 0.03    M    0  7.1 21 340   M    M   1 3      27 340
 8  84  43  64  -2   1   0 0.00    M    0  6.8 22 180   M    M   0        31 160
 9  78  50  64  -2   1   0    T    M    0  4.8 21 330   M    M   0        32 330
10  73  40  57  -9   8   0 0.00    M    0  8.2 16 270   M    M   0        22 240
11  77  43  60  -5   5   0 0.00    M    0  4.3 14  20   M    M   2        17  20
12  83  44  64  -1   1   0 0.00    M    0  6.3 13  30   M    M   2        15  30
13  85  43  64  -1   1   0 0.00    M    0  5.8 12  20   M    M   0        14  30
14  88  46  67   2   0   2 0.00    M    0  7.1 21  10   M    M   1        29  40
15  89  48  69   4   0   4 0.00    M    0  6.0 14 200   M    M   0        17  60
16  91  47  69   5   0   4 0.00    M    0  6.2 14 360   M    M   0        18 230
17  90  49  70   6   0   5 0.01    M    0  5.7 23 350   M    M   1 8      30 350
18  82  50  66   2   0   1 0.00    M    0 11.4 28  50   M    M   1        36  50
19  70  46  58  -6   7   0 0.00    M    0  9.3 25  50   M    M   4        33  40
20  83  37  60  -4   5   0 0.00    M    0  6.5 15 200   M    M   0 8      18 210
21  88  46  67   4   0   2 0.00    M    0  8.4 23 240   M    M   0 8      27 240
22  83  47  65   2   0   0 0.00    M    0 13.3 29 240   M    M   1 8      37 230
23  76  44  60  -3   5   0 0.00    M    0  8.4 18  20   M    M   0        22  20
24  69  42  56  -7   9   0 0.00    M    0 11.8 25  30   M    M   0        31  20
25  71  37  54  -8  11   0 0.00    M    0  6.9 14  40   M    M   0 8      17  50
26  76  42  59  -3   6   0 0.00    M    0  3.5 12 350   M    M   3 8      14  40
================================================================================
SM 2126 1154        69  23  0.12    M    193.4          M       19
================================================================================
AV 81.8 44.4                               7.4 FASTST   M    M   1    MAX(MPH)
                                 MISC ---->  # 44 250               # 57  240
================================================================================
NOTES:
# LAST OF SEVERAL OCCURRENCES

COLUMN 17 PEAK WIND IN M.P.H.

PRELIMINARY LOCAL CLIMATOLOGICAL DATA (WS FORM: F-6) , PAGE 2

                                          STATION:  DILLON AIRPORT MT
                                          MONTH:    AUGUST
                                          YEAR:     2016
                                          LATITUDE:   45 15 N
                                          LONGITUDE: 112 33 W

[TEMPERATURE DATA]      [PRECIPITATION DATA]       SYMBOLS USED IN COLUMN 16

AVERAGE MONTHLY: 63.1   TOTAL FOR MONTH:   0.12    1 = FOG OR MIST
DPTR FM NORMAL:  -1.6   DPTR FM NORMAL:   -0.74    2 = FOG REDUCING VISIBILITY
HIGHEST:    92 ON  2    GRTST 24HR  0.08 ON  6- 6      TO 1/4 MILE OR LESS
LOWEST:     37 ON 25,20                            3 = THUNDER
                        SNOW, ICE PELLETS, HAIL    4 = ICE PELLETS
                        TOTAL MONTH:    M          5 = HAIL
                        GRTST 24HR    M  ON   M    6 = FREEZING RAIN OR DRIZZLE
                        GRTST DEPTH:   0           7 = DUSTSTORM OR SANDSTORM:
                                                       VSBY 1/2 MILE OR LESS
                                                   8 = SMOKE OR HAZE
[NO. OF DAYS WITH]      [WEATHER - DAYS WITH]      9 = BLOWING SNOW
                                                   X = TORNADO
MAX 32 OR BELOW:   0    0.01 INCH OR MORE:   3
MAX 90 OR ABOVE:   3    0.10 INCH OR MORE:   0
MIN 32 OR BELOW:   0    0.50 INCH OR MORE:   0
MIN  0 OR BELOW:   0    1.00 INCH OR MORE:   0

[HDD (BASE 65) ]
TOTAL THIS MO.    69    CLEAR  (SCALE 0-3)  25
DPTR FM NORMAL    11    PTCLDY (SCALE 4-7)   1
TOTAL FM JUL 1   123    CLOUDY (SCALE 8-10)  0
DPTR FM NORMAL    10

[CDD (BASE 65) ]
TOTAL THIS MO.    23
DPTR FM NORMAL   -25    [PRESSURE DATA]
TOTAL FM JAN 1   140    HIGHEST SLP M ON M
DPTR FM NORMAL    -2    LOWEST  SLP 29.61 ON  9

[REMARKS]
