000
CXUS56 KTFX 221205
CF6DLN
PRELIMINARY LOCAL CLIMATOLOGICAL DATA (WS FORM: F-6)

                                          STATION:   DILLON AIRPORT MT
                                          MONTH:     OCTOBER
                                          YEAR:      2014
                                          LATITUDE:   45 15 N
                                          LONGITUDE: 112 33 W

  TEMPERATURE IN F:       :PCPN:    SNOW:  WIND      :SUNSHINE: SKY     :PK WND
================================================================================
1   2   3   4   5  6A  6B    7    8   9   10  11  12  13   14  15   16   17  18
                                     12Z  AVG MX 2MIN
DY MAX MIN AVG DEP HDD CDD  WTR  SNW DPTH SPD SPD DIR MIN PSBL S-S WX    SPD DR
================================================================================

 1  56  35  46  -3  19   0 0.00    M    0  8.5 22 260   M    M   4        26 250
 2  59  28  44  -4  21   0 0.00    M    0 13.4 26 280   M    M   0        40 280
 3  63  21  42  -6  23   0 0.00    M    0  5.1 15 200   M    M   0        18 200
 4  71  40  56   8   9   0 0.00    M    0 12.2 23 210   M    M   2 8      28 220
 5  74  47  61  14   4   0 0.00    M    0 10.0 21 270   M    M   2        27 270
 6  76  49  63  16   2   0 0.00    M    0 11.9 23 240   M    M   0        29 260
 7  76  45  61  15   4   0 0.00    M    0  9.8 22 220   M    M   1        31 200
 8  75  42  59  13   6   0 0.00    M    0  7.3 16 200   M    M   0        19 200
 9  67  36  52   6  13   0 0.00    M    0  7.2 15  30   M    M   1        18  40
10  68  36  52   6  13   0 0.00    M    0  5.2 14 190   M    M   2        17 210
11  68  44  56  11   9   0    T    M    0 13.5 40 280   M    M   3        52 280
12  55  36  46   1  19   0 0.05    M    0  5.9 15 260   M    M   7 1      20 280
13  64  34  49   5  16   0 0.00    M    0  9.2 21 220   M    M   3        26 220
14  70  37  54  10  11   0 0.00  0.0    0 10.2 29 180   M    M   0        39 180
15  71  38  55  11  10   0 0.00    M    0 16.0 39 270   M    M   2        56 240
16  55  33  44   0  21   0 0.00    M    0  8.0 16 220   M    M   4        19 220
17  62  26  44   1  21   0 0.00    M    0  5.3 12 200   M    M   0        13 190
18  71  35  53  10  12   0 0.00    M    0  7.0 16 200   M    M   0        21 210
19  72  34  53  10  12   0 0.00    M    0  7.0 15 140   M    M   0        17 140
20  75  40  58  16   7   0    T    M    0 10.9 26 170   M    M   0        34 180
21  61  34  48   6  17   0 0.21    M    0 12.7 39 230   M    M   5 1      50 170
================================================================================
SM 1409  770       269   0  0.26     0.0 196.3          M       36
================================================================================
AV 67.1 36.7                               9.3 FASTST   M    M   2    MAX(MPH)
                                 MISC ---->  # 40 280               # 56  240
================================================================================
NOTES:
# LAST OF SEVERAL OCCURRENCES

COLUMN 17 PEAK WIND IN M.P.H.

PRELIMINARY LOCAL CLIMATOLOGICAL DATA (WS FORM: F-6) , PAGE 2

                                          STATION:  DILLON AIRPORT MT
                                          MONTH:    OCTOBER
                                          YEAR:     2014
                                          LATITUDE:   45 15 N
                                          LONGITUDE: 112 33 W

[TEMPERATURE DATA]      [PRECIPITATION DATA]       SYMBOLS USED IN COLUMN 16

AVERAGE MONTHLY: 51.9   TOTAL FOR MONTH:   0.26    1 = FOG OR MIST
DPTR FM NORMAL:   6.6   DPTR FM NORMAL:   -0.30    2 = FOG REDUCING VISIBILITY
HIGHEST:    76 ON  7, 6 GRTST 24HR  0.21 ON 20-21      TO 1/4 MILE OR LESS
LOWEST:     21 ON  3                               3 = THUNDER
                        SNOW, ICE PELLETS, HAIL    4 = ICE PELLETS
                        TOTAL MONTH:   0.0 INCH    5 = HAIL
                        GRTST 24HR     0.0         6 = FREEZING RAIN OR DRIZZLE
                        GRTST DEPTH:   0           7 = DUSTSTORM OR SANDSTORM:
                                                       VSBY 1/2 MILE OR LESS
                                                   8 = SMOKE OR HAZE
[NO. OF DAYS WITH]      [WEATHER - DAYS WITH]      9 = BLOWING SNOW
                                                   X = TORNADO
MAX 32 OR BELOW:   0    0.01 INCH OR MORE:   2
MAX 90 OR ABOVE:   0    0.10 INCH OR MORE:   1
MIN 32 OR BELOW:   3    0.50 INCH OR MORE:   0
MIN  0 OR BELOW:   0    1.00 INCH OR MORE:   0

[HDD (BASE 65) ]
TOTAL THIS MO.   269    CLEAR  (SCALE 0-3)  16
DPTR FM NORMAL  -144    PTCLDY (SCALE 4-7)   5
TOTAL FM JUL 1   630    CLOUDY (SCALE 8-10)  0
DPTR FM NORMAL  -232

[CDD (BASE 65) ]
TOTAL THIS MO.     0
DPTR FM NORMAL     0    [PRESSURE DATA]
TOTAL FM JAN 1   170    HIGHEST SLP M ON M
DPTR FM NORMAL    14    LOWEST  SLP 29.52 ON 15

[REMARKS]
