000
CXUS51 KLWX 300620
CF6DMH
PRELIMINARY LOCAL CLIMATOLOGICAL DATA (WS FORM: F-6)

                                          STATION:   BALTIMORE INNER HARBOR MD
                                          MONTH:     JUNE
                                          YEAR:      2015
                                          LATITUDE:   39 16 N
                                          LONGITUDE:  76 37 W

  TEMPERATURE IN F:       :PCPN:    SNOW:  WIND      :SUNSHINE: SKY     :PK WND
================================================================================
1   2   3   4   5  6A  6B    7    8   9   10  11  12  13   14  15   16   17  18
                                     12Z  AVG MX 2MIN
DY MAX MIN AVG DEP HDD CDD  WTR  SNW DPTH SPD SPD DIR MIN PSBL S-S WX    SPD DR
================================================================================

 1  86  66  76   5   0  11 0.48    M    M   M   M   M   M    M   M         M  M
 2  67  58  63  -9   2   0 0.30    M    M   M   M   M   M    M   M         M  M
 3  64  56  60 -12   5   0 0.06    M    M   M   M   M   M    M   M         M  M
 4  66  58  62 -10   3   0 0.09    M    M   M   M   M   M    M   M         M  M
 5  73  57  65  -8   0   0 0.09    M    M   M   M   M   M    M   M         M  M
 6  80  66  73   0   0   8 0.00    M    M   M   M   M   M    M   M         M  M
 7  77  67  72  -1   0   7 0.00    M    M   M   M   M   M    M   M         M  M
 8  88  64  76   2   0  11 0.31    M    M   M   M   M   M    M   M         M  M
 9  86  71  79   5   0  14 0.00    M    M   M   M   M   M    M   M         M  M
10  85  70  78   4   0  13 0.00    M    M   M   M   M   M    M   M         M  M
11  95  71  83   8   0  18 0.00    M    M   M   M   M   M    M   M         M  M
12  95  77  86  11   0  21 0.00    M    M   M   M   M   M    M   M         M  M
13  89  77  83   7   0  18 0.00    M    M   M   M   M   M    M   M         M  M
14  89  75  82   6   0  17 0.24    M    M   M   M   M   M    M   M         M  M
15  90  75  83   7   0  18 0.04    M    M   M   M   M   M    M   M         M  M
16  93  78  86  10   0  21 0.00    M    M   M   M   M   M    M   M         M  M
17  85  70  78   1   0  13 0.16    M    M   M   M   M   M    M   M         M  M
18  86  70  78   1   0  13 0.11    M    M   M   M   M   M    M   M         M  M
19  86  74  80   3   0  15 0.00    M    M   M   M   M   M    M   M         M  M
20  87  72  80   2   0  15 1.09    M    M   M   M   M   M    M   M         M  M
21  92  73  83   5   0  18 0.08    M    M   M   M   M   M    M   M         M  M
22  91  77  84   6   0  19 0.00    M    M   M   M   M   M    M   M         M  M
23  97  73  85   7   0  20 1.29    M    M   M   M   M   M    M   0 3       M  M
24  85  70  78  -1   0  13 0.00    M    M   M   M   M   M    M   0         M  M
25  83  67  75  -4   0  10 0.43    M    M   M   M   M   M    M   0 3       M  M
26  79  67  73  -6   0   8 0.00    M    M   M   M   M   M    M   M         M  M
27  73  65  69 -10   0   4 2.83    M    M   M   M   M   M    M   M         M  M
28  78  66  72  -8   0   7 0.04    M    M   M   M   M   M    M   M         M  M
29  83  62  73  -7   0   8 0.00    M    M   M   M   M   M    M   M         M  M
================================================================================
SM 2428 1992        10 340  7.64    M        M          M        0
================================================================================
AV 83.7 68.7                                 M FASTST   M    M   0    MAX(MPH)
                                 MISC ---->     M   M                  M    M
================================================================================
NOTES:
# LAST OF SEVERAL OCCURRENCES

COLUMN 17 PEAK WIND IN M.P.H.

PRELIMINARY LOCAL CLIMATOLOGICAL DATA (WS FORM: F-6) , PAGE 2

                                          STATION:  BALTIMORE INNER HARBOR MD
                                          MONTH:    JUNE
                                          YEAR:     2015
                                          LATITUDE:   39 16 N
                                          LONGITUDE:  76 37 W

[TEMPERATURE DATA]      [PRECIPITATION DATA]       SYMBOLS USED IN COLUMN 16

AVERAGE MONTHLY: 76.2   TOTAL FOR MONTH:   7.64    1 = FOG OR MIST
DPTR FM NORMAL:   0.3   DPTR FM NORMAL:    4.49    2 = FOG REDUCING VISIBILITY
HIGHEST:    97 ON 23    GRTST 24HR  2.87 ON 27-28      TO 1/4 MILE OR LESS
LOWEST:     56 ON  3                               3 = THUNDER
                        SNOW, ICE PELLETS, HAIL    4 = ICE PELLETS
                        TOTAL MONTH:    M          5 = HAIL
                        GRTST 24HR    M  ON   M    6 = FREEZING RAIN OR DRIZZLE
                        GRTST DEPTH:  M  ON   M    7 = DUSTSTORM OR SANDSTORM:
                                                       VSBY 1/2 MILE OR LESS
                                                   8 = SMOKE OR HAZE
[NO. OF DAYS WITH]      [WEATHER - DAYS WITH]      9 = BLOWING SNOW
                                                   X = TORNADO
MAX 32 OR BELOW:   0    0.01 INCH OR MORE:  16
MAX 90 OR ABOVE:   7    0.10 INCH OR MORE:  10
MIN 32 OR BELOW:   0    0.50 INCH OR MORE:   3
MIN  0 OR BELOW:   0    1.00 INCH OR MORE:   3

[HDD (BASE 65) ]
TOTAL THIS MO.    10    CLEAR  (SCALE 0-3)   3
DPTR FM NORMAL     6    PTCLDY (SCALE 4-7)   0
TOTAL FM JUL 1  4387    CLOUDY (SCALE 8-10)  0
DPTR FM NORMAL   357

[CDD (BASE 65) ]
TOTAL THIS MO.   340
DPTR FM NORMAL    19    [PRESSURE DATA]
TOTAL FM JAN 1   586    HIGHEST SLP M ON M
DPTR FM NORMAL   126    LOWEST  SLP 29.66 ON 28

[REMARKS]
