000
CXUS55 KEAX 230736
CF6DMO
PRELIMINARY LOCAL CLIMATOLOGICAL DATA (WS FORM: F-6)

                                          STATION:   SEDALIA MO
                                          MONTH:     OCTOBER
                                          YEAR:      2017
                                          LATITUDE:   38 42 N
                                          LONGITUDE:  93  6 W

  TEMPERATURE IN F:       :PCPN:    SNOW:  WIND      :SUNSHINE: SKY     :PK WND
================================================================================
1   2   3   4   5  6A  6B    7    8   9   10  11  12  13   14  15   16   17  18
                                     12Z  AVG MX 2MIN
DY MAX MIN AVG DEP HDD CDD  WTR  SNW DPTH SPD SPD DIR MIN PSBL S-S WX    SPD DR
================================================================================

 1  81  58  70   7   0   5 0.00    M    M  9.8 21 160   M    M   0        26 150
 2  87  69  78  15   0  13 0.00    M    M 15.1 23 170   M    M   1        33 160
 3  84  70  77  15   0  12 0.00    M    M 12.0 20 160   M    M   7        33 190
 4  73  65  69   7   0   4 0.73    M    M  5.1 13 320   M    M  10 12     14 330
 5  76  65  71   9   0   6 0.14    M    M  5.8 14 200   M    M   9 12     17 200
 6  75  69  72  11   0   7 0.05    M    M  9.8 20 170   M    M   6 1      26 180
 7  75  59  67   6   0   2 0.01    M    M 12.3 24 260   M    M   3        33 230
 8  81  55  68   7   0   3 0.00    M    M  5.9 14 220   M    M   0        16 220
 9  85  55  70  10   0   5 0.19    M    M  5.5 15 330   M    M   1 13     23  30
10  61  48  55  -5  10   0 0.35    M    M 10.1 17 350   M    M   9 13     23 270
11  59  46  53  -7  12   0 0.00    M    M  6.4 12 350   M    M   7 1      16 300
12  72  47  60   0   5   0 0.00    M    M  7.2 12 130   M    M   7        17 150
13  87  57  72  13   0   7 0.00    M    M 10.7 21 190   M    M   1        25 200
14  88  62  75  16   0  10 1.32    M    M 13.2 35 280   M    M   3 1      47 290
15  63  48  56  -3   9   0 0.19    M    M 11.4 24 330   M    M   5 1      33 330
16  70  42  56  -2   9   0 0.00    M    M  6.7 12 220   M    M   0        16 270
17  72  43  58   0   7   0 0.00    M    M  9.8 20 200   M    M   0        24 230
18  76  47  62   4   3   0 0.00    M    M 10.3 18 200   M    M   0        24 200
19  80  55  68  11   0   3 0.00    M    M 10.0 18 220   M    M   0        23 220
20  72  56  64   7   1   0 0.00    M    M 13.2 21 170   M    M   0        28 150
21  82  61  72  15   0   7 0.63    M    M 16.1 29 190   M    M   4 13     37 180
22  62  47  55  -1  10   0 0.78    M    M  7.4 23 320   M    M   5 13     33 330
================================================================================
SM 1661 1224        66  84  4.39    M    213.8          M       78
================================================================================
AV 75.5 55.6                               9.7 FASTST   M    M   4    MAX(MPH)
                                 MISC ---->  # 35 280               # 47  290
================================================================================
NOTES:
# LAST OF SEVERAL OCCURRENCES

COLUMN 17 PEAK WIND IN M.P.H.

PRELIMINARY LOCAL CLIMATOLOGICAL DATA (WS FORM: F-6) , PAGE 2

                                          STATION:  SEDALIA MO
                                          MONTH:    OCTOBER
                                          YEAR:     2017
                                          LATITUDE:   38 42 N
                                          LONGITUDE:  93  6 W

[TEMPERATURE DATA]      [PRECIPITATION DATA]       SYMBOLS USED IN COLUMN 16

AVERAGE MONTHLY: 65.6   TOTAL FOR MONTH:   4.39    1 = FOG OR MIST
DPTR FM NORMAL:   5.9   DPTR FM NORMAL:    1.59    2 = FOG REDUCING VISIBILITY
HIGHEST:    88 ON 14    GRTST 24HR  1.32 ON 14-14      TO 1/4 MILE OR LESS
LOWEST:     42 ON 16                               3 = THUNDER
                        SNOW, ICE PELLETS, HAIL    4 = ICE PELLETS
                        TOTAL MONTH:    M          5 = HAIL
                        GRTST 24HR    M  ON   M    6 = FREEZING RAIN OR DRIZZLE
                        GRTST DEPTH:  M  ON   M    7 = DUSTSTORM OR SANDSTORM:
                                                       VSBY 1/2 MILE OR LESS
                                                   8 = SMOKE OR HAZE
[NO. OF DAYS WITH]      [WEATHER - DAYS WITH]      9 = BLOWING SNOW
                                                   X = TORNADO
MAX 32 OR BELOW:   0    0.01 INCH OR MORE:  10
MAX 90 OR ABOVE:   0    0.10 INCH OR MORE:   8
MIN 32 OR BELOW:   0    0.50 INCH OR MORE:   4
MIN  0 OR BELOW:   0    1.00 INCH OR MORE:   1

[HDD (BASE 65) ]
TOTAL THIS MO.    66    CLEAR  (SCALE 0-3)  10
DPTR FM NORMAL   -82    PTCLDY (SCALE 4-7)   9
TOTAL FM JUL 1    75    CLOUDY (SCALE 8-10)  3
DPTR FM NORMAL  -118

[CDD (BASE 65) ]
TOTAL THIS MO.    84
DPTR FM NORMAL    52    [PRESSURE DATA]
TOTAL FM JAN 1  1491    HIGHEST SLP  0.00 ON M
DPTR FM NORMAL     9    LOWEST  SLP  0.00 ON M

[REMARKS]
