000
CXUS55 KEAX 220736
CF6DMO
PRELIMINARY LOCAL CLIMATOLOGICAL DATA (WS FORM: F-6)

                                          STATION:   SEDALIA MO
                                          MONTH:     MARCH
                                          YEAR:      2017
                                          LATITUDE:   38 42 N
                                          LONGITUDE:  93  6 W

  TEMPERATURE IN F:       :PCPN:    SNOW:  WIND      :SUNSHINE: SKY     :PK WND
================================================================================
1   2   3   4   5  6A  6B    7    8   9   10  11  12  13   14  15   16   17  18
                                     12Z  AVG MX 2MIN
DY MAX MIN AVG DEP HDD CDD  WTR  SNW DPTH SPD SPD DIR MIN PSBL S-S WX    SPD DR
================================================================================

 1  51  35  43   2  22   0 0.22    M    M 15.1 28 300   M    M   4 13     35 300
 2  56  29  43   2  22   0 0.00    M    M 10.2 26 310   M    M   2        33 330
 3  53  25  39  -3  26   0 0.00    M    M 10.6 21 140   M    M   0        25 150
 4  71  48  60  18   5   0 0.00    M    M 16.2 30 220   M    M   1        36 230
 5  62  57  60  18   5   0 0.00    M    M 17.9 28 180   M    M  10        36 170
 6  77  50  64  21   1   0 0.44    M    M 23.4 45 290   M    M   9 13     57 290
 7  59  39  49   6  16   0 0.00    M    M 12.7 32 280   M    M   1        41 270
 8  66  39  53  10  12   0 0.00    M    M 10.7 23 220   M    M   0        27 220
 9  71  40  56  12   9   0 0.08    M    M 11.5 23  10   M    M   0 13     28  20
10  44  30  37  -7  28   0 0.00    M    M 11.8 21  10   M    M   3        24  10
11  36  28  32 -12  33   0 0.01    M    M  8.1 16  70   M    M   9 1      20  80
12  45  26  36  -9  29   0 0.01    M    M  7.4 20 140   M    M   5 18     25 150
13  41  30  36  -9  29   0    T    M    M 13.5 23 350   M    M  10 18     31 300
14  35  23  29 -17  36   0 0.00    M    M  9.1 17  10   M    M   8        19  10
15  42  17  30 -16  35   0 0.00    M    M  3.8 10 220   M    M   3        17 220
16  67  36  52   6  13   0 0.00    M    M 11.6 23 160   M    M   5        27 170
17  76  49  63  16   2   0 0.00    M    M 10.4 21 340   M    M   5 8      25 330
18  64  37  51   4  14   0 0.00    M    M  7.8 15 320   M    M   0        19 320
19  75  44  60  13   5   0    T    M    M 13.3 20 180   M    M   4        26 170
20  86  58  72  24   0   7 0.00    M    M 12.2 22 190   M    M   0        31 190
21  63  45  54   6  11   0 0.00    M    M 11.9 24  40   M    M   4        30  40
================================================================================
SM 1240  785       353   7  0.76    M    249.2          M       83
================================================================================
AV 59.1 37.4                              11.9 FASTST   M    M   4    MAX(MPH)
                                 MISC ---->  # 45 290               # 57  290
================================================================================
NOTES:
# LAST OF SEVERAL OCCURRENCES

COLUMN 17 PEAK WIND IN M.P.H.

PRELIMINARY LOCAL CLIMATOLOGICAL DATA (WS FORM: F-6) , PAGE 2

                                          STATION:  SEDALIA MO
                                          MONTH:    MARCH
                                          YEAR:     2017
                                          LATITUDE:   38 42 N
                                          LONGITUDE:  93  6 W

[TEMPERATURE DATA]      [PRECIPITATION DATA]       SYMBOLS USED IN COLUMN 16

AVERAGE MONTHLY: 48.2   TOTAL FOR MONTH:   0.76    1 = FOG OR MIST
DPTR FM NORMAL:   3.7   DPTR FM NORMAL:   -0.96    2 = FOG REDUCING VISIBILITY
HIGHEST:    86 ON 20    GRTST 24HR  0.44 ON  6- 6      TO 1/4 MILE OR LESS
LOWEST:     17 ON 15                               3 = THUNDER
                        SNOW, ICE PELLETS, HAIL    4 = ICE PELLETS
                        TOTAL MONTH:    M          5 = HAIL
                        GRTST 24HR    M  ON   M    6 = FREEZING RAIN OR DRIZZLE
                        GRTST DEPTH:  M  ON   M    7 = DUSTSTORM OR SANDSTORM:
                                                       VSBY 1/2 MILE OR LESS
                                                   8 = SMOKE OR HAZE
[NO. OF DAYS WITH]      [WEATHER - DAYS WITH]      9 = BLOWING SNOW
                                                   X = TORNADO
MAX 32 OR BELOW:   0    0.01 INCH OR MORE:   5
MAX 90 OR ABOVE:   0    0.10 INCH OR MORE:   2
MIN 32 OR BELOW:   8    0.50 INCH OR MORE:   0
MIN  0 OR BELOW:   0    1.00 INCH OR MORE:   0

[HDD (BASE 65) ]
TOTAL THIS MO.   353    CLEAR  (SCALE 0-3)  10
DPTR FM NORMAL   -80    PTCLDY (SCALE 4-7)   7
TOTAL FM JUL 1  3236    CLOUDY (SCALE 8-10)  4
DPTR FM NORMAL  -814

[CDD (BASE 65) ]
TOTAL THIS MO.     7
DPTR FM NORMAL     7    [PRESSURE DATA]
TOTAL FM JAN 1     7    HIGHEST SLP  0.00 ON M
DPTR FM NORMAL     7    LOWEST  SLP  0.00 ON M

[REMARKS]
