000
CXUS55 KCAE 291400
CF6DNL
PRELIMINARY LOCAL CLIMATOLOGICAL DATA (WS FORM: F-6)

                                          STATION:   AUGUSTA DANIEL FIELD GA
                                          MONTH:     MARCH
                                          YEAR:      2015
                                          LATITUDE:   33 28 N
                                          LONGITUDE:  82  2 W

  TEMPERATURE IN F:       :PCPN:    SNOW:  WIND      :SUNSHINE: SKY     :PK WND
================================================================================
1   2   3   4   5  6A  6B    7    8   9   10  11  12  13   14  15   16   17  18
                                     12Z  AVG MX 2MIN
DY MAX MIN AVG DEP HDD CDD  WTR  SNW DPTH SPD SPD DIR MIN PSBL S-S WX    SPD DR
================================================================================

 1  44  36  40 -14  25   0 0.23    M    M  5.5 13  30   M    M  10 1      18  10
 2  77  44  61   7   4   0    T    M    M  4.4 10 220   M    M   6 12     17 280
 3  64  52  58   4   7   0 0.02    M    M  5.7 10 110   M    M  10 12     13 100
 4  79  52  66  11   0   1 0.00    M    M  6.9 21 200   M    M   7 12     30 210
 5  80  45  63   8   2   0 0.11    M    M 13.7 26 210   M    M   8 18     40 200
 6  53  40  47  -8  18   0 0.00    M    M  7.5 18  40   M    M   5        25  50
 7  66  35  51  -5  14   0 0.00    M    M  2.3 13 200   M    M   0        17 190
 8  74  42  58   2   7   0 0.00    M    M  3.7 14 200   M    M   0        20 210
 9  73  53  63   7   2   0    T    M    M  5.2 10  70   M    M   5        14  70
10  85  58  72  16   0   7 0.00    M    M  7.9 18 170   M    M   1        24 200
11  82  61  72  15   0   7    T    M    M  5.9 17 210   M    M   1        23 200
12  74  62  68  11   0   3    T    M    M 10.0 17  70   M    M   7 1      23  60
13  62  48  55  -2  10   0 0.11    M    M 10.0 18  50   M    M  10 1      26  50
14  71  49  60   3   5   0 0.32    M    M  4.2 13 300   M    M   7 1      17 290
15  80  57  69  11   0   4 0.00    M    M  5.3 12 300   M    M   0 1      17 300
16  86  51  69  11   0   4 0.00    M    M  4.1 10 210   M    M   0        15 210
17  84  62  73  15   0   8 0.00    M    M  7.6 17 290   M    M   0        30 290
18  73  59  66   8   0   1 0.00    M    M  8.1 20  60   M    M   0        24  70
19  60  50  55  -3  10   0 0.72    M    M  8.5 15  70   M    M   9 1      22 110
20  71  48  60   1   5   0    T    M    M  5.2 10 340   M    M   7 1      13 350
21  76  57  67   8   0   2 0.00    M    M  3.8  9  30   M    M   3 1      11 100
22  66  57  62   3   3   0 0.83    M    M  5.7 12  70   M    M  10 1      16  70
23  71  56  64   5   1   0    T    M    M  8.7 20  70   M    M   9        25  80
24  76  51  64   4   1   0 0.00    M    M  5.0 12 150   M    M   3        15  70
25  72  62  67   7   0   2 0.05    M    M  5.8 10  80   M    M   7 18     14  70
26  76  62  69   9   0   4 0.00    M    M  7.9 17 200   M    M   6 12     22 200
27  68  48  58  -2   7   0 0.12    M    M  6.8 17 300   M    M   7 1      23 310
28  57  40  49 -11  16   0 0.00    M    M  8.2 18 300   M    M   0        25 290
================================================================================
SM 2000 1437       137  43  2.51    M    183.6          M      138
================================================================================
AV 71.4 51.3                               6.6 FASTST   M    M   5    MAX(MPH)
                                 MISC ---->  # 26 210               # 40  200
================================================================================
NOTES:
# LAST OF SEVERAL OCCURRENCES

COLUMN 17 PEAK WIND IN M.P.H.

PRELIMINARY LOCAL CLIMATOLOGICAL DATA (WS FORM: F-6) , PAGE 2

                                          STATION:  AUGUSTA DANIEL FIELD GA
                                          MONTH:    MARCH
                                          YEAR:     2015
                                          LATITUDE:   33 28 N
                                          LONGITUDE:  82  2 W

[TEMPERATURE DATA]      [PRECIPITATION DATA]       SYMBOLS USED IN COLUMN 16

AVERAGE MONTHLY: 61.4   TOTAL FOR MONTH:   2.51    1 = FOG OR MIST
DPTR FM NORMAL:   4.1   DPTR FM NORMAL:   -1.34    2 = FOG REDUCING VISIBILITY
HIGHEST:    86 ON 16    GRTST 24HR  0.83 ON 22-22      TO 1/4 MILE OR LESS
LOWEST:     35 ON  7                               3 = THUNDER
                        SNOW, ICE PELLETS, HAIL    4 = ICE PELLETS
                        TOTAL MONTH:    M          5 = HAIL
                        GRTST 24HR    M  ON   M    6 = FREEZING RAIN OR DRIZZLE
                        GRTST DEPTH:  M  ON   M    7 = DUSTSTORM OR SANDSTORM:
                                                       VSBY 1/2 MILE OR LESS
                                                   8 = SMOKE OR HAZE
[NO. OF DAYS WITH]      [WEATHER - DAYS WITH]      9 = BLOWING SNOW
                                                   X = TORNADO
MAX 32 OR BELOW:   0    0.01 INCH OR MORE:   9
MAX 90 OR ABOVE:   0    0.10 INCH OR MORE:   7
MIN 32 OR BELOW:   0    0.50 INCH OR MORE:   2
MIN  0 OR BELOW:   0    1.00 INCH OR MORE:   0

[HDD (BASE 65) ]
TOTAL THIS MO.   137    CLEAR  (SCALE 0-3)   9
DPTR FM NORMAL   -97    PTCLDY (SCALE 4-7)  13
TOTAL FM JUL 1  1992    CLOUDY (SCALE 8-10)  6
DPTR FM NORMAL   -55

[CDD (BASE 65) ]
TOTAL THIS MO.    43
DPTR FM NORMAL    17    [PRESSURE DATA]
TOTAL FM JAN 1    43    HIGHEST SLP M ON M
DPTR FM NORMAL    13    LOWEST  SLP 29.65 ON 27

[REMARKS]
