000
CXUS55 KCAE 261400
CF6DNL
PRELIMINARY LOCAL CLIMATOLOGICAL DATA (WS FORM: F-6)

                                          STATION:   AUGUSTA DANIEL FIELD GA
                                          MONTH:     JUNE
                                          YEAR:      2017
                                          LATITUDE:   33 28 N
                                          LONGITUDE:  82  2 W

  TEMPERATURE IN F:       :PCPN:    SNOW:  WIND      :SUNSHINE: SKY     :PK WND
================================================================================
1   2   3   4   5  6A  6B    7    8   9   10  11  12  13   14  15   16   17  18
                                     12Z  AVG MX 2MIN
DY MAX MIN AVG DEP HDD CDD  WTR  SNW DPTH SPD SPD DIR MIN PSBL S-S WX    SPD DR
================================================================================

 1  89  70  80   3   0  15 0.00    M    M  2.5 14 210   M    M   1        19 200
 2  92  70  81   4   0  16    T    M    M  4.6 10 350   M    M   1        14 310
 3  93  72  83   5   0  18    T    M    M  3.7 12  20   M    M   2 3      13 120
 4  91  73  82   4   0  17 0.11    M    M  5.3 17 150   M    M   3 8      24 160
 5  89  73  81   3   0  16 0.09    M    M  5.5 17 210   M    M   8 38     22 200
 6  85  73  79   1   0  14 0.02    M    M  4.5 14 320   M    M   7        20 310
 7  76  67  72  -6   0   7    T    M    M  8.4 17  50   M    M   6        22  70
 8  83  62  73  -5   0   8 0.00    M    M  6.5 14  20   M    M   0        18  99
 9  89  65  77  -2   0  12 0.00  0.0    0  5.1 14 210   M    M   5        17 290
10  91  68  80   1   0  15 0.00    M    M  4.7 13 140   M    M   1        20 190
11  91  70  81   2   0  16 0.00    M    M  6.4 14 140   M    M   0        18 140
12  89  72  81   2   0  16 0.00    M    M  3.8 12 150   M    M   0        16 110
13  93  73  83   4   0  18 0.00    M    M  3.8 12 190   M    M   2        14 130
14  96  72  84   5   0  19 0.00    M    M  3.7 12 200   M    M   2        17 220
15  97  74  86   6   0  21 0.30    M    M  5.5 21 300   M    M   4 3      32 290
16  90  72  81   1   0  16 0.03    M    M  3.3 14  80   M    M   7 3      17  70
17  94  73  84   4   0  19 0.00    M    M  4.2 13 180   M    M   4 1238   15 170
18  94  73  84   4   0  19 0.04    M    M  7.7 14 170   M    M   3 3      21 180
19  94  75  85   5   0  20 0.06    M    M  7.0 20 210   M    M   3 1      29 210
20  80  73  77  -3   0  12 0.23    M    M  5.1 12 180   M    M   7 1      14 180
21  86  73  80   0   0  15 0.06    M    M  5.0  9 140   M    M   6 1      12 140
22  91  75  83   3   0  18    T    M    M  4.5 13 180   M    M   5 128    15 190
23  96  77  87   7   0  22 0.00    M    M  9.7 20 210   M    M   3        27 190
24  91  76  84   3   0  19 0.33    M    M  5.8 20 320   M    M   4 13     27 320
25  92  73  83   2   0  18    T    M    M  5.7 14 310   M    M   2        19 330
================================================================================
SM 2252 1794         0 406  1.27     0.0 132.0          M       86
================================================================================
AV 90.1 71.8                               5.3 FASTST   M    M   3    MAX(MPH)
                                 MISC ---->  # 21 300               # 32  290
================================================================================
NOTES:
# LAST OF SEVERAL OCCURRENCES

COLUMN 17 PEAK WIND IN M.P.H.

PRELIMINARY LOCAL CLIMATOLOGICAL DATA (WS FORM: F-6) , PAGE 2

                                          STATION:  AUGUSTA DANIEL FIELD GA
                                          MONTH:    JUNE
                                          YEAR:     2017
                                          LATITUDE:   33 28 N
                                          LONGITUDE:  82  2 W

[TEMPERATURE DATA]      [PRECIPITATION DATA]       SYMBOLS USED IN COLUMN 16

AVERAGE MONTHLY: 80.9   TOTAL FOR MONTH:   1.27    1 = FOG OR MIST
DPTR FM NORMAL:   1.8   DPTR FM NORMAL:   -2.34    2 = FOG REDUCING VISIBILITY
HIGHEST:    97 ON 15    GRTST 24HR  0.33 ON 24-24      TO 1/4 MILE OR LESS
LOWEST:     62 ON  8                               3 = THUNDER
                        SNOW, ICE PELLETS, HAIL    4 = ICE PELLETS
                        TOTAL MONTH:   0.0 INCH    5 = HAIL
                        GRTST 24HR     0.0         6 = FREEZING RAIN OR DRIZZLE
                        GRTST DEPTH:   0           7 = DUSTSTORM OR SANDSTORM:
                                                       VSBY 1/2 MILE OR LESS
                                                   8 = SMOKE OR HAZE
[NO. OF DAYS WITH]      [WEATHER - DAYS WITH]      9 = BLOWING SNOW
                                                   X = TORNADO
MAX 32 OR BELOW:   0    0.01 INCH OR MORE:  10
MAX 90 OR ABOVE:  16    0.10 INCH OR MORE:   4
MIN 32 OR BELOW:   0    0.50 INCH OR MORE:   0
MIN  0 OR BELOW:   0    1.00 INCH OR MORE:   0

[HDD (BASE 65) ]
TOTAL THIS MO.     0    CLEAR  (SCALE 0-3)  12
DPTR FM NORMAL     0    PTCLDY (SCALE 4-7)  13
TOTAL FM JUL 1  1245    CLOUDY (SCALE 8-10)  0
DPTR FM NORMAL  -925

[CDD (BASE 65) ]
TOTAL THIS MO.   406
DPTR FM NORMAL    52    [PRESSURE DATA]
TOTAL FM JAN 1  1055    HIGHEST SLP M ON M
DPTR FM NORMAL   344    LOWEST  SLP 29.70 ON M

[REMARKS]
