000
CXUS55 KVEF 210940
CF6DRA
PRELIMINARY LOCAL CLIMATOLOGICAL DATA (WS FORM: F-6)

                                          STATION:   DESERT ROCK-MERCURY NV
                                          MONTH:     OCTOBER
                                          YEAR:      2017
                                          LATITUDE:   36 37 N
                                          LONGITUDE: 116  1 W

  TEMPERATURE IN F:       :PCPN:    SNOW:  WIND      :SUNSHINE: SKY     :PK WND
================================================================================
1   2   3   4   5  6A  6B    7    8   9   10  11  12  13   14  15   16   17  18
                                     12Z  AVG MX 2MIN
DY MAX MIN AVG DEP HDD CDD  WTR  SNW DPTH SPD SPD DIR MIN PSBL S-S WX    SPD DR
================================================================================

 1  84  54  69   0   0   4 0.00  0.0    0 10.0 30  30   M    M   0        37  40
 2  64  57  61  -8   4   0 0.00  0.0    0 17.5 24  40   M    M   0        38  30
 3  79  49  64  -4   1   0 0.00  0.0    M 13.4 32 210   M    M   0        40 220
 4  78  49  64  -4   1   0 0.00  0.0    0  7.0 17 260   M    M   0        24 260
 5  79  45  62  -6   3   0 0.00  0.0    0  4.2 13 200   M    M   0        16 240
 6  83  54  69   2   0   4 0.00  0.0    0  8.0 20  30   M    M   0        24  30
 7  85  47  66  -1   0   1 0.00  0.0    0  5.4 14 240   M    M   0        19 230
 8  86  49  68   2   0   3 0.00  0.0    0 12.3 45  30   M    M   0        58  30
 9  70  48  59  -7   6   0 0.00  0.0    0 13.1 29  40   M    M   0        36  30
10  74  44  59  -7   6   0 0.00  0.0    0  7.0 18 130   M    M   0        23 110
11  82  47  65   0   0   0 0.00  0.0    0  7.5 26 180   M    M   0        33 190
12  77  51  64  -1   1   0 0.00  0.0    0  7.0 21  50   M    M   0        26  40
13  78  44  61  -3   4   0 0.00  0.0    0  5.7 18 240   M    M   0        23 230
14  76  43  60  -4   5   0 0.00  0.0    0 11.9 24  20   M    M   0        29  40
15   M   M   M   M   M   M 0.00  0.0    0   M   M   M   M    M   0         M  M
16  83  45  64   1   1   0 0.00  0.0    M  3.6 17  40   M    M   0        20  40
17  84  43  64   1   1   0 0.00  0.0    0  3.7 15 260   M    M   0        18 240
18  84  51  68   6   0   3    T  0.0    0  4.5 15  40   M    M   1        17  30
19  84  58  71   9   0   6 0.00  0.0    0  6.7 20 230   M    M   1        25 170
20  73  55  64   2   1   0 0.00  0.0    0 15.4 28 220   M    M   0        35 230
================================================================================
SM 1503  933        34  21    T      0.0 163.9          M        2
================================================================================
AV 79.1 49.1                               8.6 FASTST   M    M   0    MAX(MPH)
                                 MISC ---->  # 45  30               # 58   30
================================================================================
NOTES:
# LAST OF SEVERAL OCCURRENCES

COLUMN 17 PEAK WIND IN M.P.H.

PRELIMINARY LOCAL CLIMATOLOGICAL DATA (WS FORM: F-6) , PAGE 2

                                          STATION:  DESERT ROCK-MERCURY NV
                                          MONTH:    OCTOBER
                                          YEAR:     2017
                                          LATITUDE:   36 37 N
                                          LONGITUDE: 116  1 W

[TEMPERATURE DATA]      [PRECIPITATION DATA]       SYMBOLS USED IN COLUMN 16

AVERAGE MONTHLY: 64.1   TOTAL FOR MONTH:      T    1 = FOG OR MIST
DPTR FM NORMAL:  -1.3   DPTR FM NORMAL:   -0.22    2 = FOG REDUCING VISIBILITY
HIGHEST:    86 ON  8    GRTST 24HR    T  ON 18-18      TO 1/4 MILE OR LESS
LOWEST:     43 ON 17,14                            3 = THUNDER
                        SNOW, ICE PELLETS, HAIL    4 = ICE PELLETS
                        TOTAL MONTH:   0.0 INCH    5 = HAIL
                        GRTST 24HR     0.0         6 = FREEZING RAIN OR DRIZZLE
                        GRTST DEPTH:   0           7 = DUSTSTORM OR SANDSTORM:
                                                       VSBY 1/2 MILE OR LESS
                                                   8 = SMOKE OR HAZE
[NO. OF DAYS WITH]      [WEATHER - DAYS WITH]      9 = BLOWING SNOW
                                                   X = TORNADO
MAX 32 OR BELOW:   0    0.01 INCH OR MORE:   0
MAX 90 OR ABOVE:   0    0.10 INCH OR MORE:   0
MIN 32 OR BELOW:   0    0.50 INCH OR MORE:   0
MIN  0 OR BELOW:   0    1.00 INCH OR MORE:   0

[HDD (BASE 65) ]
TOTAL THIS MO.    34    CLEAR  (SCALE 0-3)  20
DPTR FM NORMAL   -15    PTCLDY (SCALE 4-7)   0
TOTAL FM JUL 1    51    CLOUDY (SCALE 8-10)  0
DPTR FM NORMAL    -6

[CDD (BASE 65) ]
TOTAL THIS MO.    21
DPTR FM NORMAL   -36    [PRESSURE DATA]
TOTAL FM JAN 1  2490    HIGHEST SLP M ON M
DPTR FM NORMAL   303    LOWEST  SLP 29.53 ON  2

[REMARKS]
