000
CXUS55 KGJT 271000
CF6DRO
PRELIMINARY LOCAL CLIMATOLOGICAL DATA (WS FORM: F-6)

                                          STATION:   DURANGO AIRPORT CO
                                          MONTH:     MARCH
                                          YEAR:      2017
                                          LATITUDE:   37  9 N
                                          LONGITUDE: 107 45 W

  TEMPERATURE IN F:       :PCPN:    SNOW:  WIND      :SUNSHINE: SKY     :PK WND
================================================================================
1   2   3   4   5  6A  6B    7    8   9   10  11  12  13   14  15   16   17  18
                                     12Z  AVG MX 2MIN
DY MAX MIN AVG DEP HDD CDD  WTR  SNW DPTH SPD SPD DIR MIN PSBL S-S WX    SPD DR
================================================================================

 1  34   4  19 -14  46   0 0.00    M    M  2.8 12 260   M    M   0        14 260
 2  43  10  27  -6  38   0 0.00    M    M  3.5 10  10   M    M   0        12  10
 3  51  19  35   1  30   0 0.00    M    M  3.7 13  10   M    M   0        14 360
 4  54  23  39   5  26   0 0.00    M    M  4.3 12 260   M    M   0        14 270
 5  45  28  37   3  28   0    T    M    M  5.3 15 230   M    M   4 3      19 250
 6  37  21  29  -6  36   0    T    M    M 17.0 35 250   M    M   4 1      45 250
 7  46  12  29  -6  36   0 0.00    M    M  4.8 17 220   M    M   0        22 230
 8  59  20  40   5  25   0 0.00    M    M  5.4 17 250   M    M   0        23 220
 9  64  21  43   7  22   0 0.00    M    M  6.0 22 260   M    M   0        27 270
10  65  22  44   8  21   0 0.00    M    M  5.9 18 260   M    M   0        24 250
11  66  26  46  10  19   0 0.00    M    M  4.5 17 250   M    M   0        22 210
12  64  24  44   8  21   0 0.00    M    M 10.0 26 300   M    M   0        33 280
13  66  25  46   9  19   0 0.00    M    M  7.6 24 250   M    M   0        28 250
14  69  25  47  10  18   0 0.00    M    M  5.1 20 300   M    M   0 8      24 300
15  71  24  48  11  17   0 0.00    M    M  5.1 21 260   M    M   0        27 210
16  70  25  48  10  17   0 0.00    M    M  8.4 28 270   M    M   0        35 260
17  70  29  50  12  15   0 0.00    M    M  3.8 15 220   M    M   0        21 220
18  72  29  51  13  14   0 0.00    M    M  5.5 20 200   M    M   0        23 210
19  71  27  49  11  16   0 0.00    M    M  5.6 22 250   M    M   0 8      29 290
20  69  27  48   9  17   0 0.00    M    M  5.5 21 270   M    M   1        29 250
21  69  28  49  10  16   0 0.00    M    M  5.1 24 210   M    M   1        35 210
22  64  35  50  11  15   0 0.00    M    M  4.2 17 220   M    M   0        20 220
23  51  30  41   1  24   0 0.24    M    M 10.7 29 250   M    M   8 1      33 260
24  61  31  46   6  19   0 0.00    M    M 12.4 26 260   M    M   1        32 250
25  60  26  43   3  22   0 0.03    M    M  6.5 33 210   M    M   3        45 190
26  58  34  46   6  19   0    T    M    M  8.7 21 260   M    M   4        27 270
================================================================================
SM 1549  625       596   0  0.27    M    167.4          M       26
================================================================================
AV 59.6 24.0                               6.4 FASTST   M    M   1    MAX(MPH)
                                 MISC ---->  # 35 250               # 45  250
================================================================================
NOTES:
# LAST OF SEVERAL OCCURRENCES

COLUMN 17 PEAK WIND IN M.P.H.

PRELIMINARY LOCAL CLIMATOLOGICAL DATA (WS FORM: F-6) , PAGE 2

                                          STATION:  DURANGO AIRPORT CO
                                          MONTH:    MARCH
                                          YEAR:     2017
                                          LATITUDE:   37  9 N
                                          LONGITUDE: 107 45 W

[TEMPERATURE DATA]      [PRECIPITATION DATA]       SYMBOLS USED IN COLUMN 16

AVERAGE MONTHLY: 41.8   TOTAL FOR MONTH:   0.27    1 = FOG OR MIST
DPTR FM NORMAL:   5.0   DPTR FM NORMAL:   -0.78    2 = FOG REDUCING VISIBILITY
HIGHEST:    72 ON 18    GRTST 24HR  0.24 ON 23-23      TO 1/4 MILE OR LESS
LOWEST:      4 ON  1                               3 = THUNDER
                        SNOW, ICE PELLETS, HAIL    4 = ICE PELLETS
                        TOTAL MONTH:    M          5 = HAIL
                        GRTST 24HR    M  ON   M    6 = FREEZING RAIN OR DRIZZLE
                        GRTST DEPTH:  M  ON   M    7 = DUSTSTORM OR SANDSTORM:
                                                       VSBY 1/2 MILE OR LESS
                                                   8 = SMOKE OR HAZE
[NO. OF DAYS WITH]      [WEATHER - DAYS WITH]      9 = BLOWING SNOW
                                                   X = TORNADO
MAX 32 OR BELOW:   0    0.01 INCH OR MORE:   2
MAX 90 OR ABOVE:   0    0.10 INCH OR MORE:   1
MIN 32 OR BELOW:  24    0.50 INCH OR MORE:   0
MIN  0 OR BELOW:   0    1.00 INCH OR MORE:   0

[HDD (BASE 65) ]
TOTAL THIS MO.   596    CLEAR  (SCALE 0-3)  22
DPTR FM NORMAL  -138    PTCLDY (SCALE 4-7)   3
TOTAL FM JUL 1  5216    CLOUDY (SCALE 8-10)  1
DPTR FM NORMAL  -693

[CDD (BASE 65) ]
TOTAL THIS MO.     0
DPTR FM NORMAL     0    [PRESSURE DATA]
TOTAL FM JAN 1     0    HIGHEST SLP M ON M
DPTR FM NORMAL     0    LOWEST  SLP 29.29 ON  6

[REMARKS]
