000
CXUS53 KDMX 260920
CF6DSM
PRELIMINARY LOCAL CLIMATOLOGICAL DATA (WS FORM: F-6)

                                          STATION:   DES MOINES IA
                                          MONTH:     JULY
                                          YEAR:      2017
                                          LATITUDE:   41 31 N
                                          LONGITUDE:  93 39 W

  TEMPERATURE IN F:       :PCPN:    SNOW:  WIND      :SUNSHINE: SKY     :PK WND
================================================================================
1   2   3   4   5  6A  6B    7    8   9   10  11  12  13   14  15   16   17  18
                                     12Z  AVG MX 2MIN
DY MAX MIN AVG DEP HDD CDD  WTR  SNW DPTH SPD SPD DIR MIN PSBL S-S WX    SPD DR
================================================================================

 1  82  59  71  -5   0   6 0.00  0.0    0  8.4 23 310   M    M   2        29 320
 2  83  66  75  -1   0  10    T  0.0    0  8.8 18 230   M    M   6        25 230
 3  90  69  80   4   0  15 0.00  0.0    0  3.9 16 180   M    M   7 3      19 180
 4  91  70  81   5   0  16 0.80  0.0    0  5.6 31 130   M    M   6 138    43 120
 5  90  68  79   3   0  14 0.00  0.0    0  3.9 12 160   M    M   4 18     15 160
 6  93  71  82   6   0  17 0.00  0.0    0  9.9 21 240   M    M   3        24 250
 7  87  71  79   3   0  14 0.00  0.0    0 10.5 21 360   M    M   3        27 350
 8  88  66  77   1   0  12 0.00  0.0    0  4.4 10 260   M    M   3        16 280
 9  94  68  81   5   0  16 0.00  0.0    0  8.5 20 230   M    M   3 8      24 190
10  91  76  84   8   0  19 0.00  0.0    0 11.8 25 240   M    M   6 8      33 220
11  95  71  83   7   0  18 0.49  0.0    0  8.4 29 300   M    M   7 1238   37 320
12  89  74  82   6   0  17    T  0.0    0  8.7 20 250   M    M   8 38     26 240
13  86  70  78   2   0  13 0.00  0.0    0  7.2 12  50   M    M   7        16 310
14  86  64  75  -1   0  10 0.00  0.0    0  5.8 13 140   M    M   1        18 100
15  93  66  80   4   0  15 0.00  0.0    0  8.8 16 250   M    M   2        24 250
16  94  75  85   9   0  20 0.00  0.0    0  7.0 15  90   M    M   3        20  70
17  91  72  82   6   0  17 0.00  0.0    0  8.6 20 140   M    M   5        25 120
18  91  75  83   7   0  18 0.00  0.0    0  8.2 16 230   M    M   6 1      20 220
19  98  76  87  11   0  22 0.01  0.0    0 10.0 23 180   M    M   6 3      28 190
20 100  76  88  12   0  23 0.02  0.0    0  8.0 21 340   M    M   7 3      26 340
21 101  75  88  12   0  23    T  0.0    0 10.0 21 170   M    M   6        25 210
22  92  77  85   9   0  20 0.01  0.0    0  7.5 20  90   M    M   7 3      27 100
23  90  69  80   4   0  15 0.00  0.0    0  9.7 20 310   M    M   2 1      26 330
24  84  64  74  -2   0   9 0.00  0.0    0  6.9 14 130   M    M   2        18 130
25  95  67  81   5   0  16 0.00  0.0    0 11.7 18 150   M    M   4        24 170
================================================================================
SM 2274 1755         0 395  1.33     0.0 202.2          M      116
================================================================================
AV 91.0 70.2                               8.1 FASTST   M    M   5    MAX(MPH)
                                 MISC ---->  # 31 130               # 43  120
================================================================================
NOTES:
# LAST OF SEVERAL OCCURRENCES

COLUMN 17 PEAK WIND IN M.P.H.

PRELIMINARY LOCAL CLIMATOLOGICAL DATA (WS FORM: F-6) , PAGE 2

                                          STATION:  DES MOINES IA
                                          MONTH:    JULY
                                          YEAR:     2017
                                          LATITUDE:   41 31 N
                                          LONGITUDE:  93 39 W

[TEMPERATURE DATA]      [PRECIPITATION DATA]       SYMBOLS USED IN COLUMN 16

AVERAGE MONTHLY: 80.6   TOTAL FOR MONTH:   1.33    1 = FOG OR MIST
DPTR FM NORMAL:   4.6   DPTR FM NORMAL:   -2.34    2 = FOG REDUCING VISIBILITY
HIGHEST:   101 ON 21    GRTST 24HR  0.80 ON  4- 4      TO 1/4 MILE OR LESS
LOWEST:     59 ON  1                               3 = THUNDER
                        SNOW, ICE PELLETS, HAIL    4 = ICE PELLETS
                        TOTAL MONTH:   0.0 INCH    5 = HAIL
                        GRTST 24HR     0.0         6 = FREEZING RAIN OR DRIZZLE
                        GRTST DEPTH:   0           7 = DUSTSTORM OR SANDSTORM:
                                                       VSBY 1/2 MILE OR LESS
                                                   8 = SMOKE OR HAZE
[NO. OF DAYS WITH]      [WEATHER - DAYS WITH]      9 = BLOWING SNOW
                                                   X = TORNADO
MAX 32 OR BELOW:   0    0.01 INCH OR MORE:   5
MAX 90 OR ABOVE:  17    0.10 INCH OR MORE:   2
MIN 32 OR BELOW:   0    0.50 INCH OR MORE:   1
MIN  0 OR BELOW:   0    1.00 INCH OR MORE:   0

[HDD (BASE 65) ]
TOTAL THIS MO.     0    CLEAR  (SCALE 0-3)   9
DPTR FM NORMAL     0    PTCLDY (SCALE 4-7)  16
TOTAL FM JUL 1     0    CLOUDY (SCALE 8-10)  0
DPTR FM NORMAL     0

[CDD (BASE 65) ]
TOTAL THIS MO.   395
DPTR FM NORMAL   113    [PRESSURE DATA]
TOTAL FM JAN 1   782    HIGHEST SLP M ON M
DPTR FM NORMAL   203    LOWEST  SLP 29.64 ON 22

[REMARKS]
