000
CXUS53 KFGF 270915
CF6DVL
PRELIMINARY LOCAL CLIMATOLOGICAL DATA (WS FORM: F-6)

                                          STATION:   DEVIL`S LAKE
                                          MONTH:     MAY
                                          YEAR:      2017
                                          LATITUDE:   48  7 N
                                          LONGITUDE:  98 54 W

  TEMPERATURE IN F:       :PCPN:    SNOW:  WIND      :SUNSHINE: SKY     :PK WND
================================================================================
1   2   3   4   5  6A  6B    7    8   9   10  11  12  13   14  15   16   17  18
                                     12Z  AVG MX 2MIN
DY MAX MIN AVG DEP HDD CDD  WTR  SNW DPTH SPD SPD DIR MIN PSBL S-S WX    SPD DR
================================================================================

 1  61  35  48   M  17   0 0.00  0.0    0  4.8 14  80   M    M   0        17  60
 2  63  34  49   M  16   0 0.19    M    0  7.2 23 280   M    M   4 12     31 240
 3  63  40  52   M  13   0    T    M    0 10.0 21 290   M    M   3        22 260
 4  71  39  55   M  10   0 0.00  0.0    0  6.9 18 300   M    M   0        23 300
 5  78  43  61   M   4   0 0.00  0.0    0  9.6 17 360   M    M   0        21 360
 6  72  43  58   M   7   0 0.00  0.0    0 11.4 17 100   M    M   0        23  80
 7  74  47  61   M   4   0    T    M    M 20.8 30 110   M    M   1        37 110
 8  63  46  55   M  10   0 0.05    M    0 15.7 22 120   M    M   3 3      32 120
 9  70  40  55   M  10   0 0.00  0.0    0 12.5 21 290   M    M   2        31 270
10  54  37  46   M  19   0 0.00  0.0    0  8.0 16 360   M    M   4        21 330
11  69  33  51   M  14   0 0.00  0.0    0  5.0 14  80   M    M   2 12      M  M
12  64  43  54   M  11   0    T    M    0 12.3 15  70   M    M   4        21  80
13  77  43  60   M   5   0 0.00  0.0    0 20.7 30 100   M    M   0        37 120
14  75  51  63   M   2   0 0.01  0.0    0 13.5 22 100   M    M   2        33 100
15  75  45  60   M   5   0    T    M    0  7.4 12 120   M    M   2        21  90
16  61  51  56   M   9   0 0.17  0.0    0 10.8 14  60   M    M   5 1       M  M
17  54  42  48   M  17   0 0.00  0.0    0 20.4 30  20   M    M   5 1      39  10
18  57  34  46   M  19   0 0.00  0.0    0 16.1 24  10   M    M   0        32  10
19  60  35  48   M  17   0 0.00  0.0    0  7.5 16 150   M    M   0         M  M
20  59  41  50   M  15   0 0.02    M    0 11.4 24 110   M    M   3        32 100
21  56  40  48   M  17   0 0.14    M    0 13.3 21 350   M    M   7        30 360
22  54  41  48   M  17   0 0.01    M    0 12.1 21  10   M    M   8        30 350
23  64  45  55   M  10   0 0.00  0.0    0 15.2 25  40   M    M   6        35  30
24  65  40  53   M  12   0 0.00  0.0    0 14.1 24 170   M    M   0        35 160
25  70  51  61   M   4   0    T  0.0    0 16.3 23 140   M    M   6        30 150
26  65  49  57   M   8   0 0.00  0.0    0 15.0 24 290   M    M   4        31 260
================================================================================
SM 1694 1088       292   0  0.59     0.0 318.0          M       71
================================================================================
AV 65.2 41.9                              12.2 FASTST   M    M   3    MAX(MPH)
                                 MISC ---->  # 30 110               # 39   10
================================================================================
NOTES:
# LAST OF SEVERAL OCCURRENCES

COLUMN 17 PEAK WIND IN M.P.H.

PRELIMINARY LOCAL CLIMATOLOGICAL DATA (WS FORM: F-6) , PAGE 2

                                          STATION:  DEVIL`S LAKE
                                          MONTH:    MAY
                                          YEAR:     2017
                                          LATITUDE:   48  7 N
                                          LONGITUDE:  98 54 W

[TEMPERATURE DATA]      [PRECIPITATION DATA]       SYMBOLS USED IN COLUMN 16

AVERAGE MONTHLY: 53.5   TOTAL FOR MONTH:   0.59    1 = FOG OR MIST
DPTR FM NORMAL:     M   DPTR FM NORMAL:       M    2 = FOG REDUCING VISIBILITY
HIGHEST:    78 ON  5    GRTST 24HR  0.19 ON  2- 2      TO 1/4 MILE OR LESS
LOWEST:     33 ON 11                               3 = THUNDER
                        SNOW, ICE PELLETS, HAIL    4 = ICE PELLETS
                        TOTAL MONTH:   0.0 INCH    5 = HAIL
                        GRTST 24HR     0.0         6 = FREEZING RAIN OR DRIZZLE
                        GRTST DEPTH:   0           7 = DUSTSTORM OR SANDSTORM:
                                                       VSBY 1/2 MILE OR LESS
                                                   8 = SMOKE OR HAZE
[NO. OF DAYS WITH]      [WEATHER - DAYS WITH]      9 = BLOWING SNOW
                                                   X = TORNADO
MAX 32 OR BELOW:   0    0.01 INCH OR MORE:   7
MAX 90 OR ABOVE:   0    0.10 INCH OR MORE:   3
MIN 32 OR BELOW:   0    0.50 INCH OR MORE:   0
MIN  0 OR BELOW:   0    1.00 INCH OR MORE:   0

[HDD (BASE 65) ]
TOTAL THIS MO.   292    CLEAR  (SCALE 0-3)  14
DPTR FM NORMAL     M    PTCLDY (SCALE 4-7)  12
TOTAL FM JUL 1  8301    CLOUDY (SCALE 8-10)  0
DPTR FM NORMAL     M

[CDD (BASE 65) ]
TOTAL THIS MO.     0
DPTR FM NORMAL     M    [PRESSURE DATA]
TOTAL FM JAN 1     0    HIGHEST SLP M ON M
DPTR FM NORMAL     M    LOWEST  SLP M ON M

[REMARKS]
