000
CXUS53 KFGF 170915
CF6DVL
PRELIMINARY LOCAL CLIMATOLOGICAL DATA (WS FORM: F-6)

                                          STATION:   DEVILS LAKE ND
                                          MONTH:     NOVEMBER
                                          YEAR:      2017
                                          LATITUDE:   48  7 N
                                          LONGITUDE:  98 54 W

  TEMPERATURE IN F:       :PCPN:    SNOW:  WIND      :SUNSHINE: SKY     :PK WND
================================================================================
1   2   3   4   5  6A  6B    7    8   9   10  11  12  13   14  15   16   17  18
                                     12Z  AVG MX 2MIN
DY MAX MIN AVG DEP HDD CDD  WTR  SNW DPTH SPD SPD DIR MIN PSBL S-S WX    SPD DR
================================================================================

 1  33  29  31  -4  34   0    M    M    M 11.0 16 150   M    M   9 1      17 140
 2  29  20  25 -10  40   0    M    M    M 10.6 16 350   M    M   9         M  M
 3  26  13  20 -14  45   0    M    M    M 10.6 20 100   M    M   8 1      25 100
 4  33  25  29  -5  36   0    M    M    M 17.4 25 290   M    M  10 1      32 300
 5  25  11  18 -15  47   0    M    M    M 16.1 21 290   M    M   7         M  M
 6  18   5  12 -20  53   0    M    M    M 11.8 17 270   M    M   4         M  M
 7  24   2  13 -19  52   0    M    M    M 14.1 25 230   M    M   1 1      31 230
 8  15   1   8 -23  57   0    M    M    M  8.4 16 330   M    M   5 1       M  M
 9  14  -5   5 -25  60   0    M    M    M  8.3 16 280   M    M   1         M  M
10  23   2  13 -17  52   0    M    M    M 22.3 30 160   M    M   4 8      41 160
11  27  22  25  -4  40   0    M    M    M 12.8 22 220   M    M   9        30 220
12  26  12  19 -10  46   0    M    M    M  7.8 15 270   M    M   1 1       M  M
13  34  20  27  -1  38   0    M    M    M  9.3 14 130   M    M   0 1       M  M
14  39  25  32   5  33   0    M    M    M 12.0 28 290   M    M   1        36 300
15  26  15  21  -6  44   0    M    M    M 18.9 28 300   M    M   9 1      35 340
16   M   M   M   M   M   M    T    M    0 20.0 25 130   M    M   7 1      36 150
================================================================================
SM  392  197       677   0    T     M    211.4          M       85
================================================================================
AV 26.1 13.1                              13.2 FASTST   M    M   5    MAX(MPH)
                                 MISC ---->    30   M                 41    M
================================================================================
NOTES:
# LAST OF SEVERAL OCCURRENCES

COLUMN 17 PEAK WIND IN M.P.H.

PRELIMINARY LOCAL CLIMATOLOGICAL DATA (WS FORM: F-6) , PAGE 2

                                          STATION:  DEVILS LAKE ND
                                          MONTH:    NOVEMBER
                                          YEAR:     2017
                                          LATITUDE:   48  7 N
                                          LONGITUDE:  98 54 W

[TEMPERATURE DATA]      [PRECIPITATION DATA]       SYMBOLS USED IN COLUMN 16

AVERAGE MONTHLY: 19.6   TOTAL FOR MONTH:      T    1 = FOG OR MIST
DPTR FM NORMAL: -11.1   DPTR FM NORMAL:       M    2 = FOG REDUCING VISIBILITY
HIGHEST:    39 ON 14    GRTST 24HR    T  ON 16-16      TO 1/4 MILE OR LESS
LOWEST:     -5 ON  9                               3 = THUNDER
                        SNOW, ICE PELLETS, HAIL    4 = ICE PELLETS
                        TOTAL MONTH:    M          5 = HAIL
                        GRTST 24HR    M  ON   M    6 = FREEZING RAIN OR DRIZZLE
                        GRTST DEPTH:   0           7 = DUSTSTORM OR SANDSTORM:
                                                       VSBY 1/2 MILE OR LESS
                                                   8 = SMOKE OR HAZE
[NO. OF DAYS WITH]      [WEATHER - DAYS WITH]      9 = BLOWING SNOW
                                                   X = TORNADO
MAX 32 OR BELOW:  11    0.01 INCH OR MORE:   0
MAX 90 OR ABOVE:   0    0.10 INCH OR MORE:   0
MIN 32 OR BELOW:  15    0.50 INCH OR MORE:   0
MIN  0 OR BELOW:   1    1.00 INCH OR MORE:   0

[HDD (BASE 65) ]
TOTAL THIS MO.   677    CLEAR  (SCALE 0-3)   5
DPTR FM NORMAL   128    PTCLDY (SCALE 4-7)   6
TOTAL FM JUL 1  1541    CLOUDY (SCALE 8-10)  5
DPTR FM NORMAL    39

[CDD (BASE 65) ]
TOTAL THIS MO.     0
DPTR FM NORMAL     0    [PRESSURE DATA]
TOTAL FM JAN 1   350    HIGHEST SLP M ON M
DPTR FM NORMAL  -122    LOWEST  SLP M ON M

[REMARKS]
