000
CXUS53 KFGF 310915
CF6DVL
PRELIMINARY LOCAL CLIMATOLOGICAL DATA (WS FORM: F-6)

                                          STATION:   DEVIL`S LAKE
                                          MONTH:     OCTOBER
                                          YEAR:      2014
                                          LATITUDE:   48  7 N
                                          LONGITUDE:  98 54 W

  TEMPERATURE IN F:       :PCPN:    SNOW:  WIND      :SUNSHINE: SKY     :PK WND
================================================================================
1   2   3   4   5  6A  6B    7    8   9   10  11  12  13   14  15   16   17  18
                                     12Z  AVG MX 2MIN
DY MAX MIN AVG DEP HDD CDD  WTR  SNW DPTH SPD SPD DIR MIN PSBL S-S WX    SPD DR
================================================================================

 1  63  50  57   M   8   0 0.01  0.0    0 17.8 27 220   M    M   9        31 160
 2  64  41  53   M  12   0 0.03    M    0 14.5 35 300   M    M   4        40 300
 3  39  36  38   M  27   0 0.00  0.0    0 24.8 31 330   M    M   9        38 320
 4  45  28  37   M  28   0 0.00  0.0    0 13.1 17 280   M    M   3        23 330
 5  52  39  46   M  19   0 0.00  0.0    0 17.8 29 310   M    M   6        35 310
 6  55  37  46   M  19   0 0.00  0.0    0 17.9 30 300   M    M   2        35 300
 7  55  43  49   M  16   0 0.00  0.0    0 17.8 31 310   M    M   4        37 320
 8  48  30  39   M  26   0 0.00  0.0    0 10.1 17 340   M    M   0        18 310
 9  48  25  37   M  28   0 0.00  0.0    0  5.1 10 320   M    M   0        16 310
10  57  27  42   M  23   0 0.00  0.0    0  6.4 14 210   M    M   0         M  M
11  66  41  54   M  11   0 0.00  0.0    0 17.6 29 180   M    M   0        32 170
12  59  45  52   M  13   0 0.03    M    0  9.9 16 190   M    M   4        22 190
13  64  39  52   M  13   0 0.00  0.0    0  9.3 17 300   M    M   0        23 300
14  63  32  48   M  17   0 0.00  0.0    0  7.2 16 170   M    M   0         M  M
15  70  46  58   M   7   0 0.00  0.0    0 15.9 22 190   M    M   0        28 180
16  57  45  51   M  14   0 0.05    M    0 16.5 28 340   M    M   5        36 350
17  45  39  42   M  23   0 0.00  0.0    0 17.7 27 350   M    M  10        35 350
18  48  37  43   M  22   0 0.00  0.0    0 11.4 21 160   M    M   6        25 180
19  66  39  53   M  12   0 0.00  0.0    0 10.7 17 340   M    M   0        21 320
20  66  30  48   M  17   0 0.00  0.0    0  5.8 14 130   M    M   0         M  M
21  66  46  56   M   9   0 0.00  0.0    0 18.6 25 150   M    M   0        32 160
22  61  54  58   M   7   0 0.04  0.0    0 13.1 25 170   M    M   3 3      32 170
23  66  45  56   M   9   0 0.00  0.0    0  8.8 14 230   M    M   1         M  M
24  68  45  57   M   8   0 0.00  0.0    0 13.3 28 290   M    M   0        36 290
25  57  37  47   M  18   0 0.00  0.0    0  9.6 16 290   M    M   0        21 290
26  63  37  50   M  15   0 0.00  0.0    0 12.3 23 160   M    M   1        30 160
27  48  39  44   M  21   0 0.00  0.0    0 12.4 20 260   M    M   4        25 260
28  41  34  38   M  27   0 0.00  0.0    0 19.4 27 320   M    M  10        31 330
29  45  34  40   M  25   0 0.00  0.0    0  8.4 15 160   M    M   8        17 160
30  37  21  29   M  36   0 0.00  0.0    0 13.8 23 360   M    M   3        30 360
================================================================================
SM 1682 1141       530   0  0.16     0.0 397.0          M       92
================================================================================
AV 56.1 38.0                              13.2 FASTST   M    M   3    MAX(MPH)
                                 MISC ---->  # 35 300                 40    M
================================================================================
NOTES:
# LAST OF SEVERAL OCCURRENCES

COLUMN 17 PEAK WIND IN M.P.H.

PRELIMINARY LOCAL CLIMATOLOGICAL DATA (WS FORM: F-6) , PAGE 2

                                          STATION:  DEVIL`S LAKE
                                          MONTH:    OCTOBER
                                          YEAR:     2014
                                          LATITUDE:   48  7 N
                                          LONGITUDE:  98 54 W

[TEMPERATURE DATA]      [PRECIPITATION DATA]       SYMBOLS USED IN COLUMN 16

AVERAGE MONTHLY: 47.0   TOTAL FOR MONTH:   0.16    1 = FOG OR MIST
DPTR FM NORMAL:     M   DPTR FM NORMAL:       M    2 = FOG REDUCING VISIBILITY
HIGHEST:    70 ON 15    GRTST 24HR  0.05 ON 16-16      TO 1/4 MILE OR LESS
LOWEST:     21 ON 30                               3 = THUNDER
                        SNOW, ICE PELLETS, HAIL    4 = ICE PELLETS
                        TOTAL MONTH:   0.0 INCH    5 = HAIL
                        GRTST 24HR     0.0         6 = FREEZING RAIN OR DRIZZLE
                        GRTST DEPTH:   0           7 = DUSTSTORM OR SANDSTORM:
                                                       VSBY 1/2 MILE OR LESS
                                                   8 = SMOKE OR HAZE
[NO. OF DAYS WITH]      [WEATHER - DAYS WITH]      9 = BLOWING SNOW
                                                   X = TORNADO
MAX 32 OR BELOW:   0    0.01 INCH OR MORE:   5
MAX 90 OR ABOVE:   0    0.10 INCH OR MORE:   0
MIN 32 OR BELOW:   7    0.50 INCH OR MORE:   0
MIN  0 OR BELOW:   0    1.00 INCH OR MORE:   0

[HDD (BASE 65) ]
TOTAL THIS MO.   530    CLEAR  (SCALE 0-3)  16
DPTR FM NORMAL     M    PTCLDY (SCALE 4-7)  10
TOTAL FM JUL 1   809    CLOUDY (SCALE 8-10)  4
DPTR FM NORMAL     M

[CDD (BASE 65) ]
TOTAL THIS MO.     0
DPTR FM NORMAL     M    [PRESSURE DATA]
TOTAL FM JAN 1   339    HIGHEST SLP M ON M
DPTR FM NORMAL     M    LOWEST  SLP M ON M

[REMARKS]
