000
CXUS54 KMAF 301100
CF6E38
PRELIMINARY LOCAL CLIMATOLOGICAL DATA (WS FORM: F-6)

                                          STATION:   Alpine-Casparis Municipal
                                          MONTH:     MARCH
                                          YEAR:      2015
                                          LATITUDE:   30 23 N
                                          LONGITUDE: 103 41 W

  TEMPERATURE IN F:       :PCPN:    SNOW:  WIND      :SUNSHINE: SKY     :PK WND
================================================================================
1   2   3   4   5  6A  6B    7    8   9   10  11  12  13   14  15   16   17  18
                                     12Z  AVG MX 2MIN
DY MAX MIN AVG DEP HDD CDD  WTR  SNW DPTH SPD SPD DIR MIN PSBL S-S WX    SPD DR
================================================================================

 1  63  27  45   M  20   0 0.00  0.0    0  3.5  9  70   M    M   3         M  M
 2  62  33  48   M  17   0 0.00  0.0    M  4.1 10  70   M    M   5         M  M
 3  74  40  57   M   8   0 0.00  0.0    0 10.5 24 210   M    M   3        35 210
 4  59  27  43   M  22   0 0.06    M    0  8.6 27 360   M    M   8        32 360
 5  33  22  28   M  37   0 0.01    M    0  7.1 14  50   M    M   9        18  40
 6  61  25  43   M  22   0 0.00  0.0    0  7.2 13  80   M    M   0        17  80
 7  65  35  50   M  15   0 0.00  0.0    0  5.8 13 150   M    M   2        17  70
 8  67  45  56   M   9   0 0.67    M    0  9.4 18 220   M    M   5 3      24 210
 9  60  40  50   M  15   0 0.09    M    0  5.1 14  40   M    M   6 3      20  20
10  64  37  51   M  14   0 0.00  0.0    0  4.8 13  60   M    M   2        20 360
11  65  36  51   M  14   0 0.00  0.0    0  6.0 16  70   M    M   1        22  70
12  65  37  51   M  14   0 0.00  0.0    0  4.7 10  60   M    M   0         M  M
13  65  37  51   M  14   0 0.00  0.0    0  6.9 16  50   M    M   2        25  50
14  62  37  50   M  15   0 0.00  0.0    0  8.7 18  40   M    M   5        27  40
15  65  32  49   M  16   0 0.00  0.0    0  6.0 16  80   M    M   2        18  20
16  69  43  56   M   9   0 0.00  0.0    0  5.0 13 160   M    M   3        20 160
17  59  45  52   M  13   0 0.35    M    0  4.1 14 360   M    M   9 3       M  M
18  69  42  56   M   9   0 0.00  0.0    0  7.3 16 240   M    M   6        28 230
19  71  52  62   M   3   0 0.00  0.0    0  4.4 12 270   M    M   5         M  M
20  56  47  52   M  13   0 0.33    M    0  7.3 15  40   M    M   9 3       M  M
21  59  44  52   M  13   0 0.32    M    0  4.5 12 270   M    M   8 3       M  M
22  75  42  59   M   6   0 0.00  0.0    0  8.3 16 250   M    M   0        31 280
23  78  49  64   M   1   0 0.00  0.0    0  8.9 15 220   M    M   0        22 240
24  80  50  65   M   0   0 0.00  0.0    0  8.5 15 260   M    M   0        22 240
25  80  52  66   M   0   1 0.00  0.0    0  8.9 17 240   M    M   0        25 260
26  60  37  49   M  16   0 0.00  0.0    0 11.7 35  10   M    M   4        46  10
27  76  35  56   M   9   0 0.00  0.0    0 10.5 17 250   M    M   0        27 250
28  84  50  67   M   0   2 0.00  0.0    0 11.6 20 240   M    M   0        25 270
29  85  51  68   M   0   3 0.00  0.0    0  8.0 16 260   M    M   0        22 260
================================================================================
SM 1931 1149       344   6  1.83     0.0 207.4          M       97
================================================================================
AV 66.6 39.6                               7.2 FASTST   M    M   3    MAX(MPH)
                                 MISC ---->  # 35  10               # 46   10
================================================================================
NOTES:
# LAST OF SEVERAL OCCURRENCES

COLUMN 17 PEAK WIND IN M.P.H.

PRELIMINARY LOCAL CLIMATOLOGICAL DATA (WS FORM: F-6) , PAGE 2

                                          STATION:  Alpine-Casparis Municipal
                                          MONTH:    MARCH
                                          YEAR:     2015
                                          LATITUDE:   30 23 N
                                          LONGITUDE: 103 41 W

[TEMPERATURE DATA]      [PRECIPITATION DATA]       SYMBOLS USED IN COLUMN 16

AVERAGE MONTHLY: 53.1   TOTAL FOR MONTH:   1.83    1 = FOG OR MIST
DPTR FM NORMAL:     M   DPTR FM NORMAL:       M    2 = FOG REDUCING VISIBILITY
HIGHEST:    85 ON 29    GRTST 24HR  0.67 ON  8- 8      TO 1/4 MILE OR LESS
LOWEST:     22 ON  5                               3 = THUNDER
                        SNOW, ICE PELLETS, HAIL    4 = ICE PELLETS
                        TOTAL MONTH:   0.0 INCH    5 = HAIL
                        GRTST 24HR     0.0         6 = FREEZING RAIN OR DRIZZLE
                        GRTST DEPTH:   0           7 = DUSTSTORM OR SANDSTORM:
                                                       VSBY 1/2 MILE OR LESS
                                                   8 = SMOKE OR HAZE
[NO. OF DAYS WITH]      [WEATHER - DAYS WITH]      9 = BLOWING SNOW
                                                   X = TORNADO
MAX 32 OR BELOW:   0    0.01 INCH OR MORE:   7
MAX 90 OR ABOVE:   0    0.10 INCH OR MORE:   4
MIN 32 OR BELOW:   5    0.50 INCH OR MORE:   1
MIN  0 OR BELOW:   0    1.00 INCH OR MORE:   0

[HDD (BASE 65) ]
TOTAL THIS MO.   344    CLEAR  (SCALE 0-3)  16
DPTR FM NORMAL     M    PTCLDY (SCALE 4-7)   9
TOTAL FM JUL 1  2480    CLOUDY (SCALE 8-10)  4
DPTR FM NORMAL     M

[CDD (BASE 65) ]
TOTAL THIS MO.     6
DPTR FM NORMAL     M    [PRESSURE DATA]
TOTAL FM JAN 1     6    HIGHEST SLP M ON M
DPTR FM NORMAL     M    LOWEST  SLP M ON M

[REMARKS]
