000
CXUS53 KGID 290730
CF6EAR
PRELIMINARY LOCAL CLIMATOLOGICAL DATA (WS FORM: F-6)

                                          STATION:   KEARNEY
                                          MONTH:     AUGUST
                                          YEAR:      2016
                                          LATITUDE:   40 43 N
                                          LONGITUDE:  99  0 W

  TEMPERATURE IN F:       :PCPN:    SNOW:  WIND      :SUNSHINE: SKY     :PK WND
================================================================================
1   2   3   4   5  6A  6B    7    8   9   10  11  12  13   14  15   16   17  18
                                     12Z  AVG MX 2MIN
DY MAX MIN AVG DEP HDD CDD  WTR  SNW DPTH SPD SPD DIR MIN PSBL S-S WX    SPD DR
================================================================================

 1  93  70  82   8   0  17 0.00    M    M  9.5 21 150   M    M   1        24 150
 2  90  70  80   6   0  15 0.00    M    M  9.2 17  50   M    M   2        33  50
 3  93  66  80   6   0  15 0.00    M    M  9.4 14 140   M    M   2        20 140
 4  86  63  75   1   0  10 0.00    M    M 12.1 23  10   M    M   3 3      29  20
 5  81  63  72  -2   0   7 0.00    M    M  7.6 14  30   M    M   6        18  30
 6  77  64  71  -3   0   6 0.00    M    M  7.1 13 100   M    M   9        16 100
 7  75  64  70  -4   0   5 0.01    M    M  8.2 12 100   M    M  10        17 130
 8  84  63  74   0   0   9 0.00    M    M  7.5 13 170   M    M   8        16 150
 9  93  70  82   8   0  17 0.00    M    M  8.8 16 150   M    M   4        20 150
10  93  68  81   7   0  16 0.00    M    M 12.4 20 170   M    M   1        22 160
11  88  72  80   6   0  15    T    M    M  8.3 16 170   M    M   1        20 170
12  86  66  76   3   0  11 0.13    M    M 10.5 24 300   M    M   3        38 300
13  88  63  76   3   0  11 0.02    M    M  5.3  8  60   M    M   1 3       M  M
14  86  63  75   2   0  10 0.00    M    M  6.4 12 150   M    M   1        16 140
15  90  57  74   1   0   9 0.00    M    M 11.6 21 170   M    M   0        27 170
16  86  64  75   2   0  10 0.00    M    M  6.1 10  80   M    M   0         M  M
17  91  59  75   2   0  10 0.00    M    M  7.2 13 130   M    M   1        17 100
18  93  64  79   6   0  14 0.00    M    M 10.9 21 190   M    M   0        28 190
19  73  64  69  -3   0   4 0.56    M    M 10.1 20 340   M    M   5 3      24 340
20  74  52  63  -9   2   0 0.00    M    M 10.7 18 350   M    M   3        24 360
21  82  50  66  -6   0   1 0.00    M    M  9.6 17 170   M    M   0        22 190
22  88  63  76   4   0  11 0.00    M    M 18.6 27 190   M    M   0        33 180
23  91  64  78   6   0  13 0.42    M    M 12.4 20 180   M    M   2 3      25 180
24  75  61  68  -4   0   3 0.00    M    M  8.0 12  40   M    M   0         M  M
25  77  57  67  -4   0   2 0.00    M    M  6.4 10  20   M    M   1         M  M
26  73  55  64  -7   1   0 0.02    M    M  6.5 20 140   M    M   5        29 140
27  84  54  69  -2   0   4 0.00    M    M  6.6 17 160   M    M   0         M  M
28  88  66  77   7   0  12 0.00    M    M  7.1 12 140   M    M   1        20 180
================================================================================
SM 2378 1755         3 257  1.16    M    254.1          M       70
================================================================================
AV 84.9 62.7                               9.1 FASTST   M    M   3    MAX(MPH)
                                 MISC ---->  # 27 190               # 38  300
================================================================================
NOTES:
# LAST OF SEVERAL OCCURRENCES

COLUMN 17 PEAK WIND IN M.P.H.

PRELIMINARY LOCAL CLIMATOLOGICAL DATA (WS FORM: F-6) , PAGE 2

                                          STATION:  KEARNEY
                                          MONTH:    AUGUST
                                          YEAR:     2016
                                          LATITUDE:   40 43 N
                                          LONGITUDE:  99  0 W

[TEMPERATURE DATA]      [PRECIPITATION DATA]       SYMBOLS USED IN COLUMN 16

AVERAGE MONTHLY: 73.8   TOTAL FOR MONTH:   1.16    1 = FOG OR MIST
DPTR FM NORMAL:   0.9   DPTR FM NORMAL:   -1.69    2 = FOG REDUCING VISIBILITY
HIGHEST:    93 ON 18,10 GRTST 24HR  0.56 ON 19-19      TO 1/4 MILE OR LESS
LOWEST:     50 ON 21                               3 = THUNDER
                        SNOW, ICE PELLETS, HAIL    4 = ICE PELLETS
                        TOTAL MONTH:    M          5 = HAIL
                        GRTST 24HR    M  ON   M    6 = FREEZING RAIN OR DRIZZLE
                        GRTST DEPTH:  M  ON   M    7 = DUSTSTORM OR SANDSTORM:
                                                       VSBY 1/2 MILE OR LESS
                                                   8 = SMOKE OR HAZE
[NO. OF DAYS WITH]      [WEATHER - DAYS WITH]      9 = BLOWING SNOW
                                                   X = TORNADO
MAX 32 OR BELOW:   0    0.01 INCH OR MORE:   6
MAX 90 OR ABOVE:   9    0.10 INCH OR MORE:   3
MIN 32 OR BELOW:   0    0.50 INCH OR MORE:   1
MIN  0 OR BELOW:   0    1.00 INCH OR MORE:   0

[HDD (BASE 65) ]
TOTAL THIS MO.     3    CLEAR  (SCALE 0-3)  19
DPTR FM NORMAL    -2    PTCLDY (SCALE 4-7)   7
TOTAL FM JUL 1     7    CLOUDY (SCALE 8-10)  2
DPTR FM NORMAL    -3

[CDD (BASE 65) ]
TOTAL THIS MO.   257
DPTR FM NORMAL    28    [PRESSURE DATA]
TOTAL FM JAN 1   947    HIGHEST SLP M ON M
DPTR FM NORMAL   188    LOWEST  SLP M ON M

[REMARKS]
