000
CXUS56 KOTX 230900
CF6EAT
PRELIMINARY LOCAL CLIMATOLOGICAL DATA (WS FORM: F-6)

                                          STATION:   WENATCHEE WA PANGBORN FIELD
                                          MONTH:     SEPTEMBER
                                          YEAR:      2017
                                          LATITUDE:   47 23 N
                                          LONGITUDE: 120 12 W

  TEMPERATURE IN F:       :PCPN:    SNOW:  WIND      :SUNSHINE: SKY     :PK WND
================================================================================
1   2   3   4   5  6A  6B    7    8   9   10  11  12  13   14  15   16   17  18
                                     12Z  AVG MX 2MIN
DY MAX MIN AVG DEP HDD CDD  WTR  SNW DPTH SPD SPD DIR MIN PSBL S-S WX    SPD DR
================================================================================

 1  88  60  74   5   0   9 0.00    M    M  8.0 15 300   M    M   1        29  90
 2  91  61  76   7   0  11 0.00    M    M  5.3 13 280   M    M   1        14 280
 3  90  64  77   8   0  12 0.00    M    M  4.5 12 280   M    M   1        14 340
 4  94  61  78  10   0  13 0.00    M    M  5.0 12 310   M    M   2 8      13 310
 5  87  65  76   8   0  11 0.00    M    M  3.3  8 150   M    M  10 8      11 240
 6  87  62  75   7   0  10 0.00    M    M  3.5 10 290   M    M  10 8      13 330
 7  83  62  73   5   0   8 0.00    M    M  5.6 15 320   M    M  10 8      20 320
 8  85  68  77  10   0  12 0.00    M    M  9.3 18 300   M    M   2 8      23 310
 9  82  62  72   5   0   7 0.00    M    M 10.4 22 300   M    M   1 8      27 290
10  80  56  68   2   0   3 0.00    M    M  7.0 20 310   M    M   0        23 310
11  84  53  69   3   0   4 0.00    M    M  4.4 12 290   M    M   0        13 280
12  91  58  75   9   0  10 0.00    M    M  9.3 24 260   M    M   1 8      31 250
13  77  59  68   2   0   3 0.00    M    M  6.9 15 280   M    M   0        22 340
14  75  53  64  -1   1   0 0.00    M    M  6.3 15 280   M    M   2        19 200
15  72  47  60  -5   5   0 0.00    M    M  5.9 14 140   M    M   2        17 130
16  65  46  56  -8   9   0 0.00    M    M  5.6 13 110   M    M   0        16 110
17  70  47  59  -5   6   0    T    M    M  6.6 17 330   M    M   3 8      22 320
18  66  50  58  -6   7   0    T    M    M 11.8 24 280   M    M   3 8      30 260
19  63  46  55  -8  10   0    T    M    M  7.8 23 270   M    M   3        28 270
20  59  42  51 -12  14   0    T    M    M  6.7 20 310   M    M   2        22 310
21  61  46  54  -8  11   0 0.02    M    M  5.1 20 310   M    M   6        24 320
22  67  45  56  -6   9   0 0.00    M    M  2.9 12 290   M    M   5        13 280
================================================================================
SM 1717 1213        72 113  0.02    M    141.2          M       65
================================================================================
AV 78.1 55.1                               6.4 FASTST   M    M   3    MAX(MPH)
                                 MISC ---->  # 24 260               # 31  250
================================================================================
NOTES:
# LAST OF SEVERAL OCCURRENCES

COLUMN 17 PEAK WIND IN M.P.H.

PRELIMINARY LOCAL CLIMATOLOGICAL DATA (WS FORM: F-6) , PAGE 2

                                          STATION:  WENATCHEE WA PANGBORN FIELD
                                          MONTH:    SEPTEMBER
                                          YEAR:     2017
                                          LATITUDE:   47 23 N
                                          LONGITUDE: 120 12 W

[TEMPERATURE DATA]      [PRECIPITATION DATA]       SYMBOLS USED IN COLUMN 16

AVERAGE MONTHLY: 66.6   TOTAL FOR MONTH:   0.02    1 = FOG OR MIST
DPTR FM NORMAL:   0.7   DPTR FM NORMAL:   -0.22    2 = FOG REDUCING VISIBILITY
HIGHEST:    94 ON  4    GRTST 24HR  0.02 ON 21-21      TO 1/4 MILE OR LESS
LOWEST:     42 ON 20                               3 = THUNDER
                        SNOW, ICE PELLETS, HAIL    4 = ICE PELLETS
                        TOTAL MONTH:    M          5 = HAIL
                        GRTST 24HR    M  ON   M    6 = FREEZING RAIN OR DRIZZLE
                        GRTST DEPTH:  M  ON   M    7 = DUSTSTORM OR SANDSTORM:
                                                       VSBY 1/2 MILE OR LESS
                                                   8 = SMOKE OR HAZE
[NO. OF DAYS WITH]      [WEATHER - DAYS WITH]      9 = BLOWING SNOW
                                                   X = TORNADO
MAX 32 OR BELOW:   0    0.01 INCH OR MORE:   1
MAX 90 OR ABOVE:   4    0.10 INCH OR MORE:   0
MIN 32 OR BELOW:   0    0.50 INCH OR MORE:   0
MIN  0 OR BELOW:   0    1.00 INCH OR MORE:   0

[HDD (BASE 65) ]
TOTAL THIS MO.    72    CLEAR  (SCALE 0-3)  15
DPTR FM NORMAL    20    PTCLDY (SCALE 4-7)   4
TOTAL FM JUL 1    72    CLOUDY (SCALE 8-10)  3
DPTR FM NORMAL     6

[CDD (BASE 65) ]
TOTAL THIS MO.   113
DPTR FM NORMAL    39    [PRESSURE DATA]
TOTAL FM JAN 1  1058    HIGHEST SLP M ON M
DPTR FM NORMAL   196    LOWEST  SLP 29.61 ON 20

[REMARKS]
