000
CXUS56 KOTX 291500
CF6EAT
PRELIMINARY LOCAL CLIMATOLOGICAL DATA (WS FORM: F-6)

                                          STATION:   WENATCHEE WA PANGBORN FIELD
                                          MONTH:     APRIL
                                          YEAR:      2016
                                          LATITUDE:   47 23 N
                                          LONGITUDE: 120 12 W

  TEMPERATURE IN F:       :PCPN:    SNOW:  WIND      :SUNSHINE: SKY     :PK WND
================================================================================
1   2   3   4   5  6A  6B    7    8   9   10  11  12  13   14  15   16   17  18
                                     12Z  AVG MX 2MIN
DY MAX MIN AVG DEP HDD CDD  WTR  SNW DPTH SPD SPD DIR MIN PSBL S-S WX    SPD DR
================================================================================

 1  74  46  60  11   5   0 0.00    M    M  7.4 16 330   M    M   0        21 330
 2  76  49  63  14   2   0 0.00    M    M 12.6 23 310   M    M   0        26 310
 3  72  46  59  10   6   0 0.00    M    M  7.8 16 290   M    M   0        19 290
 4  60  44  52   3  13   0    T    M    M 17.2 32 310   M    M   3        40 260
 5  56  39  48  -2  17   0    T    M    M 10.1 23 320   M    M   1        27 310
 6  69  42  56   6   9   0 0.00    M    M  9.2 18 120   M    M   0        24 320
 7  77  42  60  10   5   0 0.00    M    M  4.0 12 280   M    M   0 8      14 280
 8  81  46  64  14   1   0 0.00    M    M  7.6 20 320   M    M   0        23 310
 9  78  56  67  17   0   2 0.00    M    M  6.2 15 280   M    M   0 8      20 350
10  75  46  61  11   4   0 0.00    M    M  7.4 16 320   M    M   0        21 330
11  75  49  62  11   3   0 0.00    M    M 12.7 22 310   M    M   0        27 310
12  65  50  58   7   7   0 0.00    M    M 10.7 21 290   M    M   0        26 310
13  62  44  53   2  12   0 0.00    M    M  9.6 18 140   M    M   2        24 300
14  55  38  47  -4  18   0 0.50    M    M  7.3 17 310   M    M   7 1      28 290
15  64  41  53   2  12   0 0.00    M    M  7.5 15 320   M    M   1        19 320
16  66  40  53   1  12   0 0.00    M    M  6.5 14 140   M    M   0        19 130
17  74  45  60   8   5   0 0.00    M    M  5.9 14 300   M    M   0        16 290
18  81  47  64  12   1   0 0.00    M    M  5.6 15 300   M    M   0        16 310
19  82  50  66  14   0   1 0.00    M    M  7.1 16 290   M    M   0        18 290
20  86  52  69  17   0   4 0.00    M    M  7.2 18 320   M    M   0        24 300
21  80  58  69  16   0   4 0.00    M    M  8.0 20 140   M    M   0        24 130
22  77  55  66  13   0   1 0.00    M    M 10.7 25 300   M    M   1 8      29 310
23  71  53  62   9   3   0 0.00    M    M 17.8 29 310   M    M   1        34 310
24  67  48  58   5   7   0 0.00    M    M 15.4 28 310   M    M   4        34 300
25  66  45  56   2   9   0 0.00    M    M 15.7 28 300   M    M   0        33 290
26  69  45  57   3   8   0 0.00    M    M  9.2 18 140   M    M   0        23 140
27  65  49  57   3   8   0    T    M    M  9.1 15 300   M    M   7        20 330
28  73  46  60   6   5   0 0.00    M    M 11.2 25 310   M    M   2        29 320
================================================================================
SM 1996 1311       172  12  0.50    M    266.7          M       29
================================================================================
AV 71.3 46.8                               9.5 FASTST   M    M   1    MAX(MPH)
                                 MISC ---->  # 32 310               # 40  260
================================================================================
NOTES:
# LAST OF SEVERAL OCCURRENCES

COLUMN 17 PEAK WIND IN M.P.H.

PRELIMINARY LOCAL CLIMATOLOGICAL DATA (WS FORM: F-6) , PAGE 2

                                          STATION:  WENATCHEE WA PANGBORN FIELD
                                          MONTH:    APRIL
                                          YEAR:     2016
                                          LATITUDE:   47 23 N
                                          LONGITUDE: 120 12 W

[TEMPERATURE DATA]      [PRECIPITATION DATA]       SYMBOLS USED IN COLUMN 16

AVERAGE MONTHLY: 59.1   TOTAL FOR MONTH:   0.50    1 = FOG OR MIST
DPTR FM NORMAL:   7.7   DPTR FM NORMAL:    0.07    2 = FOG REDUCING VISIBILITY
HIGHEST:    86 ON 20    GRTST 24HR  0.50 ON 14-14      TO 1/4 MILE OR LESS
LOWEST:     38 ON 14                               3 = THUNDER
                        SNOW, ICE PELLETS, HAIL    4 = ICE PELLETS
                        TOTAL MONTH:    M          5 = HAIL
                        GRTST 24HR    M  ON   M    6 = FREEZING RAIN OR DRIZZLE
                        GRTST DEPTH:  M  ON   M    7 = DUSTSTORM OR SANDSTORM:
                                                       VSBY 1/2 MILE OR LESS
                                                   8 = SMOKE OR HAZE
[NO. OF DAYS WITH]      [WEATHER - DAYS WITH]      9 = BLOWING SNOW
                                                   X = TORNADO
MAX 32 OR BELOW:   0    0.01 INCH OR MORE:   1
MAX 90 OR ABOVE:   0    0.10 INCH OR MORE:   1
MIN 32 OR BELOW:   0    0.50 INCH OR MORE:   1
MIN  0 OR BELOW:   0    1.00 INCH OR MORE:   0

[HDD (BASE 65) ]
TOTAL THIS MO.   172    CLEAR  (SCALE 0-3)  24
DPTR FM NORMAL  -210    PTCLDY (SCALE 4-7)   4
TOTAL FM JUL 1  4631    CLOUDY (SCALE 8-10)  0
DPTR FM NORMAL  -863

[CDD (BASE 65) ]
TOTAL THIS MO.    12
DPTR FM NORMAL    12    [PRESSURE DATA]
TOTAL FM JAN 1    12    HIGHEST SLP  0.00 ON 19
DPTR FM NORMAL    10    LOWEST  SLP  0.00 ON M

[REMARKS]
