000
CXUS53 KMPX 301000
CF6EAU
PRELIMINARY LOCAL CLIMATOLOGICAL DATA (WS FORM: F-6)

                                          STATION:   EAU CLAIRE WI
                                          MONTH:     MARCH
                                          YEAR:      2015
                                          LATITUDE:   44 52 N
                                          LONGITUDE:  91 29 W

  TEMPERATURE IN F:       :PCPN:    SNOW:  WIND      :SUNSHINE: SKY     :PK WND
================================================================================
1   2   3   4   5  6A  6B    7    8   9   10  11  12  13   14  15   16   17  18
                                     12Z  AVG MX 2MIN
DY MAX MIN AVG DEP HDD CDD  WTR  SNW DPTH SPD SPD DIR MIN PSBL S-S WX    SPD DR
================================================================================

 1  25  12  19  -6  46   0    T    T    4  9.9 20 260   M    M   7 18     24 260
 2  26   0  13 -12  52   0 0.00  0.0    4  6.4 14 180   M    M   2        17 310
 3  29   9  19  -7  46   0 0.11  1.5    3  9.3 24 290   M    M   8 128    30 300
 4  11  -3   4 -22  61   0 0.00  0.0    4 11.9 23 270   M    M   0        29 270
 5  10 -13  -1 -27  66   0 0.00  0.0    4  6.4 13 220   M    M   0        16 230
 6  32   2  17 -10  48   0 0.00  0.0    4  8.3 16 250   M    M   2        21 200
 7  41  17  29   2  36   0 0.00  0.0    3  9.2 22 300   M    M   3        29 290
 8  44  23  34   6  31   0 0.00  0.0    2  9.4 20 280   M    M   3        26 290
 9  54  24  39  11  26   0 0.00  0.0    1  9.6 22 230   M    M   6        28 220
10  63  27  45  16  20   0 0.00  0.0    T  7.7 17 260   M    M   0        22 250
11  57  25  41  12  24   0 0.00  0.0    0  2.4 10 360   M    M   0        13 320
12  58  30  44  14  21   0 0.00  0.0    0 11.0 22 170   M    M   0        27 180
13  66  41  54  24  11   0 0.00  0.0    0  9.4 22 290   M    M   0 18     26 300
14  59  33  46  16  19   0 0.00  0.0    0  8.1 17 320   M    M   2        24 320
15  65  26  46  15  19   0 0.00  0.0    0  8.7 28 210   M    M   0        37 210
16  62  37  50  19  15   0    T  0.0    0  8.4 21  10   M    M   2        29  10
17  45  27  36   4  29   0 0.00  0.0    0  8.9 21 300   M    M   0        28 290
18  45  25  35   3  30   0 0.00  0.0    0  2.8  8 220   M    M   3        10 250
19  50  30  40   7  25   0 0.00  0.0    0  7.9 20 210   M    M  10        24 200
20  53  33  43  10  22   0 0.02  0.0    0  7.3 16 240   M    M   6 1      23 220
21  41  25  33  -1  32   0 0.00  0.0    0  7.6 16 340   M    M   4        25 340
22  41  30  36   2  29   0 0.02    T    0  7.5 16  70   M    M   9 1      23  60
23  36  23  30  -4  35   0 0.13  1.3    1  5.9 15 110   M    M   8 1      19 110
24  47  20  34  -1  31   0    T    T    T  8.9 21 160   M    M   1 1      26 170
25  38  29  34  -1  31   0 0.27  3.1    3 13.4 28 270   M    M  10 1      38 260
26  35  19  27  -9  38   0 0.00  0.0    T  9.9 20 310   M    M   8        28 300
27  36  14  25 -11  40   0 0.00  0.0    T  4.0 10 250   M    M   0        13 250
28  43  13  28  -9  37   0 0.00  0.0    0  7.5 18 180   M    M   0        23 230
29  49  32  41   4  24   0 0.07    M    0 12.4 29 310   M    M   5 16     42 300
================================================================================
SM 1261  610       944   0  0.62     5.9 240.1          M       99
================================================================================
AV 43.5 21.0                               8.3 FASTST   M    M   3    MAX(MPH)
                                 MISC ---->  # 29 310               # 42  300
================================================================================
NOTES:
# LAST OF SEVERAL OCCURRENCES

COLUMN 17 PEAK WIND IN M.P.H.

PRELIMINARY LOCAL CLIMATOLOGICAL DATA (WS FORM: F-6) , PAGE 2

                                          STATION:  EAU CLAIRE WI
                                          MONTH:    MARCH
                                          YEAR:     2015
                                          LATITUDE:   44 52 N
                                          LONGITUDE:  91 29 W

[TEMPERATURE DATA]      [PRECIPITATION DATA]       SYMBOLS USED IN COLUMN 16

AVERAGE MONTHLY: 32.3   TOTAL FOR MONTH:   0.62    1 = FOG OR MIST
DPTR FM NORMAL:   1.4   DPTR FM NORMAL:   -0.96    2 = FOG REDUCING VISIBILITY
HIGHEST:    66 ON 13    GRTST 24HR  0.27 ON 25-25      TO 1/4 MILE OR LESS
LOWEST:    -13 ON  5                               3 = THUNDER
                        SNOW, ICE PELLETS, HAIL    4 = ICE PELLETS
                        TOTAL MONTH:   5.9 INCHES  5 = HAIL
                        GRTST 24HR   3.1 ON   M    6 = FREEZING RAIN OR DRIZZLE
                        GRTST DEPTH:   4 ON  6, 5  7 = DUSTSTORM OR SANDSTORM:
                                                       VSBY 1/2 MILE OR LESS
                                                   8 = SMOKE OR HAZE
[NO. OF DAYS WITH]      [WEATHER - DAYS WITH]      9 = BLOWING SNOW
                                                   X = TORNADO
MAX 32 OR BELOW:   6    0.01 INCH OR MORE:   6
MAX 90 OR ABOVE:   0    0.10 INCH OR MORE:   3
MIN 32 OR BELOW:  25    0.50 INCH OR MORE:   0
MIN  0 OR BELOW:   3    1.00 INCH OR MORE:   0

[HDD (BASE 65) ]
TOTAL THIS MO.   944    CLEAR  (SCALE 0-3)  17
DPTR FM NORMAL   -46    PTCLDY (SCALE 4-7)   8
TOTAL FM JUL 1  7297    CLOUDY (SCALE 8-10)  4
DPTR FM NORMAL   286

[CDD (BASE 65) ]
TOTAL THIS MO.     0
DPTR FM NORMAL     0    [PRESSURE DATA]
TOTAL FM JAN 1     0    HIGHEST SLP M ON M
DPTR FM NORMAL     0    LOWEST  SLP 29.61 ON 29

[REMARKS]
