000
CXUS55 KEAX 220736
CF6EAX
PRELIMINARY LOCAL CLIMATOLOGICAL DATA (WS FORM: F-6)

                                          STATION:   Pleasant Hill NWS MO
                                          MONTH:     AUGUST
                                          YEAR:      2017
                                          LATITUDE:   38 48 N
                                          LONGITUDE:  94 16 W

  TEMPERATURE IN F:       :PCPN:    SNOW:  WIND      :SUNSHINE: SKY     :PK WND
================================================================================
1   2   3   4   5  6A  6B    7    8   9   10  11  12  13   14  15   16   17  18
                                     12Z  AVG MX 2MIN
DY MAX MIN AVG DEP HDD CDD  WTR  SNW DPTH SPD SPD DIR MIN PSBL S-S WX    SPD DR
================================================================================

 1  84  66  75  -3   0  10 0.00  0.0    0   M   M   M   0    0   0         0   0
 2  87  66  77  -1   0  12 0.00  0.0    0   M   M   M   0    0   0         0   0
 3  86  67  77  -1   0  12 0.00  0.0    0   M   M   M   0    0   0         0   0
 4  78  55  67 -11   0   2 0.00  0.0    0   M   M   M   0    0   0         0   0
 5  65  58  62 -16   3   0 4.75  0.0    0   M   M   M   0    0   0         0   0
 6  77  64  71  -7   0   6 0.01  0.0    0   M   M   M   0    0   0         0   0
 7  78  65  72  -6   0   7 0.00  0.0    0   M   M   M   0    0   0         0   0
 8  81  62  72  -6   0   7 0.00  0.0    0   M   M   M   0    0   0         0   0
 9  81  62  72  -6   0   7 0.11  0.0    0   M   M   M   0    0   0         0   0
10  86  68  77  -1   0  12 0.05  0.0    0   M   M   M   0    0   0         0   0
11  81  67  74  -4   0   9 0.08  0.0    0   M   M   M   0    0   0         0   0
12  80  61  71  -7   0   6 0.00  0.0    0   M   M   M   0    0   0         0   0
13  79  60  70  -8   0   5 0.00  0.0    0   M   M   M   0    0   0         0   0
14  84  65  75  -3   0  10 0.00  0.0    0   M   M   M   0    0   0         0   0
15  87  67  77   0   0  12 0.00  0.0    0   M   M   M   0    0   0 1       0   0
16  87  67  77   0   0  12 1.06  0.0    0   M   M   M   0    0   0 3       0   0
17  83  66  75  -2   0  10 0.00  0.0    0   M   M   M   0    0   0         0   0
18  87  64  76  -1   0  11    T  0.0    0   M   M   M   0    0   0         0   0
19  91  66  79   2   0  14 0.00  0.0    0   M   M   M   0    0   0         0   0
20  90  68  79   2   0  14    T  0.0    0   M   M   M   0    0   0         0   0
21  89  69  79   3   0  14 2.48  0.0    0   M   M   M   0    0   0         0   0
================================================================================
SM 1741 1353         3 192  8.54     0.0     M            0      0
================================================================================
AV 82.9 64.4                                 M FASTST    0   0   0    MAX(MPH)
                                 MISC ---->     M   M               #  0    0
================================================================================
NOTES:
# LAST OF SEVERAL OCCURRENCES

COLUMN 17 PEAK WIND IN M.P.H.

PRELIMINARY LOCAL CLIMATOLOGICAL DATA (WS FORM: F-6) , PAGE 2

                                          STATION:  Pleasant Hill NWS MO
                                          MONTH:    AUGUST
                                          YEAR:     2017
                                          LATITUDE:   38 48 N
                                          LONGITUDE:  94 16 W

[TEMPERATURE DATA]      [PRECIPITATION DATA]       SYMBOLS USED IN COLUMN 16

AVERAGE MONTHLY: 73.7   TOTAL FOR MONTH:   8.54    1 = FOG OR MIST
DPTR FM NORMAL:  -4.0   DPTR FM NORMAL:    5.90    2 = FOG REDUCING VISIBILITY
HIGHEST:    91 ON 19    GRTST 24HR  4.75 ON  5- 5      TO 1/4 MILE OR LESS
LOWEST:     55 ON  4                               3 = THUNDER
                        SNOW, ICE PELLETS, HAIL    4 = ICE PELLETS
                        TOTAL MONTH:   0.0 INCH    5 = HAIL
                        GRTST 24HR     0.0         6 = FREEZING RAIN OR DRIZZLE
                        GRTST DEPTH:   0           7 = DUSTSTORM OR SANDSTORM:
                                                       VSBY 1/2 MILE OR LESS
                                                   8 = SMOKE OR HAZE
[NO. OF DAYS WITH]      [WEATHER - DAYS WITH]      9 = BLOWING SNOW
                                                   X = TORNADO
MAX 32 OR BELOW:   0    0.01 INCH OR MORE:   7
MAX 90 OR ABOVE:   2    0.10 INCH OR MORE:   4
MIN 32 OR BELOW:   0    0.50 INCH OR MORE:   3
MIN  0 OR BELOW:   0    1.00 INCH OR MORE:   3

[HDD (BASE 65) ]
TOTAL THIS MO.     3    CLEAR  (SCALE 0-3)  21
DPTR FM NORMAL     3    PTCLDY (SCALE 4-7)   0
TOTAL FM JUL 1     3    CLOUDY (SCALE 8-10)  0
DPTR FM NORMAL     3

[CDD (BASE 65) ]
TOTAL THIS MO.   192
DPTR FM NORMAL   -72    [PRESSURE DATA]
TOTAL FM JAN 1  1043    HIGHEST SLP  0.00 ON M
DPTR FM NORMAL    27    LOWEST  SLP  0.00 ON M

[REMARKS]
