000
CXUS55 KEAX 240736
CF6EAX
PRELIMINARY LOCAL CLIMATOLOGICAL DATA (WS FORM: F-6)

                                          STATION:   Pleasant Hill NWS MO
                                          MONTH:     NOVEMBER
                                          YEAR:      2014
                                          LATITUDE:   38 48 N
                                          LONGITUDE:  94 16 W

  TEMPERATURE IN F:       :PCPN:    SNOW:  WIND      :SUNSHINE: SKY     :PK WND
================================================================================
1   2   3   4   5  6A  6B    7    8   9   10  11  12  13   14  15   16   17  18
                                     12Z  AVG MX 2MIN
DY MAX MIN AVG DEP HDD CDD  WTR  SNW DPTH SPD SPD DIR MIN PSBL S-S WX    SPD DR
================================================================================

 1  50  25  38 -12  27   0 0.00    M    M   M   M   M   0    0   0         0   0
 2  64  43  54   4  11   0    T    M    M   M   M   M   0    0   0         0   0
 3  66  48  57   7   8   0 0.22  0.0    M   M   M   M   0    0   0         0   0
 4  57  42  50   1  15   0 0.03    M    0   M   M   M   0    0   0         0   0
 5  63  38  51   2  14   0 0.00  0.0    0   M   M   M   0    0   0         0   0
 6  52  34  43  -5  22   0 0.00  0.0    0   M   M   M   0    0   0         0   0
 7  61  29  45  -3  20   0 0.00  0.0    0   M   M   M   0    0   0         0   0
 8  55  36  46  -2  19   0 0.00  0.0    0   M   M   M   0    0   0         0   0
 9  61  29  45  -2  20   0 0.00  0.0    0   M   M   M   0    0   0         0   0
10  70  33  52   5  13   0 0.00  0.0    0   M   M   M   0    0   0         0   0
11  34  22  28 -18  37   0 0.02    T    0   M   M   M   0    0   0         0   0
12  28  19  24 -22  41   0 0.00  0.0    0   M   M   M   0    0   0         0   0
13  29  14  22 -23  43   0 0.00  0.0    0   M   M   M   0    0   0         0   0
14  32  12  22 -23  43   0 0.00  0.0    0   M   M   M   0    0   0         0   0
15  32  12  22 -22  43   0    T    T    0   M   M   M   0    0   0         0   0
16  28  18  23 -21  42   0    T    T    M   M   M   M   0    0   0         0   0
17  24  12  18 -25  47   0 0.00  0.0    M   M   M   M   0    0   0         0   0
18  34   9  22 -21  43   0 0.00  0.0    M   M   M   M   0    0   0         0   0
19  40  21  31 -11  34   0 0.00  0.0    M   M   M   M   0    0   0         0   0
20  39  15  27 -15  38   0 0.00  0.0    0   M   M   M   0    0   0         0   0
21  46  23  35  -6  30   0    T  0.0    0   M   M   M   0    0   0         0   0
22  59  42  51  10  14   0    T  0.0    0   M   M   M   0    0   0         0   0
23  56  37  47   7  18   0 0.16  0.0    0   M   M   M   0    0   0         0   0
================================================================================
SM 1080  613       642   0  0.43    T        M            0      0
================================================================================
AV 47.0 26.7                                 M FASTST    0   0   0    MAX(MPH)
                                 MISC ---->     M   M               #  0    0
================================================================================
NOTES:
# LAST OF SEVERAL OCCURRENCES

COLUMN 17 PEAK WIND IN M.P.H.

PRELIMINARY LOCAL CLIMATOLOGICAL DATA (WS FORM: F-6) , PAGE 2

                                          STATION:  Pleasant Hill NWS MO
                                          MONTH:    NOVEMBER
                                          YEAR:     2014
                                          LATITUDE:   38 48 N
                                          LONGITUDE:  94 16 W

[TEMPERATURE DATA]      [PRECIPITATION DATA]       SYMBOLS USED IN COLUMN 16

AVERAGE MONTHLY: 36.8   TOTAL FOR MONTH:   0.43    1 = FOG OR MIST
DPTR FM NORMAL:  -8.8   DPTR FM NORMAL:   -1.46    2 = FOG REDUCING VISIBILITY
HIGHEST:    70 ON 10    GRTST 24HR  0.22 ON  3- 3      TO 1/4 MILE OR LESS
LOWEST:      9 ON 18                               3 = THUNDER
                        SNOW, ICE PELLETS, HAIL    4 = ICE PELLETS
                        TOTAL MONTH:    T          5 = HAIL
                        GRTST 24HR    T  ON 16-16  6 = FREEZING RAIN OR DRIZZLE
                        GRTST DEPTH:   0           7 = DUSTSTORM OR SANDSTORM:
                                                       VSBY 1/2 MILE OR LESS
                                                   8 = SMOKE OR HAZE
[NO. OF DAYS WITH]      [WEATHER - DAYS WITH]      9 = BLOWING SNOW
                                                   X = TORNADO
MAX 32 OR BELOW:   6    0.01 INCH OR MORE:   4
MAX 90 OR ABOVE:   0    0.10 INCH OR MORE:   2
MIN 32 OR BELOW:  14    0.50 INCH OR MORE:   0
MIN  0 OR BELOW:   0    1.00 INCH OR MORE:   0

[HDD (BASE 65) ]
TOTAL THIS MO.   642    CLEAR  (SCALE 0-3)  23
DPTR FM NORMAL   195    PTCLDY (SCALE 4-7)   0
TOTAL FM JUL 1   943    CLOUDY (SCALE 8-10)  0
DPTR FM NORMAL   143

[CDD (BASE 65) ]
TOTAL THIS MO.     0
DPTR FM NORMAL     0    [PRESSURE DATA]
TOTAL FM JAN 1  1130    HIGHEST SLP  0.00 ON M
DPTR FM NORMAL  -167    LOWEST  SLP  0.00 ON M

[REMARKS]
