000
CXUS51 KAKQ 291010
CF6ECG
PRELIMINARY LOCAL CLIMATOLOGICAL DATA (WS FORM: F-6)

                                          STATION:   ELIZABETH CITY NC
                                          MONTH:     AUGUST
                                          YEAR:      2015
                                          LATITUDE:   36 16 N
                                          LONGITUDE:  76 11 W

  TEMPERATURE IN F:       :PCPN:    SNOW:  WIND      :SUNSHINE: SKY     :PK WND
================================================================================
1   2   3   4   5  6A  6B    7    8   9   10  11  12  13   14  15   16   17  18
                                     12Z  AVG MX 2MIN
DY MAX MIN AVG DEP HDD CDD  WTR  SNW DPTH SPD SPD DIR MIN PSBL S-S WX    SPD DR
================================================================================

 1  90  68  79   0   0  14 0.00  0.0    0  6.4 15 140   M    M   0        20 150
 2  92  70  81   2   0  16    T  0.0    0  5.3 14  10   M    M   2 123    17 360
 3  87  71  79   0   0  14 0.00  0.0    0  9.4 20 170   M    M   1        24 160
 4  90  76  83   4   0  18 0.04  0.0    0 11.4 32 200   M    M   3 13     47 210
 5  94  73  84   6   0  19 0.00  0.0    0  6.4 13 280   M    M   0 1      17 120
 6  94  70  82   4   0  17 0.93  0.0    0  7.7 26 250   M    M   1 13     36 250
 7  84  72  78   0   0  13 0.38  0.0    0  5.3 20  40   M    M   8 13     23  40
 8  80  70  75  -3   0  10 0.29  0.0    0 14.2 22 360   M    M   7 13     28  20
 9  82  65  74  -4   0   9 0.00  0.0    0  8.9 16  30   M    M   0        20  30
10  83  65  74  -4   0   9    T  0.0    0  4.4 12 110   M    M   2        14 110
11  81  71  76  -2   0  11 0.05  0.0    0  9.3 22 230   M    M   6 1      29 230
12  87  67  77  -1   0  12 0.00  0.0    0  5.6 12 310   M    M   3 1      17 330
13  87  64  76  -2   0  11    T  0.0    0  4.4 12  90   M    M   3        14 100
14  85  65  75  -3   0  10 0.00  0.0    0  5.1 14  70   M    M   1        17  90
15  84  59  72  -6   0   7    T  0.0    0  3.5 10  70   M    M   0        14 170
16  85  60  73  -5   0   8 0.00  0.0    0  3.5 13 110   M    M   1 1      16 120
17  88  66  77  -1   0  12 0.00  0.0    0  5.5 13 130   M    M   1         M  M
18  87  70  79   1   0  14    T  0.0    0  5.1 10 170   M    M   1        14 180
19  87  72  80   2   0  15 0.02  0.0    0  4.8 13 180   M    M   7 1      16 180
20  91  75  83   5   0  18 0.00  0.0    0  6.1 14 210   M    M   4 3      17 220
21  88  72  80   3   0  15 0.00  0.0    0  8.6 17 340   M    M   4 1      20 340
22  87  73  80   3   0  15 0.00  0.0    0 11.9 21  30   M    M   1        24  30
23  86  64  75  -2   0  10 0.00  0.0    0  7.9 14  30   M    M   0        20 360
24  88  63  76  -1   0  11 0.00  0.0    0  4.0 13 150   M    M   1        16 150
25  86  70  78   1   0  13 0.41  0.0    0  4.7 16 350   M    M   7 13     18 350
26  85  71  78   1   0  13 0.00  0.0    0  8.8 18  50   M    M   6        22  50
27  81  73  77   0   0  12    T  0.0    0 10.4 21  40   M    M   9        24  40
28  83  65  74  -2   0   9 0.00  0.0    0  8.8 18  30   M    M   2        22  30
================================================================================
SM 2422 1920         0 355  2.12     0.0 197.4          M       81
================================================================================
AV 86.5 68.6                               7.0 FASTST   M    M   3    MAX(MPH)
                                 MISC ---->  # 32 200               # 47  210
================================================================================
NOTES:
# LAST OF SEVERAL OCCURRENCES

COLUMN 17 PEAK WIND IN M.P.H.

PRELIMINARY LOCAL CLIMATOLOGICAL DATA (WS FORM: F-6) , PAGE 2

                                          STATION:  ELIZABETH CITY NC
                                          MONTH:    AUGUST
                                          YEAR:     2015
                                          LATITUDE:   36 16 N
                                          LONGITUDE:  76 11 W

[TEMPERATURE DATA]      [PRECIPITATION DATA]       SYMBOLS USED IN COLUMN 16

AVERAGE MONTHLY: 77.5   TOTAL FOR MONTH:   2.12    1 = FOG OR MIST
DPTR FM NORMAL:  -0.3   DPTR FM NORMAL:   -3.96    2 = FOG REDUCING VISIBILITY
HIGHEST:    94 ON  6, 5 GRTST 24HR  1.31 ON  6- 7      TO 1/4 MILE OR LESS
LOWEST:     59 ON 15                               3 = THUNDER
                        SNOW, ICE PELLETS, HAIL    4 = ICE PELLETS
                        TOTAL MONTH:   0.0 INCH    5 = HAIL
                        GRTST 24HR     0.0         6 = FREEZING RAIN OR DRIZZLE
                        GRTST DEPTH:   0           7 = DUSTSTORM OR SANDSTORM:
                                                       VSBY 1/2 MILE OR LESS
                                                   8 = SMOKE OR HAZE
[NO. OF DAYS WITH]      [WEATHER - DAYS WITH]      9 = BLOWING SNOW
                                                   X = TORNADO
MAX 32 OR BELOW:   0    0.01 INCH OR MORE:   7
MAX 90 OR ABOVE:   6    0.10 INCH OR MORE:   4
MIN 32 OR BELOW:   0    0.50 INCH OR MORE:   1
MIN  0 OR BELOW:   0    1.00 INCH OR MORE:   0

[HDD (BASE 65) ]
TOTAL THIS MO.     0    CLEAR  (SCALE 0-3)  18
DPTR FM NORMAL     0    PTCLDY (SCALE 4-7)   9
TOTAL FM JUL 1     0    CLOUDY (SCALE 8-10)  1
DPTR FM NORMAL     0

[CDD (BASE 65) ]
TOTAL THIS MO.   355
DPTR FM NORMAL    -4    [PRESSURE DATA]
TOTAL FM JAN 1  1410    HIGHEST SLP M ON M
DPTR FM NORMAL   147    LOWEST  SLP 29.78 ON  7

[REMARKS]
