000
CXUS54 KEWX 280910
CF6ECU
PRELIMINARY LOCAL CLIMATOLOGICAL DATA (WS FORM: F-6)

                                          STATION:   Edwards County Airport
                                          MONTH:     MAY
                                          YEAR:      2017
                                          LATITUDE:   29 57 N
                                          LONGITUDE: 100 10 W

  TEMPERATURE IN F:       :PCPN:    SNOW:  WIND      :SUNSHINE: SKY     :PK WND
================================================================================
1   2   3   4   5  6A  6B    7    8   9   10  11  12  13   14  15   16   17  18
                                     12Z  AVG MX 2MIN
DY MAX MIN AVG DEP HDD CDD  WTR  SNW DPTH SPD SPD DIR MIN PSBL S-S WX    SPD DR
================================================================================

 1  84  52  68   M   0   3 0.00    M    M  6.9 16 220   M    M   1        25 200
 2  84  59  72   M   0   7 0.00    M    M 12.8 18 180   M    M   0        28 190
 3  90  63  77   M   0  12 0.00    M    M 11.2 20 170   M    M   5 18     25 170
 4  75  54  65   M   0   0 0.00    M    M  8.8 15 360   M    M   0        22  40
 5  82  52  67   M   0   2 0.00    M    M  1.7 12 340   M    M   0        16 340
 6  84  57  71   M   0   6 0.00    M    M  7.6 13 180   M    M   0        21 190
 7  82  59  71   M   0   6 0.00    M    M 11.7 16 170   M    M   0        23 160
 8  68  64  66   M   0   1 0.00    M    M 12.8 18 160   M    M  10 1      28 170
 9  79  64  72   M   0   7 0.02    M    M 13.5 20 150   M    M   9 18     27 170
10  82  66  74   M   0   9 0.01    M    M 13.0 24 170   M    M   7 18     32 170
11  90  64  77   M   0  12 0.00    M    M  3.9 15 170   M    M   2 1      24 170
12  82  61  72   M   0   7 0.00    M    M  6.6 13  10   M    M   0 8      21  30
13  88  57  73   M   0   8 0.00    M    M  4.2 10 170   M    M   0         M  M
14  88  66  77   M   0  12 0.00    M    M 12.8 17 170   M    M   0 8      27 160
15  79  63  71   M   0   6 0.00    M    M 13.1 18 180   M    M   5        24 180
16  81  68  75   M   0  10 0.00    M    M 15.4 24 170   M    M   9 12     32 170
17  91  64  78   M   0  13 0.01    M    M  7.3 20 170   M    M   4 1      28 170
18  86  72  79   M   0  14 0.00    M    M 13.7 17 190   M    M   7 18     24 170
19  86  72  79   M   0  14 0.00    M    M 14.8 21 170   M    M   8 18     30 170
20  75  64  70   M   0   5 0.37    M    M  7.6 15 140   M    M   8 1      22 140
21  70  59  65   M   0   0 0.29    M    M  8.9 15  80   M    M   8 1      21  70
22  75  59  67   M   0   2 0.01    M    M  4.9  8  80   M    M   9 12      M  M
23  77  55  66   M   0   1 0.00    M    M  6.2 12  30   M    M   4 1      25  20
24  82  52  67   M   0   2 0.00    M    M  3.2 10 190   M    M   0         M  M
25  90  63  77   M   0  12 0.00    M    M 12.0 18 180   M    M   0 8      25 180
26  91  73  82   M   0  17 0.00    M    M  8.2 17 170   M    M   4 1      24 170
27  91  75  83   M   0  18 0.00    M    M 10.1 16 170   M    M   6 128    20 170
================================================================================
SM 2232 1677         0 206  0.71    M    252.9          M      106
================================================================================
AV 82.7 62.1                               9.4 FASTST   M    M   4    MAX(MPH)
                                 MISC ---->  # 24 170               # 32  170
================================================================================
NOTES:
# LAST OF SEVERAL OCCURRENCES

COLUMN 17 PEAK WIND IN M.P.H.

PRELIMINARY LOCAL CLIMATOLOGICAL DATA (WS FORM: F-6) , PAGE 2

                                          STATION:  Edwards County Airport
                                          MONTH:    MAY
                                          YEAR:     2017
                                          LATITUDE:   29 57 N
                                          LONGITUDE: 100 10 W

[TEMPERATURE DATA]      [PRECIPITATION DATA]       SYMBOLS USED IN COLUMN 16

AVERAGE MONTHLY: 72.4   TOTAL FOR MONTH:   0.71    1 = FOG OR MIST
DPTR FM NORMAL:     M   DPTR FM NORMAL:       M    2 = FOG REDUCING VISIBILITY
HIGHEST:    91 ON 27,26 GRTST 24HR  0.37 ON 20-20      TO 1/4 MILE OR LESS
LOWEST:     52 ON 24, 5                            3 = THUNDER
                        SNOW, ICE PELLETS, HAIL    4 = ICE PELLETS
                        TOTAL MONTH:    M          5 = HAIL
                        GRTST 24HR    M  ON   M    6 = FREEZING RAIN OR DRIZZLE
                        GRTST DEPTH:  M  ON   M    7 = DUSTSTORM OR SANDSTORM:
                                                       VSBY 1/2 MILE OR LESS
                                                   8 = SMOKE OR HAZE
[NO. OF DAYS WITH]      [WEATHER - DAYS WITH]      9 = BLOWING SNOW
                                                   X = TORNADO
MAX 32 OR BELOW:   0    0.01 INCH OR MORE:   6
MAX 90 OR ABOVE:   6    0.10 INCH OR MORE:   2
MIN 32 OR BELOW:   0    0.50 INCH OR MORE:   0
MIN  0 OR BELOW:   0    1.00 INCH OR MORE:   0

[HDD (BASE 65) ]
TOTAL THIS MO.     0    CLEAR  (SCALE 0-3)  12
DPTR FM NORMAL     M    PTCLDY (SCALE 4-7)  10
TOTAL FM JUL 1  1183    CLOUDY (SCALE 8-10)  5
DPTR FM NORMAL     M

[CDD (BASE 65) ]
TOTAL THIS MO.   206
DPTR FM NORMAL     M    [PRESSURE DATA]
TOTAL FM JAN 1   431    HIGHEST SLP M ON M
DPTR FM NORMAL     M    LOWEST  SLP M ON M

[REMARKS]
