000
CXUS54 KEWX 290910
CF6ECU
PRELIMINARY LOCAL CLIMATOLOGICAL DATA (WS FORM: F-6)

                                          STATION:   Edwards County Airport
                                          MONTH:     JANUARY
                                          YEAR:      2015
                                          LATITUDE:   29 57 N
                                          LONGITUDE: 100 10 W

  TEMPERATURE IN F:       :PCPN:    SNOW:  WIND      :SUNSHINE: SKY     :PK WND
================================================================================
1   2   3   4   5  6A  6B    7    8   9   10  11  12  13   14  15   16   17  18
                                     12Z  AVG MX 2MIN
DY MAX MIN AVG DEP HDD CDD  WTR  SNW DPTH SPD SPD DIR MIN PSBL S-S WX    SPD DR
================================================================================

 1  36  28  32   M  33   0    M    M    M  2.6 10  40   M    M  10 12      M  M
 2  36  32  34   M  31   0    M    M    M  6.8 12 330   M    M  10 12     20 330
 3  59  34  47   M  18   0    M    M    M  9.0 20 270   M    M   4 12     27 270
 4  48  32  40   M  25   0    M    M    M  8.2 16  30   M    M   0        20  30
 5  55  28  42   M  23   0    M    M    M  6.6 13 170   M    M   0         M  M
 6  66  36  51   M  14   0    M    M    M  4.2  8 170   M    M   0         M  M
 7  48  27  38   M  27   0    M    M    M 10.5 18  40   M    M   0        28  20
 8  43  23  33   M  32   0    M    M    M  7.2 10 200   M    M   4         M  M
 9  39  30  35   M  30   0    M    M    M  8.0 14  40   M    M   8 6      22  40
10  34  28  31   M  34   0    M    M    M  1.3  6 160   M    M  10 1       M  M
11  59  34  47   M  18   0    M    M    M  3.6 10 270   M    M   5 12     17 270
12  50  34  42   M  23   0    M    M    M  8.5 15  40   M    M   6 1      23  50
13  36  30  33   M  32   0    M    M    M  6.6 10  40   M    M  10 18     17  10
14  37  34  36   M  29   0    M    M    M  4.4  7  10   M    M  10 1       M  M
15  52  36  44   M  21   0    M    M    M  7.1 13 340   M    M   5 1      18 330
16  63  37  50   M  15   0    M    M    M  3.8  9 250   M    M   0         M  M
17  68  43  56   M   9   0    M    M    M  7.8 15 320   M    M   0        20 300
18  66  39  53   M  12   0    M    M    M  6.5 10 170   M    M   0         M  M
19  73  46  60   M   5   0    M    M    M  7.3 14 260   M    M   0        21 260
20  79  50  65   M   0   0    M    M    M  6.2 14 280   M    M   0        18 300
21  61  45  53   M  12   0    M    M    M  7.9 13  60   M    M   5 12     17  50
22  46  36  41   M  24   0    M    M    M 12.5 18  10   M    M  10 1      28  30
23  41  32  37   M  28   0    M    M    M  8.6 17 320   M    M   8        20 350
24  55  30  43   M  22   0    M    M    M  5.2  8 310   M    M   0         M  M
25  66  37  52   M  13   0    M    M    M  6.9 10  40   M    M   0        18  10
26  66  45  56   M   9   0    M    M    M  5.0  9 260   M    M   0 8       M  M
27  79  45  62   M   3   0    M    M    M  4.9  9 330   M    M   0         M  M
28  77  54  66   M   0   1 0.00  0.0    0  8.1 17 170   M    M   0        22 170
================================================================================
SM 1538 1005       542   1  0.00     0.0 185.3          M      105
================================================================================
AV 54.9 35.9                               6.6 FASTST   M    M   4    MAX(MPH)
                                 MISC ---->    20   M                 28    M
================================================================================
NOTES:
# LAST OF SEVERAL OCCURRENCES

COLUMN 17 PEAK WIND IN M.P.H.

PRELIMINARY LOCAL CLIMATOLOGICAL DATA (WS FORM: F-6) , PAGE 2

                                          STATION:  Edwards County Airport
                                          MONTH:    JANUARY
                                          YEAR:     2015
                                          LATITUDE:   29 57 N
                                          LONGITUDE: 100 10 W

[TEMPERATURE DATA]      [PRECIPITATION DATA]       SYMBOLS USED IN COLUMN 16

AVERAGE MONTHLY: 45.4   TOTAL FOR MONTH:   0.00    1 = FOG OR MIST
DPTR FM NORMAL:     M   DPTR FM NORMAL:       M    2 = FOG REDUCING VISIBILITY
HIGHEST:    79 ON 27,20 GRTST 24HR  0.00 ON 28-28      TO 1/4 MILE OR LESS
LOWEST:     23 ON  8                               3 = THUNDER
                        SNOW, ICE PELLETS, HAIL    4 = ICE PELLETS
                        TOTAL MONTH:   0.0 INCH    5 = HAIL
                        GRTST 24HR     0.0         6 = FREEZING RAIN OR DRIZZLE
                        GRTST DEPTH:   0           7 = DUSTSTORM OR SANDSTORM:
                                                       VSBY 1/2 MILE OR LESS
                                                   8 = SMOKE OR HAZE
[NO. OF DAYS WITH]      [WEATHER - DAYS WITH]      9 = BLOWING SNOW
                                                   X = TORNADO
MAX 32 OR BELOW:   0    0.01 INCH OR MORE:   0
MAX 90 OR ABOVE:   0    0.10 INCH OR MORE:   0
MIN 32 OR BELOW:  11    0.50 INCH OR MORE:   0
MIN  0 OR BELOW:   0    1.00 INCH OR MORE:   0

[HDD (BASE 65) ]
TOTAL THIS MO.   542    CLEAR  (SCALE 0-3)  14
DPTR FM NORMAL     M    PTCLDY (SCALE 4-7)   7
TOTAL FM JUL 1  1278    CLOUDY (SCALE 8-10)  7
DPTR FM NORMAL     M

[CDD (BASE 65) ]
TOTAL THIS MO.     1
DPTR FM NORMAL     M    [PRESSURE DATA]
TOTAL FM JAN 1     1    HIGHEST SLP M ON M
DPTR FM NORMAL     M    LOWEST  SLP M ON M

[REMARKS]
