000
CXUS55 KVEF 250940
CF6EED
PRELIMINARY LOCAL CLIMATOLOGICAL DATA (WS FORM: F-6)

                                          STATION:   NEEDLES CA
                                          MONTH:     JUNE
                                          YEAR:      2017
                                          LATITUDE:   34 46 N
                                          LONGITUDE: 114 37 W

  TEMPERATURE IN F:       :PCPN:    SNOW:  WIND      :SUNSHINE: SKY     :PK WND
================================================================================
1   2   3   4   5  6A  6B    7    8   9   10  11  12  13   14  15   16   17  18
                                     12Z  AVG MX 2MIN
DY MAX MIN AVG DEP HDD CDD  WTR  SNW DPTH SPD SPD DIR MIN PSBL S-S WX    SPD DR
================================================================================

 1  99  78  89   3   0  24 0.00  0.0    0  8.9 24 210   M    M   0        36 240
 2 105  73  89   2   0  24 0.00  0.0    0  5.2 16 300   M    M   0        21 250
 3 112  77  95   8   0  30 0.00  0.0    0  7.3 17 290   M    M   0        22 230
 4 112  82  97  10   0  32 0.00  0.0    0  8.7 24 250   M    M   0        32 250
 5 111  83  97   9   0  32 0.00  0.0    0  9.0 23 200   M    M   0        30 250
 6 110  86  98  10   0  33 0.00  0.0    0  8.8 23 190   M    M   0        29 230
 7 107  84  96   8   0  31 0.00  0.0    0 11.5 23 210   M    M   0        32 220
 8 107  80  94   6   0  29 0.00  0.0    0 10.8 21 190   M    M   0        28 200
 9 107  80  94   5   0  29 0.00  0.0    0 10.3 28 180   M    M   0        36 190
10 102  81  92   3   0  27 0.00  0.0    0 11.7 22 200   M    M   0        33 200
11  98  75  87  -2   0  22 0.00  0.0    0 16.7 29 200   M    M   0        37 220
12  91  67  79 -11   0  14 0.00  0.0    0  9.8 20 290   M    M   0        25 320
13  98  67  83  -7   0  18 0.00  0.0    0  4.3 10  70   M    M   0         M  M
14 107  70  89  -1   0  24 0.00  0.0    M  4.1 15 250   M    M   0        17 260
15 112  75  94   3   0  29 0.00  0.0    0  5.7 16 140   M    M   0        18 140
16 115  79  97   6   0  32 0.00  0.0    0  6.5 16 250   M    M   0        22 150
17 116  83 100   9   0  35 0.00  0.0    0  5.6 15 240   M    M   1        18 250
18 119  84 102  10   0  37 0.00  0.0    0  4.4 16 250   M    M   1        19 250
19 123  87 105  13   0  40 0.00  0.0    0  5.8 15 250   M    M   2        18 220
20 125  89 107  15   0  42 0.00  0.0    0  7.4 21 240   M    M   2        24 220
21 123  91 107  15   0  42 0.00  0.0    0  8.0 24 260   M    M   2        29 250
22 119  89 104  11   0  39 0.00  0.0    0  9.6 21 250   M    M   2        26 250
23 121  91 106  13   0  41 0.00  0.0    0  7.2 18 250   M    M   2        24 210
24 123  90 107  14   0  42 0.00  0.0    0  6.0 21 310   M    M   3        25 320
================================================================================
SM 2662 1941         0 748  0.00     0.0 193.3          M       15
================================================================================
AV110.9 80.9                               8.1 FASTST   M    M   1    MAX(MPH)
                                 MISC ---->  # 29 200               # 37  220
================================================================================
NOTES:
# LAST OF SEVERAL OCCURRENCES

COLUMN 17 PEAK WIND IN M.P.H.

PRELIMINARY LOCAL CLIMATOLOGICAL DATA (WS FORM: F-6) , PAGE 2

                                          STATION:  NEEDLES CA
                                          MONTH:    JUNE
                                          YEAR:     2017
                                          LATITUDE:   34 46 N
                                          LONGITUDE: 114 37 W

[TEMPERATURE DATA]      [PRECIPITATION DATA]       SYMBOLS USED IN COLUMN 16

AVERAGE MONTHLY: 95.9   TOTAL FOR MONTH:   0.00    1 = FOG OR MIST
DPTR FM NORMAL:   6.1   DPTR FM NORMAL:   -0.02    2 = FOG REDUCING VISIBILITY
HIGHEST:   125 ON 20    GRTST 24HR  0.00 ON 24-24      TO 1/4 MILE OR LESS
LOWEST:     67 ON 13,12                            3 = THUNDER
                        SNOW, ICE PELLETS, HAIL    4 = ICE PELLETS
                        TOTAL MONTH:   0.0 INCH    5 = HAIL
                        GRTST 24HR     0.0         6 = FREEZING RAIN OR DRIZZLE
                        GRTST DEPTH:   0           7 = DUSTSTORM OR SANDSTORM:
                                                       VSBY 1/2 MILE OR LESS
                                                   8 = SMOKE OR HAZE
[NO. OF DAYS WITH]      [WEATHER - DAYS WITH]      9 = BLOWING SNOW
                                                   X = TORNADO
MAX 32 OR BELOW:   0    0.01 INCH OR MORE:   0
MAX 90 OR ABOVE:  24    0.10 INCH OR MORE:   0
MIN 32 OR BELOW:   0    0.50 INCH OR MORE:   0
MIN  0 OR BELOW:   0    1.00 INCH OR MORE:   0

[HDD (BASE 65) ]
TOTAL THIS MO.     0    CLEAR  (SCALE 0-3)  24
DPTR FM NORMAL     0    PTCLDY (SCALE 4-7)   0
TOTAL FM JUL 1   757    CLOUDY (SCALE 8-10)  0
DPTR FM NORMAL  -414

[CDD (BASE 65) ]
TOTAL THIS MO.   748
DPTR FM NORMAL   153    [PRESSURE DATA]
TOTAL FM JAN 1  1912    HIGHEST SLP M ON M
DPTR FM NORMAL   488    LOWEST  SLP 28.61 ON 21

[REMARKS]
