000
CXUS54 KSHV 291300
CF6ELD
PRELIMINARY LOCAL CLIMATOLOGICAL DATA (WS FORM: F-6)

                                          STATION:   EL DORADO
                                          MONTH:     DECEMBER
                                          YEAR:      2014
                                          LATITUDE:   33 13 N
                                          LONGITUDE:  92 49 W

  TEMPERATURE IN F:       :PCPN:    SNOW:  WIND      :SUNSHINE: SKY     :PK WND
================================================================================
1   2   3   4   5  6A  6B    7    8   9   10  11  12  13   14  15   16   17  18
                                     12Z  AVG MX 2MIN
DY MAX MIN AVG DEP HDD CDD  WTR  SNW DPTH SPD SPD DIR MIN PSBL S-S WX    SPD DR
================================================================================

 1  71  37  54   5  11   0 0.33  0.0    0  7.2 20 340   M    M   9 1      24 350
 2  44  36  40  -8  25   0 0.00  0.0    0  3.5 10 150   M    M  10 1      13 150
 3  53  42  48   0  17   0 0.00  0.0    0  5.1 10  80   M    M  10 12     13  80
 4  60  47  54   6  11   0 0.00  0.0    0  2.1  7  40   M    M  10 12      8  30
 5  69  57  63  15   2   0 0.63  0.0    0  6.4 14 200   M    M   9 1      21 200
 6  68  49  59  12   6   0 0.03  0.0    0  9.1 17 220   M    M   7 1      23 360
 7  49  41  45  -2  20   0 0.00  0.0    0  8.1 16  40   M    M   7 8      21  30
 8  61  33  47   0  18   0 0.00  0.0    0  2.3  9 320   M    M   0 1      12 330
 9  67  32  50   4  15   0 0.00  0.0    0  4.2 14  60   M    M   0 1      18  60
10  51  31  41  -5  24   0 0.00  0.0    0  2.2 10  70   M    M   1 1      13  70
11  44  39  42  -4  23   0 0.09  0.0    0  3.3  8  50   M    M  10 1       9  60
12  49  44  47   1  18   0 0.26  0.0    0  4.6  9 100   M    M   7 1      12 140
13  67  42  55   9  10   0 0.00  0.0    0  2.0  9 180   M    M   6 12     12 180
14  68  40  54   8  11   0 0.00  0.0    0  6.1 15 160   M    M   4 12     24 150
15  71  49  60  15   5   0 0.10  0.0    0  9.3 21 230   M    M   5 1      30 220
16  53  33  43  -2  22   0 0.00  0.0    0  6.7 16 280   M    M   0        21 280
17  48  32  40  -5  25   0    T  0.0    0  5.3 13  60   M    M   4        15  50
18  51  39  45   0  20   0 0.19  0.0    0  5.4 12  70   M    M  10 1      16  60
19  46  43  45   0  20   0 0.26  0.0    0  7.3 16 100   M    M  10 1      20  90
20  56  37  47   3  18   0 0.00  0.0    0  2.7  8  40   M    M   5 18     11  50
21  58  31  45   1  20   0 0.00  0.0    0  3.6 12 130   M    M   0 18     15 110
22  61  45  53   9  12   0    T    M    0  5.5 13 150   M    M   8 12     16 180
23  55  46  51   7  14   0    T    M    0  7.2 17 350   M    M   8 12     27 340
24  49  32  41  -3  24   0    T    M    0  6.7 20 280   M    M   8        26 280
25  59  28  44   0  21   0 0.00  0.0    0  6.4 17 180   M    M   0        25 180
26  56  42  49   5  16   0 0.01  0.0    0  7.3 13 140   M    M   8 1      19 150
27  61  46  54  10  11   0 1.37    M    0  7.5 17 340   M    M  10 13     27 360
28  46  40  43  -1  22   0 0.06    M    0  5.2 17 320   M    M  10 1      22 320
================================================================================
SM 1591 1113       461   0  3.33     0.0 152.3          M      176
================================================================================
AV 56.8 39.8                               5.4 FASTST   M    M   6    MAX(MPH)
                                 MISC ---->  # 21 230               # 30  220
================================================================================
NOTES:
# LAST OF SEVERAL OCCURRENCES

COLUMN 17 PEAK WIND IN M.P.H.

PRELIMINARY LOCAL CLIMATOLOGICAL DATA (WS FORM: F-6) , PAGE 2

                                          STATION:  EL DORADO
                                          MONTH:    DECEMBER
                                          YEAR:     2014
                                          LATITUDE:   33 13 N
                                          LONGITUDE:  92 49 W

[TEMPERATURE DATA]      [PRECIPITATION DATA]       SYMBOLS USED IN COLUMN 16

AVERAGE MONTHLY: 48.3   TOTAL FOR MONTH:   3.33    1 = FOG OR MIST
DPTR FM NORMAL:   2.6   DPTR FM NORMAL:   -1.44    2 = FOG REDUCING VISIBILITY
HIGHEST:    71 ON 15, 1 GRTST 24HR  1.37 ON 27-27      TO 1/4 MILE OR LESS
LOWEST:     28 ON 25                               3 = THUNDER
                        SNOW, ICE PELLETS, HAIL    4 = ICE PELLETS
                        TOTAL MONTH:   0.0 INCH    5 = HAIL
                        GRTST 24HR     0.0         6 = FREEZING RAIN OR DRIZZLE
                        GRTST DEPTH:   0           7 = DUSTSTORM OR SANDSTORM:
                                                       VSBY 1/2 MILE OR LESS
                                                   8 = SMOKE OR HAZE
[NO. OF DAYS WITH]      [WEATHER - DAYS WITH]      9 = BLOWING SNOW
                                                   X = TORNADO
MAX 32 OR BELOW:   0    0.01 INCH OR MORE:  11
MAX 90 OR ABOVE:   0    0.10 INCH OR MORE:   7
MIN 32 OR BELOW:   6    0.50 INCH OR MORE:   2
MIN  0 OR BELOW:   0    1.00 INCH OR MORE:   1

[HDD (BASE 65) ]
TOTAL THIS MO.   461    CLEAR  (SCALE 0-3)   6
DPTR FM NORMAL   -82    PTCLDY (SCALE 4-7)  11
TOTAL FM JUL 1  1012    CLOUDY (SCALE 8-10) 11
DPTR FM NORMAL   -10

[CDD (BASE 65) ]
TOTAL THIS MO.     0
DPTR FM NORMAL     0    [PRESSURE DATA]
TOTAL FM JAN 1  1884    HIGHEST SLP M ON M
DPTR FM NORMAL  -242    LOWEST  SLP 29.53 ON 22

[REMARKS]
