000
CXUS54 KEPZ 261202
CF6ELP
PRELIMINARY LOCAL CLIMATOLOGICAL DATA (WS FORM: F-6)

                                          STATION:   EL PASO
                                          MONTH:     FEBRUARY
                                          YEAR:      2015
                                          LATITUDE:   31 47 N
                                          LONGITUDE: 106 24 W

  TEMPERATURE IN F:       :PCPN:    SNOW:  WIND      :SUNSHINE: SKY     :PK WND
================================================================================
1   2   3   4   5  6A  6B    7    8   9   10  11  12  13   14  15   16   17  18
                                     12Z  AVG MX 2MIN
DY MAX MIN AVG DEP HDD CDD  WTR  SNW DPTH SPD SPD DIR MIN PSBL S-S WX    SPD DR
================================================================================

 1  61  41  51   4  14   0 0.00  0.0    0  5.3 15  10   M    M   5 18     17 350
 2  62  37  50   2  15   0 0.00  0.0    0  2.8 12 210   M    M   1        14 210
 3  67  37  52   4  13   0 0.00  0.0    0  4.3 15 270   M    M   2 1      19 280
 4  72  39  56   8   9   0 0.00  0.0    0  5.0 16 300   M    M   1        22 280
 5  66  36  51   3  14   0 0.00  0.0    0  3.7 15 160   M    M   2 8      19 150
 6  74  37  56   8   9   0 0.00  0.0    0  4.7 10 220   M    M   0        13 220
 7  78  44  61  13   4   0 0.00  0.0    0  7.7 23 280   M    M   0        30 270
 8  79  45  62  13   3   0 0.00  0.0    0  4.4 23 250   M    M   0 8      28 260
 9  77  44  61  12   4   0 0.00  0.0    0  3.9  9 170   M    M   0 8      11 350
10  78  43  61  12   4   0 0.00  0.0    0  5.6 15 250   M    M   1 8      19 260
11  66  43  55   6  10   0 0.00  0.0    0 13.4 30  70   M    M   4        39  70
12  56  42  49  -1  16   0 0.00  0.0    0  7.8 18 160   M    M   5 8      23 170
13  65  35  50   0  15   0 0.00  0.0    0  3.5 12  20   M    M   2        13  30
14  69  39  54   4  11   0 0.00  0.0    0  4.8 12 360   M    M   7        14 190
15  76  46  61  11   4   0 0.00  0.0    0 11.6 32 260   M    M   6        40 250
16  69  46  58   8   7   0 0.00  0.0    0 10.5 28 250   M    M   5        34 290
17  60  36  48  -3  17   0 0.00  0.0    0  5.8 21  20   M    M   1        24  30
18  71  32  52   1  13   0 0.00  0.0    0  2.7 12 260   M    M   2        16 280
19  77  38  58   7   7   0 0.00  0.0    0  5.9 18 250   M    M   3        23 250
20  72  54  63  12   2   0 0.00  0.0    0 13.4 33 250   M    M   7        45 240
21  75  57  66  14   0   1 0.00  0.0    0 11.1 30 250   M    M   7        44 250
22  65  37  51  -1  14   0    T  0.0    0 13.9 29 260   M    M   8        37 250
23  44  30  37 -15  28   0 0.01  0.0    0 10.2 17  70   M    M   8        22  60
24  65  29  47  -5  18   0 0.02  0.0    0 10.7 39 280   M    M   5 78     47 290
25  63  37  50  -2  15   0 0.00  0.0    0  9.2 26 280   M    M   2        31 280
================================================================================
SM 1707 1004       266   1  0.03     0.0 181.9          M       84
================================================================================
AV 68.3 40.2                               7.3 FASTST   M    M   3    MAX(MPH)
                                 MISC ---->  # 39 280               # 47  290
================================================================================
NOTES:
# LAST OF SEVERAL OCCURRENCES

COLUMN 17 PEAK WIND IN M.P.H.

PRELIMINARY LOCAL CLIMATOLOGICAL DATA (WS FORM: F-6) , PAGE 2

                                          STATION:  EL PASO
                                          MONTH:    FEBRUARY
                                          YEAR:     2015
                                          LATITUDE:   31 47 N
                                          LONGITUDE: 106 24 W

[TEMPERATURE DATA]      [PRECIPITATION DATA]       SYMBOLS USED IN COLUMN 16

AVERAGE MONTHLY: 54.2   TOTAL FOR MONTH:   0.03    1 = FOG OR MIST
DPTR FM NORMAL:   4.4   DPTR FM NORMAL:   -0.39    2 = FOG REDUCING VISIBILITY
HIGHEST:    79 ON  8    GRTST 24HR  0.15 ON 31- 1      TO 1/4 MILE OR LESS
LOWEST:     29 ON 24                               3 = THUNDER
                        SNOW, ICE PELLETS, HAIL    4 = ICE PELLETS
                        TOTAL MONTH:   0.0 INCH    5 = HAIL
                        GRTST 24HR     0.0         6 = FREEZING RAIN OR DRIZZLE
                        GRTST DEPTH:   0           7 = DUSTSTORM OR SANDSTORM:
                                                       VSBY 1/2 MILE OR LESS
                                                   8 = SMOKE OR HAZE
[NO. OF DAYS WITH]      [WEATHER - DAYS WITH]      9 = BLOWING SNOW
                                                   X = TORNADO
MAX 32 OR BELOW:   0    0.01 INCH OR MORE:   2
MAX 90 OR ABOVE:   0    0.10 INCH OR MORE:   0
MIN 32 OR BELOW:   3    0.50 INCH OR MORE:   0
MIN  0 OR BELOW:   0    1.00 INCH OR MORE:   0

[HDD (BASE 65) ]
TOTAL THIS MO.   266    CLEAR  (SCALE 0-3)  13
DPTR FM NORMAL  -116    PTCLDY (SCALE 4-7)  12
TOTAL FM JUL 1  1759    CLOUDY (SCALE 8-10)  0
DPTR FM NORMAL  -308

[CDD (BASE 65) ]
TOTAL THIS MO.     1
DPTR FM NORMAL     1    [PRESSURE DATA]
TOTAL FM JAN 1     1    HIGHEST SLP M ON M
DPTR FM NORMAL     1    LOWEST  SLP 29.65 ON 21

[REMARKS]
