000
CXUS54 KEPZ 201200
CF6ELP
PRELIMINARY LOCAL CLIMATOLOGICAL DATA (WS FORM: F-6)

                                          STATION:   EL PASO
                                          MONTH:     JANUARY
                                          YEAR:      2017
                                          LATITUDE:   31 47 N
                                          LONGITUDE: 106 24 W

  TEMPERATURE IN F:       :PCPN:    SNOW:  WIND      :SUNSHINE: SKY     :PK WND
================================================================================
1   2   3   4   5  6A  6B    7    8   9   10  11  12  13   14  15   16   17  18
                                     12Z  AVG MX 2MIN
DY MAX MIN AVG DEP HDD CDD  WTR  SNW DPTH SPD SPD DIR MIN PSBL S-S WX    SPD DR
================================================================================

 1  60  42  51   7  14   0 0.18  0.0    0  8.3 38 240   M    M   7 3      50 250
 2  55  37  46   2  19   0 0.00  0.0    0 10.4 36 250   M    M   5        44 250
 3  60  36  48   4  17   0 0.00  0.0    0  7.4 20 260   M    M   5        26 250
 4  66  49  58  14   7   0 0.00  0.0    0  9.9 25 260   M    M   5        32 260
 5  65  46  56  12   9   0 0.00  0.0    0  8.1 26 250   M    M   2        36 240
 6  60  29  45   1  20   0    T    M    0 13.6 29 280   M    M   2        40 280
 7  50  26  38  -6  27   0 0.00  0.0    0  4.6 14 350   M    M   1        16 340
 8  60  31  46   2  19   0 0.00  0.0    0  5.2 15 350   M    M   1        17 350
 9  72  36  54  10  11   0 0.00  0.0    0  8.6 28 260   M    M   4        35 260
10  71  48  60  16   5   0 0.00  0.0    0  9.6 32 250   M    M   4        41 260
11  72  49  61  17   4   0 0.00  0.0    0  7.4 21 260   M    M   3        24 250
12  66  38  52   8  13   0 0.00  0.0    0  2.8  9 160   M    M   7        11 150
13  71  45  58  13   7   0 0.00  0.0    0  5.6 14  20   M    M   9        16 100
14  70  50  60  15   5   0 0.06  0.0    0  8.9 21 100   M    M   7 3      26 110
15  51  41  46   1  19   0 0.51    M    0 17.2 35 240   M    M   8 138    46 250
16  56  41  49   4  16   0 0.00  0.0    0  8.3 29 260   M    M   3        33 260
17  53  38  46   1  19   0 0.01  0.0    0  7.5 14 360   M    M   5 3      16 360
18  56  33  45   0  20   0 0.00  0.0    0  8.0 17 250   M    M   3 12     24 250
19  57  45  51   6  14   0 0.00  0.0    0 13.6 29 280   M    M   4        35 260
================================================================================
SM 1171  760       265   0  0.76     0.0 165.0          M       85
================================================================================
AV 61.6 40.0                               8.7 FASTST   M    M   4    MAX(MPH)
                                 MISC ---->  # 38 240               # 50  250
================================================================================
NOTES:
# LAST OF SEVERAL OCCURRENCES

COLUMN 17 PEAK WIND IN M.P.H.

PRELIMINARY LOCAL CLIMATOLOGICAL DATA (WS FORM: F-6) , PAGE 2

                                          STATION:  EL PASO
                                          MONTH:    JANUARY
                                          YEAR:     2017
                                          LATITUDE:   31 47 N
                                          LONGITUDE: 106 24 W

[TEMPERATURE DATA]      [PRECIPITATION DATA]       SYMBOLS USED IN COLUMN 16

AVERAGE MONTHLY: 50.8   TOTAL FOR MONTH:   0.76    1 = FOG OR MIST
DPTR FM NORMAL:   6.4   DPTR FM NORMAL:    0.52    2 = FOG REDUCING VISIBILITY
HIGHEST:    72 ON 11, 9 GRTST 24HR  0.57 ON 14-15      TO 1/4 MILE OR LESS
LOWEST:     26 ON  7                               3 = THUNDER
                        SNOW, ICE PELLETS, HAIL    4 = ICE PELLETS
                        TOTAL MONTH:   0.0 INCH    5 = HAIL
                        GRTST 24HR     0.0         6 = FREEZING RAIN OR DRIZZLE
                        GRTST DEPTH:   0           7 = DUSTSTORM OR SANDSTORM:
                                                       VSBY 1/2 MILE OR LESS
                                                   8 = SMOKE OR HAZE
[NO. OF DAYS WITH]      [WEATHER - DAYS WITH]      9 = BLOWING SNOW
                                                   X = TORNADO
MAX 32 OR BELOW:   0    0.01 INCH OR MORE:   4
MAX 90 OR ABOVE:   0    0.10 INCH OR MORE:   2
MIN 32 OR BELOW:   3    0.50 INCH OR MORE:   1
MIN  0 OR BELOW:   0    1.00 INCH OR MORE:   0

[HDD (BASE 65) ]
TOTAL THIS MO.   265    CLEAR  (SCALE 0-3)   6
DPTR FM NORMAL  -127    PTCLDY (SCALE 4-7)  11
TOTAL FM JUL 1   987    CLOUDY (SCALE 8-10)  2
DPTR FM NORMAL  -473

[CDD (BASE 65) ]
TOTAL THIS MO.     0
DPTR FM NORMAL     0    [PRESSURE DATA]
TOTAL FM JAN 1     0    HIGHEST SLP M ON M
DPTR FM NORMAL     0    LOWEST  SLP 29.57 ON  1

[REMARKS]
