000
CXUS53 KTOP 300200
CF6EMP
PRELIMINARY LOCAL CLIMATOLOGICAL DATA (WS FORM: F-6)

                                          STATION:   Emporia KS
                                          MONTH:     MAY
                                          YEAR:      2015
                                          LATITUDE:   38 19 N
                                          LONGITUDE:  96 12 W

  TEMPERATURE IN F:       :PCPN:    SNOW:  WIND      :SUNSHINE: SKY     :PK WND
================================================================================
1   2   3   4   5  6A  6B    7    8   9   10  11  12  13   14  15   16   17  18
                                     12Z  AVG MX 2MIN
DY MAX MIN AVG DEP HDD CDD  WTR  SNW DPTH SPD SPD DIR MIN PSBL S-S WX    SPD DR
================================================================================

 1  76  43  60  -1   5   0 0.00    M    M  7.0 15 140   M    M   1        19 140
 2  79  53  66   5   0   1    T    M    M 12.5 26 180   M    M   2        33 180
 3  86  59  73  11   0   8 0.00    M    M 17.0 29 200   M    M   0 3      37 200
 4  83  61  72  10   0   7 0.00    M    M 13.3 25 190   M    M   3 3      32 170
 5  79  58  69   7   0   4 0.22    M    M 13.1 26 140   M    M   5 1      33 140
 6  73  59  66   3   0   1 0.49    M    M 20.7 33 180   M    M   9 1      44 180
 7  75  62  69   6   0   4 0.19    M    M 11.8 25 170   M    M   6 13     32 180
 8  69  61  65   2   0   0 0.02    M    M  7.2 18 110   M    M   9 1      24 120
 9  74  57  66   2   0   1 0.06    M    M 10.4 22 100   M    M   8 13     28 100
10  73  49  61  -3   4   0 0.70    M    M 12.0 26 170   M    M   6 13     31 170
11  63  41  52 -12  13   0 0.00    M    M 12.4 24 290   M    M   0        33 290
12  69  39  54 -10  11   0 0.00    M    M  5.5 14 150   M    M   0        16 160
13  67  44  56  -9   9   0 0.65    M    M 10.8 20 120   M    M   5 1      26 130
14  77  57  67   2   0   2 0.13    M    M 11.4 22 160   M    M   8 1      28 150
15  79  61  70   5   0   5 0.01    M    M 13.0 24 170   M    M   5 1      32 170
16  77  59  68   2   0   3 1.44    M    M 12.1 31 250   M    M   6 13     42 240
17  80  61  71   5   0   6 0.00    M    M 14.9 26 200   M    M   2        33 180
18  70  51  61  -5   4   0 0.00    M    M 10.9 21  10   M    M   0        26  10
19  60  47  54 -12  11   0 0.08    M    M 11.7 20  50   M    M   4 1      24  50
20  56  44  50 -17  15   0 0.40    M    M 10.3 20 350   M    M   8 1      27  20
21  65  40  53 -14  12   0 0.00    M    M  6.2 14  40   M    M   1 1      20  20
22  63  44  54 -13  11   0 0.02    M    M  7.5 18 170   M    M   6 1      26 150
23  65  55  60  -8   5   0 2.34    M    M 11.0 25  70   M    M  10 13     32  70
24  68  59  64  -4   1   0 0.09    M    M  7.6 18 180   M    M   8        24 180
25  81  57  69   1   0   4 0.14    M    M 13.9 30 180   M    M   5 13     37 180
26  80  58  69   1   0   4 0.10    M    M 10.2 25 240   M    M   4        31 230
27  81  56  69   1   0   4 0.00    M    M  6.2 14 160   M    M   0        19 160
28  77  63  70   1   0   5 0.67    M    M 10.6 26 180   M    M   5 13     33 190
================================================================================
SM 2045 1498       101  59  7.75    M    311.2          M      126
================================================================================
AV 73.0 53.5                              11.1 FASTST   M    M   5    MAX(MPH)
                                 MISC ---->  # 33 180               # 44  180
================================================================================
NOTES:
# LAST OF SEVERAL OCCURRENCES

COLUMN 17 PEAK WIND IN M.P.H.

PRELIMINARY LOCAL CLIMATOLOGICAL DATA (WS FORM: F-6) , PAGE 2

                                          STATION:  Emporia KS
                                          MONTH:    MAY
                                          YEAR:     2015
                                          LATITUDE:   38 19 N
                                          LONGITUDE:  96 12 W

[TEMPERATURE DATA]      [PRECIPITATION DATA]       SYMBOLS USED IN COLUMN 16

AVERAGE MONTHLY: 63.3   TOTAL FOR MONTH:   7.75    1 = FOG OR MIST
DPTR FM NORMAL:  -1.8   DPTR FM NORMAL:    3.41    2 = FOG REDUCING VISIBILITY
HIGHEST:    86 ON  3    GRTST 24HR  2.37 ON 23-24      TO 1/4 MILE OR LESS
LOWEST:     39 ON 12                               3 = THUNDER
                        SNOW, ICE PELLETS, HAIL    4 = ICE PELLETS
                        TOTAL MONTH:    M          5 = HAIL
                        GRTST 24HR    M  ON   M    6 = FREEZING RAIN OR DRIZZLE
                        GRTST DEPTH:  M  ON   M    7 = DUSTSTORM OR SANDSTORM:
                                                       VSBY 1/2 MILE OR LESS
                                                   8 = SMOKE OR HAZE
[NO. OF DAYS WITH]      [WEATHER - DAYS WITH]      9 = BLOWING SNOW
                                                   X = TORNADO
MAX 32 OR BELOW:   0    0.01 INCH OR MORE:  18
MAX 90 OR ABOVE:   0    0.10 INCH OR MORE:  12
MIN 32 OR BELOW:   0    0.50 INCH OR MORE:   5
MIN  0 OR BELOW:   0    1.00 INCH OR MORE:   2

[HDD (BASE 65) ]
TOTAL THIS MO.   101    CLEAR  (SCALE 0-3)  10
DPTR FM NORMAL    22    PTCLDY (SCALE 4-7)  14
TOTAL FM JUL 1  4862    CLOUDY (SCALE 8-10)  4
DPTR FM NORMAL    54

[CDD (BASE 65) ]
TOTAL THIS MO.    59
DPTR FM NORMAL   -21    [PRESSURE DATA]
TOTAL FM JAN 1    65    HIGHEST SLP M ON M
DPTR FM NORMAL   -38    LOWEST  SLP 29.64 ON 16

[REMARKS]
