000
CXUS51 KCLE 180800
CF6ERI
PRELIMINARY LOCAL CLIMATOLOGICAL DATA (WS FORM: F-6)

                                          STATION:   ERIE PA
                                          MONTH:     JANUARY
                                          YEAR:      2018
                                          LATITUDE:   42  4 N
                                          LONGITUDE:  80 11 W

  TEMPERATURE IN F:       :PCPN:    SNOW:  WIND      :SUNSHINE: SKY     :PK WND
================================================================================
1   2   3   4   5  6A  6B    7    8   9   10  11  12  13   14  15   16   17  18
                                     12Z  AVG MX 2MIN
DY MAX MIN AVG DEP HDD CDD  WTR  SNW DPTH SPD SPD DIR MIN PSBL S-S WX    SPD DR
================================================================================

 1  15  12  14 -14  51   0 0.02  1.1   14 14.4 23 280   M    M  10 8      32 290
 2  16   7  12 -16  53   0 0.05  0.9   12 16.4 26 210   M    M   6 18     34 210
 3  21   5  13 -15  52   0 0.01  0.3   12 12.9 21 200   M    M   6 8      26 200
 4  20   7  14 -14  51   0 0.30  6.0   13 13.5 23 310   M    M  10 1289   34 320
 5   8   5   7 -21  58   0 0.03  1.3   12 13.3 21 290   M    M  10 8      31 310
 6   9   5   7 -21  58   0    T    T   11 10.0 21 270   M    M  10 8      30 290
 7  29  -1  14 -14  51   0    T    T   11 15.1 28 190   M    M   5 8      35 170
 8  35  29  32   4  33   0 0.25  1.6   10 16.0 26 200   M    M  10 126    36 210
 9  34  23  29   1  36   0 0.00  0.0    9  8.6 20 250   M    M   9 18     29 260
10  48  24  36   9  29   0    T  0.0    9 15.9 26 160   M    M   6 1      35 170
11  61  47  54  27  11   0 0.09  0.0    0 19.6 25 180   M    M   9 1      36 160
12  58  18  38  11  27   0 0.83  3.5    0 13.5 24  20   M    M  10 126    33 360
13  18  13  16 -11  49   0 0.03  0.5    4 12.5 24  20   M    M   8 18     34  20
14  20   5  13 -14  52   0    T    T    4  4.7  9 220   M    M   6 8      12 240
15  25  10  18  -9  47   0 0.05  0.7    3 10.5 20 150   M    M   7 8      25 130
16  26  12  19  -8  46   0    T  0.5    3  8.4 15 260   M    M  10 18     21 260
17  18   4  11 -16  54   0    T  0.3    3 11.8 21 200   M    M   7 18     28 200
================================================================================
SM  461  225       758   0  1.66    16.7 217.1          M      139
================================================================================
AV 27.1 13.2                              12.8 FASTST   M    M   8    MAX(MPH)
                                 MISC ---->  # 28 190               # 36  210
================================================================================
NOTES:
# LAST OF SEVERAL OCCURRENCES

COLUMN 17 PEAK WIND IN M.P.H.

PRELIMINARY LOCAL CLIMATOLOGICAL DATA (WS FORM: F-6) , PAGE 2

                                          STATION:  ERIE PA
                                          MONTH:    JANUARY
                                          YEAR:     2018
                                          LATITUDE:   42  4 N
                                          LONGITUDE:  80 11 W

[TEMPERATURE DATA]      [PRECIPITATION DATA]       SYMBOLS USED IN COLUMN 16

AVERAGE MONTHLY: 20.2   TOTAL FOR MONTH:   1.66    1 = FOG OR MIST
DPTR FM NORMAL:  -7.4   DPTR FM NORMAL:   -0.08    2 = FOG REDUCING VISIBILITY
HIGHEST:    61 ON 11    GRTST 24HR  0.83 ON 12-12      TO 1/4 MILE OR LESS
LOWEST:     -1 ON  7                               3 = THUNDER
                        SNOW, ICE PELLETS, HAIL    4 = ICE PELLETS
                        TOTAL MONTH:  16.7 INCHES  5 = HAIL
                        GRTST 24HR   6.0 ON  4- 4  6 = FREEZING RAIN OR DRIZZLE
                        GRTST DEPTH:  14 ON  1     7 = DUSTSTORM OR SANDSTORM:
                                                       VSBY 1/2 MILE OR LESS
                                                   8 = SMOKE OR HAZE
[NO. OF DAYS WITH]      [WEATHER - DAYS WITH]      9 = BLOWING SNOW
                                                   X = TORNADO
MAX 32 OR BELOW:  12    0.01 INCH OR MORE:  10
MAX 90 OR ABOVE:   0    0.10 INCH OR MORE:   3
MIN 32 OR BELOW:  16    0.50 INCH OR MORE:   1
MIN  0 OR BELOW:   1    1.00 INCH OR MORE:   0

[HDD (BASE 65) ]
TOTAL THIS MO.   758    CLEAR  (SCALE 0-3)   0
DPTR FM NORMAL   120    PTCLDY (SCALE 4-7)   8
TOTAL FM JUL 1  2884    CLOUDY (SCALE 8-10)  9
DPTR FM NORMAL    78

[CDD (BASE 65) ]
TOTAL THIS MO.     0
DPTR FM NORMAL     0    [PRESSURE DATA]
TOTAL FM JAN 1     0    HIGHEST SLP M ON M
DPTR FM NORMAL     0    LOWEST  SLP 29.62 ON 12

[REMARKS]
