000
CXUS54 KEWX 300910
CF6ERV
PRELIMINARY LOCAL CLIMATOLOGICAL DATA (WS FORM: F-6)

                                          STATION:   KERRVILLE
                                          MONTH:     JUNE
                                          YEAR:      2015
                                          LATITUDE:   29 58 N
                                          LONGITUDE:  99  5 W

  TEMPERATURE IN F:       :PCPN:    SNOW:  WIND      :SUNSHINE: SKY     :PK WND
================================================================================
1   2   3   4   5  6A  6B    7    8   9   10  11  12  13   14  15   16   17  18
                                     12Z  AVG MX 2MIN
DY MAX MIN AVG DEP HDD CDD  WTR  SNW DPTH SPD SPD DIR MIN PSBL S-S WX    SPD DR
================================================================================

 1  84  59  72   M   0   7 0.00  0.0    0  3.5 12 170   M    M   1         M  M
 2  86  64  75   M   0  10 0.00  0.0    0  6.1 10 150   M    M   3         M  M
 3  86  66  76   M   0  11 0.00  0.0    0  7.6 13 170   M    M   4        20 150
 4  86  69  78   M   0  13 0.00    M    0  7.5 12 130   M    M   5         M  M
 5  87  71  79   M   0  14 0.00  0.0    0  6.8 12 140   M    M   5        16 140
 6  88  66  77   M   0  12 0.00  0.0    0  5.7 13 130   M    M   3        16 150
 7  88  64  76   M   0  11 0.00  0.0    0  5.7 12 170   M    M   2        17 150
 8   M  72   M   M   M   M 0.00  0.0    0  5.5  9 190   M    M   5         M  M
 9  92  64  78   M   0  13 0.00  0.0    0  3.0  8 170   M    M   0 1       M  M
10  92  66  79   M   0  14 0.00  0.0    0  4.7 10 160   M    M   1         M  M
11  92  72  82   M   0  17 0.00    M    0 10.0 15 180   M    M   5        20 180
12  92  72  82   M   0  17 0.00    M    0 13.4 20 140   M    M   6        28 160
13  92  74  83   M   0  18 0.00  0.0    0 10.3 15 140   M    M   5        22 140
14  85  72  79   M   0  14 0.00  0.0    0  9.9 17 150   M    M   5        21 100
15  92  72  82   M   0  17 0.27  0.0    0  5.7 10 130   M    M   6        17 100
16  80  72  76   M   0  11 0.40  0.0    0  5.3 12  30   M    M   6 3       M  M
17  92  72  82   M   0  17 0.39  0.0    0  3.5  9 100   M    M   6 3       M  M
18  89  72  81   M   0  16 0.00  0.0    0  4.1 14 150   M    M   6        20 150
19  79  72  76   M   0  11 0.20  0.0    0  3.5  8 170   M    M   7 3       M  M
20  82  72  77   M   0  12 0.13  0.0    0  7.9 16 170   M    M   7        21 130
21  84  72  78   M   0  13 0.32  0.0    0 10.8 18 150   M    M   8 138    30 170
22  84  69  77   M   0  12 0.51  0.0    0 10.0 18 160   M    M   6 13     36 160
23  89  73  81   M   0  16 0.00    M    0  8.8 17 160   M    M   4        21 160
24  89  72  81   M   0  16 0.00    M    0  7.3 13 130   M    M   5         M  M
25  89  72  81   M   0  16 0.00  0.0    0  6.8 12 170   M    M   4        16 190
26  90  74  82   M   0  17 0.00  0.0    0  7.3 12 170   M    M   4        22 180
27  87  71  79   M   0  14    T  0.0    0  3.8 13 310   M    M   4 3       M  M
28  89  67  78   M   0  13 0.53  0.0    0  2.2 13  60   M    M   5 3      21  80
29  89  72  81   M   0  16 0.00  0.0    0  6.8 14 180   M    M   5 1      17 150
================================================================================
SM 2454 2025         0 388  2.75     0.0 193.5          M      133
================================================================================
AV 87.6 69.8                               6.7 FASTST   M    M   5    MAX(MPH)
                                 MISC ---->    20   M                 36    M
================================================================================
NOTES:
# LAST OF SEVERAL OCCURRENCES

COLUMN 17 PEAK WIND IN M.P.H.

PRELIMINARY LOCAL CLIMATOLOGICAL DATA (WS FORM: F-6) , PAGE 2

                                          STATION:  KERRVILLE
                                          MONTH:    JUNE
                                          YEAR:     2015
                                          LATITUDE:   29 58 N
                                          LONGITUDE:  99  5 W

[TEMPERATURE DATA]      [PRECIPITATION DATA]       SYMBOLS USED IN COLUMN 16

AVERAGE MONTHLY: 78.7   TOTAL FOR MONTH:   2.75    1 = FOG OR MIST
DPTR FM NORMAL:     M   DPTR FM NORMAL:       M    2 = FOG REDUCING VISIBILITY
HIGHEST:    92 ON 17,15 GRTST 24HR  0.53 ON 28-28      TO 1/4 MILE OR LESS
LOWEST:     59 ON  1                               3 = THUNDER
                        SNOW, ICE PELLETS, HAIL    4 = ICE PELLETS
                        TOTAL MONTH:   0.0 INCH    5 = HAIL
                        GRTST 24HR     0.0         6 = FREEZING RAIN OR DRIZZLE
                        GRTST DEPTH:   0           7 = DUSTSTORM OR SANDSTORM:
                                                       VSBY 1/2 MILE OR LESS
                                                   8 = SMOKE OR HAZE
[NO. OF DAYS WITH]      [WEATHER - DAYS WITH]      9 = BLOWING SNOW
                                                   X = TORNADO
MAX 32 OR BELOW:   0    0.01 INCH OR MORE:   8
MAX 90 OR ABOVE:   8    0.10 INCH OR MORE:   8
MIN 32 OR BELOW:   0    0.50 INCH OR MORE:   2
MIN  0 OR BELOW:   0    1.00 INCH OR MORE:   0

[HDD (BASE 65) ]
TOTAL THIS MO.     0    CLEAR  (SCALE 0-3)   5
DPTR FM NORMAL     M    PTCLDY (SCALE 4-7)  24
TOTAL FM JUL 1  2173    CLOUDY (SCALE 8-10)  0
DPTR FM NORMAL     M

[CDD (BASE 65) ]
TOTAL THIS MO.   388
DPTR FM NORMAL     M    [PRESSURE DATA]
TOTAL FM JAN 1   734    HIGHEST SLP M ON M
DPTR FM NORMAL     M    LOWEST  SLP M ON M

[REMARKS]
