000
CXUS53 KDMX 310920
CF6EST
PRELIMINARY LOCAL CLIMATOLOGICAL DATA (WS FORM: F-6)

                                          STATION:   ESTHERVILLE IA
                                          MONTH:     JULY
                                          YEAR:      2015
                                          LATITUDE:   43 24 N
                                          LONGITUDE:  94 45 W

  TEMPERATURE IN F:       :PCPN:    SNOW:  WIND      :SUNSHINE: SKY     :PK WND
================================================================================
1   2   3   4   5  6A  6B    7    8   9   10  11  12  13   14  15   16   17  18
                                     12Z  AVG MX 2MIN
DY MAX MIN AVG DEP HDD CDD  WTR  SNW DPTH SPD SPD DIR MIN PSBL S-S WX    SPD DR
================================================================================

 1  71  51  61 -11   4   0 0.00  0.0    0  7.8 16  70   M    M   5 1      19  70
 2  71  49  60 -12   5   0 0.00  0.0    0  5.5 13 130   M    M   1        15 130
 3  77  47  62 -10   3   0 0.00  0.0    0  4.8  9 340   M    M   0        11 290
 4  80  58  69  -3   0   4 0.00  0.0    0  7.6 14 170   M    M   1 18     19 220
 5  86  59  73   1   0   8 0.00  0.0    0 13.5 24 180   M    M   1        30 180
 6  75  53  64  -8   1   0 0.49  0.0    0 12.6 28 360   M    M   6 138    33 250
 7  68  48  58 -14   7   0 0.00  0.0    0  8.7 16  10   M    M   1        22  30
 8  72  48  60 -12   5   0 0.00  0.0    0  3.5 12 150   M    M   2        14 150
 9  79  53  66  -6   0   1 0.00  0.0    0  6.9 14 180   M    M   3        16 180
10  80  58  69  -3   0   4 0.00  0.0    M  8.4 17 160   M    M   1 1      22 160
11  84  63  74   2   0   9 0.00  0.0    M  9.3 15 170   M    M   5 1      21 190
12  90  69  80   8   0  15 0.00  0.0    0 10.2 17 180   M    M   5 12     21 150
13  88  68  78   6   0  13    T  0.0    0  9.4 17 300   M    M   0 18     25 300
14  85  64  75   3   0  10 0.00  0.0    0  7.5 15  20   M    M   1        20 360
15  78  63  71  -1   0   6 0.00  0.0    0  8.1 14 190   M    M   2        18 190
16  82  67  75   3   0  10 0.37  0.0    0  8.7 18 140   M    M   7 1      23 140
17  89  63  76   4   0  11 0.00  0.0    M  6.5 22 290   M    M   2 12     32 300
18  85  64  75   3   0  10 0.03  0.0    0  9.2 29 270   M    M   1 3      45 270
19  82  56  69  -3   0   4 0.00  0.0    0  6.6 15 220   M    M   0        20 230
20  80  56  68  -4   0   3 0.01  0.0    0 11.4 21 340   M    M   3        31 330
21  79  52  66  -6   0   1 0.00  0.0    0  4.3  9 170   M    M   1        12 160
22  79  56  68  -4   0   3 0.00  0.0    0  6.5 13 190   M    M   0        16 170
23  82  54  68  -4   0   3 0.00  0.0    M  9.6 18 170   M    M   1        24 170
24  87  66  77   5   0  12 0.01  0.0    M  9.0 20  30   M    M   4 13     26  80
25  84  58  71  -1   0   6 0.00  0.0    M  6.7 23 150   M    M   1        29 140
26  83  63  73   2   0   8 0.62  0.0    M  4.1 21 280   M    M   4 13     29 290
27  82  69  76   5   0  11 0.01  0.0    0  9.0 17 120   M    M   3 1      23 120
28  80  59  70  -1   0   5 0.56  0.0    0 10.2 24 100   M    M   5 13     31 100
29  80  54  67  -4   0   2 0.00  0.0    0 10.7 23 270   M    M   0        32 290
30  84  57  71   0   0   6 0.00  0.0    0  6.3 12 320   M    M   0        15 290
================================================================================
SM 2422 1745        25 165  2.10     0.0 242.6          M       66
================================================================================
AV 80.7 58.2                               8.1 FASTST   M    M   2    MAX(MPH)
                                 MISC ---->  # 29 270               # 45  270
================================================================================
NOTES:
# LAST OF SEVERAL OCCURRENCES

COLUMN 17 PEAK WIND IN M.P.H.

PRELIMINARY LOCAL CLIMATOLOGICAL DATA (WS FORM: F-6) , PAGE 2

                                          STATION:  ESTHERVILLE IA
                                          MONTH:    JULY
                                          YEAR:     2015
                                          LATITUDE:   43 24 N
                                          LONGITUDE:  94 45 W

[TEMPERATURE DATA]      [PRECIPITATION DATA]       SYMBOLS USED IN COLUMN 16

AVERAGE MONTHLY: 69.4   TOTAL FOR MONTH:   2.10    1 = FOG OR MIST
DPTR FM NORMAL:  -2.4   DPTR FM NORMAL:   -1.73    2 = FOG REDUCING VISIBILITY
HIGHEST:    90 ON 12    GRTST 24HR  0.62 ON 26-26      TO 1/4 MILE OR LESS
LOWEST:     47 ON  3                               3 = THUNDER
                        SNOW, ICE PELLETS, HAIL    4 = ICE PELLETS
                        TOTAL MONTH:   0.0 INCH    5 = HAIL
                        GRTST 24HR     0.0         6 = FREEZING RAIN OR DRIZZLE
                        GRTST DEPTH:   0           7 = DUSTSTORM OR SANDSTORM:
                                                       VSBY 1/2 MILE OR LESS
                                                   8 = SMOKE OR HAZE
[NO. OF DAYS WITH]      [WEATHER - DAYS WITH]      9 = BLOWING SNOW
                                                   X = TORNADO
MAX 32 OR BELOW:   0    0.01 INCH OR MORE:   8
MAX 90 OR ABOVE:   1    0.10 INCH OR MORE:   4
MIN 32 OR BELOW:   0    0.50 INCH OR MORE:   2
MIN  0 OR BELOW:   0    1.00 INCH OR MORE:   0

[HDD (BASE 65) ]
TOTAL THIS MO.    25    CLEAR  (SCALE 0-3)  21
DPTR FM NORMAL    25    PTCLDY (SCALE 4-7)   9
TOTAL FM JUL 1    25    CLOUDY (SCALE 8-10)  0
DPTR FM NORMAL    25

[CDD (BASE 65) ]
TOTAL THIS MO.   165
DPTR FM NORMAL   -43    [PRESSURE DATA]
TOTAL FM JAN 1   292    HIGHEST SLP M ON M
DPTR FM NORMAL   -89    LOWEST  SLP 29.65 ON 13

[REMARKS]
