000
CXUS53 KDMX 290920
CF6EST
PRELIMINARY LOCAL CLIMATOLOGICAL DATA (WS FORM: F-6)

                                          STATION:   ESTHERVILLE IA
                                          MONTH:     MARCH
                                          YEAR:      2015
                                          LATITUDE:   43 24 N
                                          LONGITUDE:  94 45 W

  TEMPERATURE IN F:       :PCPN:    SNOW:  WIND      :SUNSHINE: SKY     :PK WND
================================================================================
1   2   3   4   5  6A  6B    7    8   9   10  11  12  13   14  15   16   17  18
                                     12Z  AVG MX 2MIN
DY MAX MIN AVG DEP HDD CDD  WTR  SNW DPTH SPD SPD DIR MIN PSBL S-S WX    SPD DR
================================================================================

 1  29  10  20  -6  45   0 0.00  0.0    M 13.4 25 290   M    M   2        31 290
 2  25  -1  12 -14  53   0 0.00  0.0    M 11.5 21 150   M    M   5        24 150
 3  30   8  19  -8  46   0    T    M    M 16.5 32 330   M    M   8 18     40 330
 4  14  -3   6 -21  59   0    T    M    M 12.0 23 310   M    M   3 8      27 310
 5  18  -7   6 -22  59   0 0.00  0.0    M  9.9 20 180   M    M   0        23 170
 6  46  11  29   1  36   0 0.00  0.0    M 11.3 21 180   M    M   1        24 180
 7  43  31  37   9  28   0 0.00  0.0    M 12.1 23 320   M    M   2        27 320
 8  50  32  41  12  24   0 0.05    M    M  8.4 16 280   M    M   5 1      20 280
 9  54  33  44  15  21   0 0.00  0.0    M 16.2 26 240   M    M   0        32 240
10  65  33  49  19  16   0 0.00  0.0    M 11.1 20 340   M    M   0        26 220
11  56  30  43  13  22   0 0.00  0.0    M  9.8 16 170   M    M   0        20 180
12  67  36  52  21  13   0 0.00  0.0    M 19.1 31 180   M    M   0 18     38 180
13  64  36  50  19  15   0 0.00  0.0    M 14.0 23 350   M    M   0        29 350
14  63  32  48  16  17   0 0.00  0.0    M 10.0 17 320   M    M   0        23 320
15  70  34  52  20  13   0 0.00  0.0    M 16.5 35 230   M    M   0        42 240
16  68  35  52  19  13   0 0.00  0.0    M 20.4 33 360   M    M   0        40 350
17  45  26  36   3  29   0 0.00  0.0    M 12.3 29 360   M    M   1        36 360
18  45  32  39   5  26   0 0.00  0.0    0  8.3 16 120   M    M  10        21 120
19  52  30  41   7  24   0 0.00  0.0    0 11.8 25 170   M    M   9        29 170
20  65  27  46  11  19   0 0.00  0.0    0 12.9 25 340   M    M   0 18     33 340
21  47  27  37   2  28   0 0.00  0.0    0 12.9 24 360   M    M   1        30 350
22  41  29  35  -1  30   0    T    M    M 20.1 28  80   M    M   6 1      36  80
23  35  28  32  -4  33   0    M    M    M 11.2 21 140   M    M  10 1      25 140
24  33  28  31  -6  34   0 0.25    M    M 15.4 25 150   M    M  10 168    30 150
25  43  27  35  -2  30   0 0.00  0.0    M 17.7 35 300   M    M   7 1      40 290
26  38  22  30  -8  35   0 0.00  0.0    M 14.5 23 340   M    M   5        27 340
27  36  16  26 -12  39   0 0.00  0.0    M  5.3 13 230   M    M   3        16 250
28  47  28  38   0  27   0 0.00  0.0    0 15.6 32 170   M    M   5        40 170
================================================================================
SM 1289  670       834   0  0.30     0.0 370.2          M       93
================================================================================
AV 46.0 23.9                              13.2 FASTST   M    M   3    MAX(MPH)
                                 MISC ---->  # 35 230               # 42  240
================================================================================
NOTES:
# LAST OF SEVERAL OCCURRENCES

COLUMN 17 PEAK WIND IN M.P.H.

PRELIMINARY LOCAL CLIMATOLOGICAL DATA (WS FORM: F-6) , PAGE 2

                                          STATION:  ESTHERVILLE IA
                                          MONTH:    MARCH
                                          YEAR:     2015
                                          LATITUDE:   43 24 N
                                          LONGITUDE:  94 45 W

[TEMPERATURE DATA]      [PRECIPITATION DATA]       SYMBOLS USED IN COLUMN 16

AVERAGE MONTHLY: 35.0   TOTAL FOR MONTH:   0.30    1 = FOG OR MIST
DPTR FM NORMAL:   2.9   DPTR FM NORMAL:   -1.06    2 = FOG REDUCING VISIBILITY
HIGHEST:    70 ON 15    GRTST 24HR  0.25 ON 24-24      TO 1/4 MILE OR LESS
LOWEST:     -7 ON  5                               3 = THUNDER
                        SNOW, ICE PELLETS, HAIL    4 = ICE PELLETS
                        TOTAL MONTH:   0.0 INCH    5 = HAIL
                        GRTST 24HR     0.0         6 = FREEZING RAIN OR DRIZZLE
                        GRTST DEPTH:   0           7 = DUSTSTORM OR SANDSTORM:
                                                       VSBY 1/2 MILE OR LESS
                                                   8 = SMOKE OR HAZE
[NO. OF DAYS WITH]      [WEATHER - DAYS WITH]      9 = BLOWING SNOW
                                                   X = TORNADO
MAX 32 OR BELOW:   5    0.01 INCH OR MORE:   2
MAX 90 OR ABOVE:   0    0.10 INCH OR MORE:   1
MIN 32 OR BELOW:  22    0.50 INCH OR MORE:   0
MIN  0 OR BELOW:   3    1.00 INCH OR MORE:   0

[HDD (BASE 65) ]
TOTAL THIS MO.   834    CLEAR  (SCALE 0-3)  17
DPTR FM NORMAL   -88    PTCLDY (SCALE 4-7)   7
TOTAL FM JUL 1  6885    CLOUDY (SCALE 8-10)  4
DPTR FM NORMAL    48

[CDD (BASE 65) ]
TOTAL THIS MO.     0
DPTR FM NORMAL     0    [PRESSURE DATA]
TOTAL FM JAN 1     0    HIGHEST SLP  0.00 ON 14
DPTR FM NORMAL     0    LOWEST  SLP  0.00 ON 14

[REMARKS]
