000
CXUS56 KPQR 181200
CF6EUG
PRELIMINARY LOCAL CLIMATOLOGICAL DATA (WS FORM: F-6)

                                          STATION:   EUGENE OR
                                          MONTH:     OCTOBER
                                          YEAR:      2017
                                          LATITUDE:   44  7 N
                                          LONGITUDE: 123 13 W

  TEMPERATURE IN F:       :PCPN:    SNOW:  WIND      :SUNSHINE: SKY     :PK WND
================================================================================
1   2   3   4   5  6A  6B    7    8   9   10  11  12  13   14  15   16   17  18
                                     12Z  AVG MX 2MIN
DY MAX MIN AVG DEP HDD CDD  WTR  SNW DPTH SPD SPD DIR MIN PSBL S-S WX    SPD DR
================================================================================

 1  67  41  54  -4  11   0 0.05  0.0    0  6.3 20 330   M    M   6 1      25 320
 2  64  40  52  -5  13   0 0.00  0.0    0  7.9 21  30   M    M   6        25  30
 3  70  39  55  -2  10   0 0.00  0.0    0 10.7 25  10   M    M   1 8      31  20
 4  72  34  53  -3  12   0 0.00  0.0    0  3.4 12  30   M    M   2        15  40
 5  72  32  52  -4  13   0 0.00  0.0    0  4.5 13  30   M    M   0 18     17  30
 6  76  36  56   0   9   0 0.00  0.0    0  7.9 15 220   M    M   3        18 220
 7  64  49  57   1   8   0 0.01    M    0  6.7 16 280   M    M   8 1      20 320
 8  65  38  52  -3  13   0 0.00  0.0    0  6.7 18  20   M    M   3 1      21  20
 9  65  31  48  -7  17   0 0.00  0.0    0  7.3 23 360   M    M   6 128    27 360
10  58  37  48  -6  17   0 0.12    M    0  6.8 14 270   M    M   7 1      17 270
11  57  37  47  -7  18   0 0.27    M    0  7.9 26 300   M    M   6 1      32 300
12  55  40  48  -6  17   0 0.30    M    0 11.2 20 190   M    M   9 1      23 180
13  57  37  47  -7  18   0 0.30  0.0    0  4.5 12  40   M    M   7 1      14 200
14  55  32  44  -9  21   0 0.00  0.0    0  6.2 20  10   M    M   4 12     24  10
15  62  32  47  -6  18   0 0.00  0.0    0  3.4 10  20   M    M   3 12     16  30
16  68  34  51  -1  14   0 0.00  0.0    0  2.6  7 210   M    M   3 12      9  20
17  65  39  52   0  13   0 0.00  0.0    0  6.6 14 210   M    M   6 1      17 210
================================================================================
SM 1092  628       242   0  1.05     0.0 110.6          M       80
================================================================================
AV 64.2 36.9                               6.5 FASTST   M    M   5    MAX(MPH)
                                 MISC ---->  # 26 300               # 32  300
================================================================================
NOTES:
# LAST OF SEVERAL OCCURRENCES

COLUMN 17 PEAK WIND IN M.P.H.

PRELIMINARY LOCAL CLIMATOLOGICAL DATA (WS FORM: F-6) , PAGE 2

                                          STATION:  EUGENE OR
                                          MONTH:    OCTOBER
                                          YEAR:     2017
                                          LATITUDE:   44  7 N
                                          LONGITUDE: 123 13 W

[TEMPERATURE DATA]      [PRECIPITATION DATA]       SYMBOLS USED IN COLUMN 16

AVERAGE MONTHLY: 50.6   TOTAL FOR MONTH:   1.05    1 = FOG OR MIST
DPTR FM NORMAL:  -4.2   DPTR FM NORMAL:   -0.21    2 = FOG REDUCING VISIBILITY
HIGHEST:    76 ON  6    GRTST 24HR  0.30 ON 13-13      TO 1/4 MILE OR LESS
LOWEST:     31 ON  9                               3 = THUNDER
                        SNOW, ICE PELLETS, HAIL    4 = ICE PELLETS
                        TOTAL MONTH:   0.0 INCH    5 = HAIL
                        GRTST 24HR     0.0         6 = FREEZING RAIN OR DRIZZLE
                        GRTST DEPTH:   0           7 = DUSTSTORM OR SANDSTORM:
                                                       VSBY 1/2 MILE OR LESS
                                                   8 = SMOKE OR HAZE
[NO. OF DAYS WITH]      [WEATHER - DAYS WITH]      9 = BLOWING SNOW
                                                   X = TORNADO
MAX 32 OR BELOW:   0    0.01 INCH OR MORE:   6
MAX 90 OR ABOVE:   0    0.10 INCH OR MORE:   4
MIN 32 OR BELOW:   4    0.50 INCH OR MORE:   0
MIN  0 OR BELOW:   0    1.00 INCH OR MORE:   0

[HDD (BASE 65) ]
TOTAL THIS MO.   242    CLEAR  (SCALE 0-3)   4
DPTR FM NORMAL    67    PTCLDY (SCALE 4-7)  12
TOTAL FM JUL 1   373    CLOUDY (SCALE 8-10)  1
DPTR FM NORMAL    10

[CDD (BASE 65) ]
TOTAL THIS MO.     0
DPTR FM NORMAL     0    [PRESSURE DATA]
TOTAL FM JAN 1   376    HIGHEST SLP M ON M
DPTR FM NORMAL   138    LOWEST  SLP 29.87 ON 10

[REMARKS]
