000
CXUS55 KPQR 171230
CF6EUG
PRELIMINARY LOCAL CLIMATOLOGICAL DATA (WS FORM: F-6)

                                          STATION:   EUGENE OR
                                          MONTH:     APRIL
                                          YEAR:      2014
                                          LATITUDE:   44  7 N
                                          LONGITUDE: 123 13 W

  TEMPERATURE IN F:       :PCPN:    SNOW:  WIND      :SUNSHINE: SKY     :PK WND
================================================================================
1   2   3   4   5  6A  6B    7    8   9   10  11  12  13   14  15   16   17  18
                                     12Z  AVG MX 2MIN
DY MAX MIN AVG DEP HDD CDD  WTR  SNW DPTH SPD SPD DIR MIN PSBL S-S WX    SPD DR
================================================================================

 1  53  38  46  -2  19   0 0.00  0.0    0  4.0  9 140   M    M   8 1      12 140
 2  62  36  49   1  16   0 0.00  0.0    0  5.3 10 240   M    M   6        13 230
 3  59  41  50   1  15   0 0.06    M    0  8.5 20 220   M    M   8        23 240
 4  60  45  53   4  12   0 0.01    M    0  7.2 15 270   M    M   9        18 230
 5  55  48  52   3  13   0 0.04    M    0  9.5 17 170   M    M  10 1      21 170
 6  67  46  57   8   8   0 0.01    M    0  5.6 14 220   M    M   7 1      16 220
 7  76  45  61  12   4   0 0.00    M    M  4.5 16 260   M    M   7 12     18 250
 8  72  47  60  11   5   0    T    M    M  3.7 14 250   M    M   8 1      16 250
 9  63  42  53   4  12   0 0.02    M    0  9.1 17  10   M    M   5 1      24  10
10  65  36  51   2  14   0 0.00  0.0    0  7.8 17  10   M    M   2        21 350
11  68  40  54   5  11   0 0.00  0.0    0  9.2 20  20   M    M   4        24  10
12  62  42  52   2  13   0 0.00  0.0    0 10.3 16  40   M    M   3        21  30
13  72  35  54   4  11   0 0.00  0.0    M  7.5 20  10   M    M   0        24  10
14  72  37  55   5  10   0 0.00  0.0    0  4.6 15 290   M    M   4        18 280
15  61  42  52   2  13   0 0.00  0.0    0  4.0 14  10   M    M   9        18  10
16  63  46  55   5  10   0 0.00  0.0    0  4.1  9 240   M    M   9        13 260
================================================================================
SM 1030  666       186   0  0.14     0.0 104.9          M       99
================================================================================
AV 64.4 41.6                               6.6 FASTST   M    M   6    MAX(MPH)
                                 MISC ---->  # 20 220               # 24   10
================================================================================
NOTES:
# LAST OF SEVERAL OCCURRENCES

COLUMN 17 PEAK WIND IN M.P.H.

PRELIMINARY LOCAL CLIMATOLOGICAL DATA (WS FORM: F-6) , PAGE 2

                                          STATION:  EUGENE OR
                                          MONTH:    APRIL
                                          YEAR:     2014
                                          LATITUDE:   44  7 N
                                          LONGITUDE: 123 13 W

[TEMPERATURE DATA]      [PRECIPITATION DATA]       SYMBOLS USED IN COLUMN 16

AVERAGE MONTHLY: 53.0   TOTAL FOR MONTH:   0.14    1 = FOG OR MIST
DPTR FM NORMAL:   3.8   DPTR FM NORMAL:   -1.82    2 = FOG REDUCING VISIBILITY
HIGHEST:    76 ON  7    GRTST 24HR  0.31 ON 31- 1      TO 1/4 MILE OR LESS
LOWEST:     35 ON 13                               3 = THUNDER
                        SNOW, ICE PELLETS, HAIL    4 = ICE PELLETS
                        TOTAL MONTH:   0.0 INCH    5 = HAIL
                        GRTST 24HR     0.0         6 = FREEZING RAIN OR DRIZZLE
                        GRTST DEPTH:   0           7 = DUSTSTORM OR SANDSTORM:
                                                       VSBY 1/2 MILE OR LESS
                                                   8 = SMOKE OR HAZE
[NO. OF DAYS WITH]      [WEATHER - DAYS WITH]      9 = BLOWING SNOW
                                                   X = TORNADO
MAX 32 OR BELOW:   0    0.01 INCH OR MORE:   5
MAX 90 OR ABOVE:   0    0.10 INCH OR MORE:   0
MIN 32 OR BELOW:   0    0.50 INCH OR MORE:   0
MIN  0 OR BELOW:   0    1.00 INCH OR MORE:   0

[HDD (BASE 65) ]
TOTAL THIS MO.   186    CLEAR  (SCALE 0-3)   3
DPTR FM NORMAL   -66    PTCLDY (SCALE 4-7)   7
TOTAL FM JUL 1  4238    CLOUDY (SCALE 8-10)  6
DPTR FM NORMAL    90

[CDD (BASE 65) ]
TOTAL THIS MO.     0
DPTR FM NORMAL     0    [PRESSURE DATA]
TOTAL FM JAN 1     0    HIGHEST SLP M ON M
DPTR FM NORMAL     0    LOWEST  SLP 29.74 ON  1

[REMARKS]
