000
CXUS56 KSLC 011252
CF6EVW
PRELIMINARY LOCAL CLIMATOLOGICAL DATA (WS FORM: F-6)

                                          STATION:   EVANSTON WY
                                          MONTH:     JUNE
                                          YEAR:      2015
                                          LATITUDE:   41 16 N
                                          LONGITUDE: 111  2 W

  TEMPERATURE IN F:       :PCPN:    SNOW:  WIND      :SUNSHINE: SKY     :PK WND
================================================================================
1   2   3   4   5  6A  6B    7    8   9   10  11  12  13   14  15   16   17  18
                                     12Z  AVG MX 2MIN
DY MAX MIN AVG DEP HDD CDD  WTR  SNW DPTH SPD SPD DIR MIN PSBL S-S WX    SPD DR
================================================================================

 1  78  49  64  11   1   0 0.00  0.0    0 14.3 32 220   M    M   1        40 220
 2  72  45  59   5   6   0 0.00  0.0    0 10.4 31 260   M    M   0        37 270
 3  71  46  59   5   6   0 0.11    M    0  8.2 28 150   M    M   3 3      37 190
 4  73  42  58   4   7   0 0.00  0.0    0  6.6 15 360   M    M   0        20  80
 5  66  49  58   4   7   0 0.08    M    0  6.7 21 240   M    M   5 3      26 240
 6  64  45  55   0  10   0 0.01    M    0  7.5 22 280   M    M   5 3      27 350
 7  67  44  56   1   9   0 0.00  0.0    0  5.2 18 220   M    M   3        24 210
 8  75  47  61   6   4   0 0.02    M    0  7.5 25 210   M    M   3 3      33 190
 9  77  48  63   7   2   0 0.00  0.0    0  6.5 20 180   M    M   1        27 210
10  74  51  63   7   2   0 0.09  0.0    0  8.8 25 180   M    M   4 13     32 180
11  67  48  58   2   7   0 0.12    M    0  5.8 18 110   M    M   5 13     25 110
12  74  44  59   3   6   0 0.00  0.0    0  6.8 18 240   M    M   1        24 250
13  75  50  63   6   2   0 0.00  0.0    0  9.0 22 260   M    M   0        29 270
14  78  49  64   7   1   0 0.00  0.0    0  8.9 22 240   M    M   2        28 190
15  74  50  62   5   3   0 0.21  0.0    0 12.1 41 230   M    M   3 3      51 220
16  78  49  64   6   1   0 0.00  0.0    0 10.7 17  80   M    M   2 1      25 260
17  80  52  66   8   0   1 0.00  0.0    0  9.1 28 250   M    M   0        33 250
18  84  54  69  11   0   4 0.00  0.0    0  9.0 22 250   M    M   0        27 250
19  82  53  68   9   0   3 0.00  0.0    0 13.6 28 260   M    M   0        37 260
20  81  49  65   6   0   0 0.00  0.0    0  9.6 26 250   M    M   0        33 250
21  86  52  69   9   0   4 0.00  0.0    0 11.6 36 240   M    M   0        47 220
22  81  50  66   6   0   1 0.00  0.0    0 10.4 26 250   M    M   0        35 240
23  84  52  68   8   0   3 0.00  0.0    0  7.5 22 270   M    M   0        26 260
24  86  54  70  10   0   5 0.00  0.0    0  9.6 25 270   M    M   0        32 270
25  86  51  69   8   0   4 0.00  0.0    0  7.7 24 260   M    M   0        29 260
26  85  54  70   9   0   5 0.00  0.0    0  4.9 12  40   M    M   0        16  40
27  91  56  74  12   0   9    T  0.0    0  5.2 33 310   M    M   1 3      43 310
28  92  60  76  14   0  11 0.00  0.0    0  7.4 20  80   M    M   0        24  10
29  91  60  76  14   0  11 0.00  0.0    0  7.6 17  80   M    M   0        20  70
30  91  57  74  11   0   9 0.00  0.0    0  8.2 23 310   M    M   1 3      29 330
================================================================================
SM 2363 1510        74  70  0.64     0.0 256.4          M       40
================================================================================
AV 78.8 50.3                               8.5 FASTST   M    M   1    MAX(MPH)
                                 MISC ---->  # 41 230               # 51  220
================================================================================
NOTES:
# LAST OF SEVERAL OCCURRENCES

COLUMN 17 PEAK WIND IN M.P.H.

PRELIMINARY LOCAL CLIMATOLOGICAL DATA (WS FORM: F-6) , PAGE 2

                                          STATION:  EVANSTON WY
                                          MONTH:    JUNE
                                          YEAR:     2015
                                          LATITUDE:   41 16 N
                                          LONGITUDE: 111  2 W

[TEMPERATURE DATA]      [PRECIPITATION DATA]       SYMBOLS USED IN COLUMN 16

AVERAGE MONTHLY: 64.6   TOTAL FOR MONTH:   0.64    1 = FOG OR MIST
DPTR FM NORMAL:   6.8   DPTR FM NORMAL:   -0.60    2 = FOG REDUCING VISIBILITY
HIGHEST:    92 ON 28    GRTST 24HR  0.21 ON 15-15      TO 1/4 MILE OR LESS
LOWEST:     42 ON  4                               3 = THUNDER
                        SNOW, ICE PELLETS, HAIL    4 = ICE PELLETS
                        TOTAL MONTH:   0.0 INCH    5 = HAIL
                        GRTST 24HR     0.0         6 = FREEZING RAIN OR DRIZZLE
                        GRTST DEPTH:   0           7 = DUSTSTORM OR SANDSTORM:
                                                       VSBY 1/2 MILE OR LESS
                                                   8 = SMOKE OR HAZE
[NO. OF DAYS WITH]      [WEATHER - DAYS WITH]      9 = BLOWING SNOW
                                                   X = TORNADO
MAX 32 OR BELOW:   0    0.01 INCH OR MORE:   7
MAX 90 OR ABOVE:   4    0.10 INCH OR MORE:   3
MIN 32 OR BELOW:   0    0.50 INCH OR MORE:   0
MIN  0 OR BELOW:   0    1.00 INCH OR MORE:   0

[HDD (BASE 65) ]
TOTAL THIS MO.    74    CLEAR  (SCALE 0-3)  25
DPTR FM NORMAL  -156    PTCLDY (SCALE 4-7)   5
TOTAL FM JUL 1  7010    CLOUDY (SCALE 8-10)  0
DPTR FM NORMAL -1562

[CDD (BASE 65) ]
TOTAL THIS MO.    70
DPTR FM NORMAL    57    [PRESSURE DATA]
TOTAL FM JAN 1    70    HIGHEST SLP M ON M
DPTR FM NORMAL    56    LOWEST  SLP 29.68 ON  1

[REMARKS]
#FINAL-06-15#
