000
CXUS51 KOKX 270701
CF6EWR
PRELIMINARY LOCAL CLIMATOLOGICAL DATA (WS FORM: F-6)

                                          STATION:   NEWARK NJ
                                          MONTH:     FEBRUARY
                                          YEAR:      2015
                                          LATITUDE:   40 42 N
                                          LONGITUDE:  74 10 W

  TEMPERATURE IN F:       :PCPN:    SNOW:  WIND      :SUNSHINE: SKY     :PK WND
================================================================================
1   2   3   4   5  6A  6B    7    8   9   10  11  12  13   14  15   16   17  18
                                     12Z  AVG MX 2MIN
DY MAX MIN AVG DEP HDD CDD  WTR  SNW DPTH SPD SPD DIR MIN PSBL S-S WX    SPD DR
================================================================================

 1  36  15  26  -6  39   0 0.03  0.4    5  6.5 15 260   M    M   8 1      18 270
 2  34  14  24  -8  41   0 1.14  4.2    8 14.4 29 320   M    M   8 1468   41 340
 3  25  13  19 -13  46   0 0.00  0.0    8  8.0 21 320   M    M   5        26 320
 4  40  18  29  -4  36   0 0.00  0.0    8  2.1  9 190   M    M   9        12 190
 5  39  13  26  -7  39   0    T    T    7 16.4 33 340   M    M   7        40 320
 6  27   9  18 -15  47   0 0.00  0.0    7 10.0 25 270   M    M   5        31 260
 7  37  17  27  -6  38   0    T    T    7  3.6 14 240   M    M   9        18 210
 8  36  31  34   1  31   0 0.00  0.0    6  8.4 16  40   M    M  10 1      20  40
 9  31  25  28  -6  37   0 0.07  0.2    6 14.8 21  30   M    M  10 146    25  40
10  38  25  32  -2  33   0    T    T    6 15.9 22  10   M    M   8 1      28 360
11  33  21  27  -7  38   0 0.00  0.0    6  9.3 23  30   M    M   4        29  10
12  40  15  28  -6  37   0    T    T    6 11.3 29 310   M    M   9        38 310
13  21   7  14 -20  51   0 0.00  0.0    5 13.8 28 310   M    M   2        39 320
14  31  13  22 -12  43   0 0.04  0.9    4  5.9 16 350   M    M   9 19     21 360
15  25   3  14 -21  51   0 0.01  0.2    6 23.5 36 330   M    M   6 9      46 320
16  21   2  12 -23  53   0 0.00  0.0    5 11.2 24 290   M    M   6        33 310
17  29  13  21 -14  44   0 0.10  3.2    8  7.3 16  10   M    M   7        21 280
18  31  10  21 -14  44   0    T    T    7  5.2 20 250   M    M   6        24 250
19  25   7  16 -19  49   0 0.00  0.0    6 19.7 31 280   M    M   4        39 290
20  20   1  11 -25  54   0 0.00  0.0    5 14.9 25 290   M    M   1        32 280
21  32   7  20 -16  45   0 0.59  4.1    5  4.9 17 200   M    M   8 146    21 200
22  42  31  37   1  28   0 0.08  0.3    8  3.3 10 240   M    M   9 146    13 240
23  37   7  22 -14  43   0 0.00  0.0    5 15.9 25 330   M    M   7        33 300
24  22   4  13 -23  52   0 0.00  0.0    5  7.1 13 210   M    M   5        18 290
25  37  13  25 -12  40   0 0.00  0.0    5  9.8 23 260   M    M   6        29 250
26  29  20  25 -12  40   0    T    T    4 12.2 20 360   M    M  10        24  10
================================================================================
SM  818  354      1099   0  2.06    13.5 275.4          M      178
================================================================================
AV 31.5 13.6                              10.6 FASTST   M    M   7    MAX(MPH)
                                 MISC ---->  # 36 330               # 46  320
================================================================================
NOTES:
# LAST OF SEVERAL OCCURRENCES

COLUMN 17 PEAK WIND IN M.P.H.

PRELIMINARY LOCAL CLIMATOLOGICAL DATA (WS FORM: F-6) , PAGE 2

                                          STATION:  NEWARK NJ
                                          MONTH:    FEBRUARY
                                          YEAR:     2015
                                          LATITUDE:   40 42 N
                                          LONGITUDE:  74 10 W

[TEMPERATURE DATA]      [PRECIPITATION DATA]       SYMBOLS USED IN COLUMN 16

AVERAGE MONTHLY: 22.5   TOTAL FOR MONTH:   2.06    1 = FOG OR MIST
DPTR FM NORMAL: -11.8   DPTR FM NORMAL:   -0.59    2 = FOG REDUCING VISIBILITY
HIGHEST:    42 ON 22    GRTST 24HR  1.17 ON  1- 2      TO 1/4 MILE OR LESS
LOWEST:      1 ON 20                               3 = THUNDER
                        SNOW, ICE PELLETS, HAIL    4 = ICE PELLETS
                        TOTAL MONTH:  13.5 INCHES  5 = HAIL
                        GRTST 24HR   4.2 ON   M    6 = FREEZING RAIN OR DRIZZLE
                        GRTST DEPTH:   8 ON 22,17  7 = DUSTSTORM OR SANDSTORM:
                                                       VSBY 1/2 MILE OR LESS
                                                   8 = SMOKE OR HAZE
[NO. OF DAYS WITH]      [WEATHER - DAYS WITH]      9 = BLOWING SNOW
                                                   X = TORNADO
MAX 32 OR BELOW:  14    0.01 INCH OR MORE:   8
MAX 90 OR ABOVE:   0    0.10 INCH OR MORE:   3
MIN 32 OR BELOW:  26    0.50 INCH OR MORE:   2
MIN  0 OR BELOW:   0    1.00 INCH OR MORE:   1

[HDD (BASE 65) ]
TOTAL THIS MO.  1099    CLEAR  (SCALE 0-3)   2
DPTR FM NORMAL   303    PTCLDY (SCALE 4-7)  15
TOTAL FM JUL 1  3819    CLOUDY (SCALE 8-10)  9
DPTR FM NORMAL   239

[CDD (BASE 65) ]
TOTAL THIS MO.     0
DPTR FM NORMAL     0    [PRESSURE DATA]
TOTAL FM JAN 1     0    HIGHEST SLP M ON M
DPTR FM NORMAL     0    LOWEST  SLP 29.38 ON  2

[REMARKS]
