000
CXUS51 KOKX 210701
CF6EWR
PRELIMINARY LOCAL CLIMATOLOGICAL DATA (WS FORM: F-6)

                                          STATION:   NEWARK NJ
                                          MONTH:     SEPTEMBER
                                          YEAR:      2014
                                          LATITUDE:   40 42 N
                                          LONGITUDE:  74 10 W

  TEMPERATURE IN F:       :PCPN:    SNOW:  WIND      :SUNSHINE: SKY     :PK WND
================================================================================
1   2   3   4   5  6A  6B    7    8   9   10  11  12  13   14  15   16   17  18
                                     12Z  AVG MX 2MIN
DY MAX MIN AVG DEP HDD CDD  WTR  SNW DPTH SPD SPD DIR MIN PSBL S-S WX    SPD DR
================================================================================

 1  92  74  83  10   0  18 0.00  0.0    0  7.3 14 230   M    M   8 8      17 150
 2  95  75  85  12   0  20 0.00  0.0    0 11.0 28 240   M    M   6        38 250
 3  88  72  80   7   0  15 0.00  0.0    0  8.3 21 260   M    M   6        32 290
 4  87  65  76   4   0  11 0.00  0.0    0  6.1 14 200   M    M   3        18 190
 5  87  70  79   7   0  14 0.24  0.0    0  5.8 14 190   M    M   7 1      20 210
 6  95  68  82  10   0  17 0.10  0.0    0  9.6 24 260   M    M   8 3      28 200
 7  82  65  74   3   0   9    T  0.0    0  7.1 16  20   M    M   6        21  30
 8  77  62  70  -1   0   5 0.00  0.0    0  9.2 17  90   M    M   7        23  80
 9  75  62  69  -2   0   4 0.02  0.0    0 10.6 16  40   M    M   8 1      20  40
10  79  63  71   1   0   6 0.00  0.0    0  7.7 15  20   M    M   7        18 140
11  86  66  76   6   0  11    T  0.0    0 10.8 20 340   M    M   8        25 310
12  80  61  71   1   0   6 0.00  0.0    0 10.2 18  20   M    M   5        23 360
13  69  58  64  -5   1   0 0.22  0.0    0  9.4 16 100   M    M   9 18     22 100
14  72  53  63  -6   2   0 0.00  0.0    0  6.7 18 350   M    M   4        22 340
15  74  52  63  -6   2   0 0.00  0.0    0  6.9 13 160   M    M   4        15 180
16  72  58  65  -3   0   0 0.53  0.0    0  5.4 13 340   M    M   8 1      21 310
17  74  53  64  -4   1   0 0.00  0.0    0  5.8 13 270   M    M   3        20 260
18  78  54  66  -1   0   1 0.00  0.0    0  6.2 15  10   M    M   3        20  10
19  66  54  60  -7   5   0 0.00  0.0    0 10.3 18  40   M    M   6        24  20
20  74  58  66  -1   0   1    T  0.0    0  6.2 17 150   M    M   7        23 140
================================================================================
SM 1602 1243        11 138  1.11     0.0 160.6          M      123
================================================================================
AV 80.1 62.2                               8.0 FASTST   M    M   6    MAX(MPH)
                                 MISC ---->  # 28 240               # 38  250
================================================================================
NOTES:
# LAST OF SEVERAL OCCURRENCES

COLUMN 17 PEAK WIND IN M.P.H.

PRELIMINARY LOCAL CLIMATOLOGICAL DATA (WS FORM: F-6) , PAGE 2

                                          STATION:  NEWARK NJ
                                          MONTH:    SEPTEMBER
                                          YEAR:     2014
                                          LATITUDE:   40 42 N
                                          LONGITUDE:  74 10 W

[TEMPERATURE DATA]      [PRECIPITATION DATA]       SYMBOLS USED IN COLUMN 16

AVERAGE MONTHLY: 71.1   TOTAL FOR MONTH:   1.11    1 = FOG OR MIST
DPTR FM NORMAL:   1.0   DPTR FM NORMAL:   -1.34    2 = FOG REDUCING VISIBILITY
HIGHEST:    95 ON  6, 2 GRTST 24HR  0.53 ON 15-16      TO 1/4 MILE OR LESS
LOWEST:     52 ON 15                               3 = THUNDER
                        SNOW, ICE PELLETS, HAIL    4 = ICE PELLETS
                        TOTAL MONTH:   0.0 INCH    5 = HAIL
                        GRTST 24HR     0.0         6 = FREEZING RAIN OR DRIZZLE
                        GRTST DEPTH:   0           7 = DUSTSTORM OR SANDSTORM:
                                                       VSBY 1/2 MILE OR LESS
                                                   8 = SMOKE OR HAZE
[NO. OF DAYS WITH]      [WEATHER - DAYS WITH]      9 = BLOWING SNOW
                                                   X = TORNADO
MAX 32 OR BELOW:   0    0.01 INCH OR MORE:   5
MAX 90 OR ABOVE:   3    0.10 INCH OR MORE:   4
MIN 32 OR BELOW:   0    0.50 INCH OR MORE:   1
MIN  0 OR BELOW:   0    1.00 INCH OR MORE:   0

[HDD (BASE 65) ]
TOTAL THIS MO.    11    CLEAR  (SCALE 0-3)   2
DPTR FM NORMAL    -2    PTCLDY (SCALE 4-7)  16
TOTAL FM JUL 1    11    CLOUDY (SCALE 8-10)  2
DPTR FM NORMAL    -3

[CDD (BASE 65) ]
TOTAL THIS MO.   138
DPTR FM NORMAL    22    [PRESSURE DATA]
TOTAL FM JAN 1  1123    HIGHEST SLP M ON M
DPTR FM NORMAL   -27    LOWEST  SLP 29.79 ON  2

[REMARKS]
