409
CXUS52 KKEY 240545
CF6EYW
PRELIMINARY LOCAL CLIMATOLOGICAL DATA (WS FORM: F-6)

                                          STATION:   KEY WEST
                                          MONTH:     MARCH
                                          YEAR:      2017
                                          LATITUDE:   24 32 N
                                          LONGITUDE:  81 45 W

  TEMPERATURE IN F:       :PCPN:    SNOW:  WIND      :SUNSHINE: SKY     :PK WND
================================================================================
1   2   3   4   5  6A  6B    7    8   9   10  11  12  13   14  15   16   17  18
                                     12Z  AVG MX 2MIN
DY MAX MIN AVG DEP HDD CDD  WTR  SNW DPTH SPD SPD DIR MIN PSBL S-S WX    SPD DR
================================================================================

 1  82  74  78   6   0  13 0.10  0.0    0 10.4 20 100   M    M   3 1      25 100
 2  86  74  80   8   0  15 0.00  0.0    0  6.8 14 350   M    M   2        17 360
 3  80  72  76   4   0  11    T  0.0    0 13.9 21  40   M    M   5        31  40
 4  79  70  75   3   0  10 0.00  0.0    0 15.4 22  60   M    M   1        30  50
 5  76  69  73   1   0   8    T  0.0    0 16.0 28  80   M    M   1        39  90
 6  78  69  74   2   0   9    T  0.0    0 14.2 24  90   M    M   7        33  90
 7  78  69  74   2   0   9 0.08  0.0    0 15.5 25 110   M    M   8 8      31 110
 8  80  69  75   2   0  10 0.01  0.0    0 11.0 18 100   M    M   4 1      24 110
 9  81  71  76   3   0  11 0.00  0.0    0  8.1 14 100   M    M   2        18  50
10  81  70  76   3   0  11    T  0.0    0  8.0 15  20   M    M   2        19 360
11  81  70  76   3   0  11 0.00  0.0    0  6.5 16  20   M    M   0        20  20
12  81  71  76   3   0  11 0.00  0.0    0  5.7 10  20   M    M   1        15  20
13  82  72  77   4   0  12 0.74  0.0    0 10.4 28 250   M    M   1 13     38 250
14  77  69  73   0   0   8    T  0.0    0 14.0 20 320   M    M   5 13     25 330
15  73  63  68  -5   0   3 0.00  0.0    0 14.9 22 350   M    M   5        29 340
16  70  59  65  -8   0   0 0.00  0.0    0 11.6 18  20   M    M   0        25  10
17  76  63  70  -3   0   5 0.00  0.0    0 10.6 18 100   M    M   0        23 100
18  77  66  72  -1   0   7 0.00  0.0    0  9.3 20  20   M    M   0        25  30
19  77  67  72  -2   0   7 0.00  0.0    0 11.1 17 350   M    M   1        23 350
20  77  67  72  -2   0   7 0.00  0.0    0 10.7 18 350   M    M   0        24  50
21  79  65  72  -2   0   7 0.00  0.0    0  7.5 15 100   M    M   0        21 120
22  80  66  73  -1   0   8 0.00  0.0    0  7.8 15 350   M    M   0        17 350
23  81  69  75   1   0  10 0.00  0.0    0  8.2 21  40   M    M   1        30  40
================================================================================
SM 1812 1574         0 203  0.93     0.0 247.6          M       49
================================================================================
AV 78.8 68.4                              10.8 FASTST   M    M   2    MAX(MPH)
                                 MISC ---->  # 28  80               # 39   90
================================================================================
NOTES:
# LAST OF SEVERAL OCCURRENCES

COLUMN 17 PEAK WIND IN M.P.H.

PRELIMINARY LOCAL CLIMATOLOGICAL DATA (WS FORM: F-6) , PAGE 2

                                          STATION:  KEY WEST
                                          MONTH:    MARCH
                                          YEAR:     2017
                                          LATITUDE:   24 32 N
                                          LONGITUDE:  81 45 W

[TEMPERATURE DATA]      [PRECIPITATION DATA]       SYMBOLS USED IN COLUMN 16

AVERAGE MONTHLY: 73.6   TOTAL FOR MONTH:   0.93    1 = FOG OR MIST
DPTR FM NORMAL:   0.7   DPTR FM NORMAL:   -0.65    2 = FOG REDUCING VISIBILITY
HIGHEST:    86 ON  2    GRTST 24HR  0.74 ON 13-13      TO 1/4 MILE OR LESS
LOWEST:     59 ON 16                               3 = THUNDER
                        SNOW, ICE PELLETS, HAIL    4 = ICE PELLETS
                        TOTAL MONTH:   0.0 INCH    5 = HAIL
                        GRTST 24HR     0.0         6 = FREEZING RAIN OR DRIZZLE
                        GRTST DEPTH:   0           7 = DUSTSTORM OR SANDSTORM:
                                                       VSBY 1/2 MILE OR LESS
                                                   8 = SMOKE OR HAZE
[NO. OF DAYS WITH]      [WEATHER - DAYS WITH]      9 = BLOWING SNOW
                                                   X = TORNADO
MAX 32 OR BELOW:   0    0.01 INCH OR MORE:   4
MAX 90 OR ABOVE:   0    0.10 INCH OR MORE:   2
MIN 32 OR BELOW:   0    0.50 INCH OR MORE:   1
MIN  0 OR BELOW:   0    1.00 INCH OR MORE:   0

[HDD (BASE 65) ]
TOTAL THIS MO.     0    CLEAR  (SCALE 0-3)  16
DPTR FM NORMAL     0    PTCLDY (SCALE 4-7)   7
TOTAL FM JUL 1     5    CLOUDY (SCALE 8-10)  0
DPTR FM NORMAL   -61

[CDD (BASE 65) ]
TOTAL THIS MO.   203
DPTR FM NORMAL    14    [PRESSURE DATA]
TOTAL FM JAN 1   743    HIGHEST SLP M ON M
DPTR FM NORMAL   206    LOWEST  SLP 29.87 ON 13

[REMARKS]
