000
CXAK56 PAFG 291217
CF6FAI
PRELIMINARY LOCAL CLIMATOLOGICAL DATA (WS FORM: F-6)

                                          STATION:   FAIRBANKS AK
                                          MONTH:     SEPTEMBER
                                          YEAR:      2016
                                          LATITUDE:   64 49 N
                                          LONGITUDE: 147 52 W

  TEMPERATURE IN F:       :PCPN:    SNOW:  WIND      :SUNSHINE: SKY     :PK WND
================================================================================
1   2   3   4   5  6A  6B    7    8   9   10  11  12  13   14  15   16   17  18
                                     12Z  AVG MX 2MIN
DY MAX MIN AVG DEP HDD CDD  WTR  SNW DPTH SPD SPD DIR MIN PSBL S-S WX    SPD DR
================================================================================

 1  67  48  58   7   7   0 0.00  0.0    0 10.1 18  20   M    M   2        24  10
 2  64  42  53   2  12   0 0.00  0.0    0  8.4 13  30   M    M   3        20  30
 3  70  39  55   4  10   0 0.00  0.0    0  5.3  9  70   M    M   1        14  30
 4  69  39  54   4  11   0 0.00  0.0    0  2.3 12 270   M    M   3 1      15 240
 5  56  49  53   3  12   0 0.80  0.0    0  3.5 12 110   M    M  10 1      17 110
 6  53  43  48  -1  17   0 0.33  0.0    0  8.3 12 350   M    M   9 1      18 350
 7  54  35  45  -4  20   0 0.00  0.0    0  4.6 10 360   M    M   4        13 360
 8  58  30  44  -5  21   0 0.00  0.0    0  2.9  9  90   M    M   4        12  90
 9  62  34  48   0  17   0 0.00  0.0    0  4.8 13 290   M    M   3        17 320
10  62  31  47  -1  18   0 0.00  0.0    0  3.3 15 280   M    M   2 1      19 270
11  57  34  46  -1  19   0 0.24  0.0    0  3.0  8  30   M    M   8 1      10  60
12  58  49  54   7  11   0 0.16  0.0    0  3.3 20 240   M    M   8 1      30 230
13  51  42  47   1  18   0 0.19  0.0    0  6.5 17 230   M    M   9 1      30 240
14  54  34  44  -2  21   0    T  0.0    0  5.1 10 360   M    M   8        13 360
15  61  40  51   5  14   0    T  0.0    0  7.2 13  70   M    M   7        15 350
16  54  38  46   1  19   0 0.02  0.0    0  2.3  7 170   M    M   8 1       9 210
17  58  34  46   2  19   0 0.01  0.0    0  2.3 14 280   M    M   6 1      19 270
18  48  38  43  -1  22   0 0.02  0.0    0  9.1 18 250   M    M   8 1      26 260
19  53  36  45   1  20   0 0.00  0.0    0  4.2  8  50   M    M   9        10 180
20  62  38  50   7  15   0 0.00  0.0    0  2.3  8  20   M    M   8        11  90
21  61  45  53  11  12   0 0.00  0.0    0  4.6 13  50   M    M   8        13  50
22  59  45  52  10  13   0 0.01  0.0    0  8.5 20 200   M    M   9        28 210
23  46  34  40  -1  25   0 0.02  0.0    0  4.5 15 240   M    M   9 1      22 240
24  51  32  42   1  23   0 0.00  0.0    0  1.7  9 190   M    M   8 1      11 240
25  45  30  38  -2  27   0 0.10  0.0    0  3.5  9 250   M    M   9 1      11 270
26  45  27  36  -4  29   0    T  0.0    0  1.6  7 190   M    M   7 12      9 200
27  45  28  37  -2  28   0    T    T    0  1.6  8 250   M    M   8        11 250
28  45  32  39   1  26   0 0.18    T    0  3.9 23 260   M    M   8 1      30 270
================================================================================
SM 1568 1046       506   0  2.08    T    128.7          M      186
================================================================================
AV 56.0 37.4                               4.6 FASTST   M    M   7    MAX(MPH)
                                 MISC ---->  # 23 260               # 30  230
================================================================================
NOTES:
# LAST OF SEVERAL OCCURRENCES

COLUMN 17 PEAK WIND IN M.P.H.

PRELIMINARY LOCAL CLIMATOLOGICAL DATA (WS FORM: F-6) , PAGE 2

                                          STATION:  FAIRBANKS AK
                                          MONTH:    SEPTEMBER
                                          YEAR:     2016
                                          LATITUDE:   64 49 N
                                          LONGITUDE: 147 52 W

[TEMPERATURE DATA]      [PRECIPITATION DATA]       SYMBOLS USED IN COLUMN 16

AVERAGE MONTHLY: 46.7   TOTAL FOR MONTH:   2.08    1 = FOG OR MIST
DPTR FM NORMAL:   1.3   DPTR FM NORMAL:    1.04    2 = FOG REDUCING VISIBILITY
HIGHEST:    70 ON  3    GRTST 24HR  1.04 ON  5- 6      TO 1/4 MILE OR LESS
LOWEST:     27 ON 26                               3 = THUNDER
                        SNOW, ICE PELLETS, HAIL    4 = ICE PELLETS
                        TOTAL MONTH:    T          5 = HAIL
                        GRTST 24HR    T  ON 28-28  6 = FREEZING RAIN OR DRIZZLE
                        GRTST DEPTH:   0           7 = DUSTSTORM OR SANDSTORM:
                                                       VSBY 1/2 MILE OR LESS
                                                   8 = SMOKE OR HAZE
[NO. OF DAYS WITH]      [WEATHER - DAYS WITH]      9 = BLOWING SNOW
                                                   X = TORNADO
MAX 32 OR BELOW:   0    0.01 INCH OR MORE:  12
MAX 90 OR ABOVE:   0    0.10 INCH OR MORE:   7
MIN 32 OR BELOW:   7    0.50 INCH OR MORE:   1
MIN  0 OR BELOW:   0    1.00 INCH OR MORE:   0

[HDD (BASE 65) ]
TOTAL THIS MO.   506    CLEAR  (SCALE 0-3)   5
DPTR FM NORMAL   -45    PTCLDY (SCALE 4-7)  13
TOTAL FM JUL 1   708    CLOUDY (SCALE 8-10) 10
DPTR FM NORMAL  -232

[CDD (BASE 65) ]
TOTAL THIS MO.     0
DPTR FM NORMAL     0    [PRESSURE DATA]
TOTAL FM JAN 1    76    HIGHEST SLP M ON M
DPTR FM NORMAL    15    LOWEST  SLP 28.81 ON 22

[REMARKS]
