000
CXAK56 PAFG 171439
CF6FAI
PRELIMINARY LOCAL CLIMATOLOGICAL DATA (WS FORM: F-6)

                                          STATION:   FAIRBANKS AK
                                          MONTH:     DECEMBER
                                          YEAR:      2017
                                          LATITUDE:   64 49 N
                                          LONGITUDE: 147 52 W

  TEMPERATURE IN F:       :PCPN:    SNOW:  WIND      :SUNSHINE: SKY     :PK WND
================================================================================
1   2   3   4   5  6A  6B    7    8   9   10  11  12  13   14  15   16   17  18
                                     12Z  AVG MX 2MIN
DY MAX MIN AVG DEP HDD CDD  WTR  SNW DPTH SPD SPD DIR MIN PSBL S-S WX    SPD DR
================================================================================

 1   9  -9   0   2  65   0    T    T   11  0.5  5  10   M    M   7         5  50
 2  15 -10   3   5  62   0    T    T   11  1.0  7  50   M    M   8         7  50
 3  22   9  16  18  49   0 0.02  0.3   11  1.7  8  40   M    M   9 1       9  60
 4  27   9  18  20  47   0    T    T   11  2.5 12 190   M    M   8        14 150
 5  28   8  18  21  47   0    T    T   11  3.8 12  20   M    M   8        13  20
 6  31  10  21  24  44   0 0.05  0.6   10  3.0 13  30   M    M   8 12     15  70
 7  37   8  23  26  42   0 0.01    T   11  6.4 13  60   M    M   7 126    14  60
 8  34  19  27  30  38   0    T    T   10  2.1  8 190   M    M   9 12     10 210
 9  23   6  15  18  50   0 0.00  0.0   10  2.0  8  40   M    M   7 12     10  30
10  29   6  18  21  47   0 0.00  0.0   10  3.3 12  50   M    M   5        13  50
11  38  14  26  29  39   0 0.00  0.0   10  4.5 15  70   M    M   7 1      20  70
12  28  13  21  24  44   0 0.00  0.0   10  1.5  8  30   M    M   7         9  30
13  41  14  28  31  37   0 0.00  0.0   10  4.5 13  10   M    M   7        20  40
14  20   4  12  16  53   0    T    T   10  1.3  8  40   M    M   7         8  40
15  27  11  19  23  46   0    T  0.3   10  2.5  9  30   M    M   9 1      10  40
16  26   9  18  22  47   0 0.06  1.1   10  2.0  9  60   M    M   8 1      11 200
================================================================================
SM  435  121       757   0  0.14     2.3  42.6          M      121
================================================================================
AV 27.2  7.6                               2.7 FASTST   M    M   8    MAX(MPH)
                                 MISC ---->  # 15  70               # 20   70
================================================================================
NOTES:
# LAST OF SEVERAL OCCURRENCES

COLUMN 17 PEAK WIND IN M.P.H.

PRELIMINARY LOCAL CLIMATOLOGICAL DATA (WS FORM: F-6) , PAGE 2

                                          STATION:  FAIRBANKS AK
                                          MONTH:    DECEMBER
                                          YEAR:     2017
                                          LATITUDE:   64 49 N
                                          LONGITUDE: 147 52 W

[TEMPERATURE DATA]      [PRECIPITATION DATA]       SYMBOLS USED IN COLUMN 16

AVERAGE MONTHLY: 17.4   TOTAL FOR MONTH:   0.14    1 = FOG OR MIST
DPTR FM NORMAL:  20.3   DPTR FM NORMAL:   -0.17    2 = FOG REDUCING VISIBILITY
HIGHEST:    41 ON 13    GRTST 24HR  0.06 ON 16-16      TO 1/4 MILE OR LESS
LOWEST:    -10 ON  2                               3 = THUNDER
                        SNOW, ICE PELLETS, HAIL    4 = ICE PELLETS
                        TOTAL MONTH:   2.3 INCHES  5 = HAIL
                        GRTST 24HR   1.1 ON 16-16  6 = FREEZING RAIN OR DRIZZLE
                        GRTST DEPTH:  11 ON  7, 5  7 = DUSTSTORM OR SANDSTORM:
                                                       VSBY 1/2 MILE OR LESS
                                                   8 = SMOKE OR HAZE
[NO. OF DAYS WITH]      [WEATHER - DAYS WITH]      9 = BLOWING SNOW
                                                   X = TORNADO
MAX 32 OR BELOW:  12    0.01 INCH OR MORE:   4
MAX 90 OR ABOVE:   0    0.10 INCH OR MORE:   0
MIN 32 OR BELOW:  16    0.50 INCH OR MORE:   0
MIN  0 OR BELOW:   2    1.00 INCH OR MORE:   0

[HDD (BASE 65) ]
TOTAL THIS MO.   757    CLEAR  (SCALE 0-3)   0
DPTR FM NORMAL  -331    PTCLDY (SCALE 4-7)  11
TOTAL FM JUL 1  4322    CLOUDY (SCALE 8-10)  5
DPTR FM NORMAL  -897

[CDD (BASE 65) ]
TOTAL THIS MO.     0
DPTR FM NORMAL     0    [PRESSURE DATA]
TOTAL FM JAN 1   104    HIGHEST SLP M ON M
DPTR FM NORMAL    43    LOWEST  SLP 29.08 ON  4

[REMARKS]
