000
CXUS52 KFFC 011110
CF6FFC
PRELIMINARY LOCAL CLIMATOLOGICAL DATA (WS FORM: F-6)

                                          STATION:   PEACHTREE CITY
                                          MONTH:     JUNE
                                          YEAR:      2015
                                          LATITUDE:   33 20 N
                                          LONGITUDE:  84 34 W

  TEMPERATURE IN F:       :PCPN:    SNOW:  WIND      :SUNSHINE: SKY     :PK WND
================================================================================
1   2   3   4   5  6A  6B    7    8   9   10  11  12  13   14  15   16   17  18
                                     12Z  AVG MX 2MIN
DY MAX MIN AVG DEP HDD CDD  WTR  SNW DPTH SPD SPD DIR MIN PSBL S-S WX    SPD DR
================================================================================

 1  82  67  75   2   0  10 0.02  0.0    0  2.3 12 120   M    M   7 3      14 120
 2  85  66  76   3   0  11 0.00    M    M  2.2  9 250   M    M   4 1      12 330
 3  81  64  73  -1   0   8 0.47  0.0    0  4.4 13 140   M    M   3 13     16  30
 4  82  65  74   0   0   9 0.00  0.0    M  4.0 10  60   M    M   6        15 110
 5  87  61  74   0   0   9 0.00    M    M  1.6  9 290   M    M   2        11 310
 6  90  65  78   4   0  13 0.00    M    M  2.5 12 320   M    M   2 18     14 310
 7  91  64  78   4   0  13 0.00    M    M  2.4 12 120   M    M   1 18     15 120
 8  89  69  79   4   0  14    T    M    M  3.7 10 260   M    M   2 18     17 190
 9  87  69  78   3   0  13 0.71    M    M  4.6 21 130   M    M   3 138    31 300
10  87  67  77   2   0  12    T    M    M  1.5  9 150   M    M   5 1      12 140
11  86  68  77   2   0  12 0.02  0.0    M  2.3 12 120   M    M   5 138    15 120
12  85  67  76   1   0  11 0.01  0.0    M  3.2 15 310   M    M   5        24 310
13  90  66  78   2   0  13    T  0.0    M  2.1  7 310   M    M   1 18     10 290
14  93  67  80   4   0  15 0.00    M    M  1.1  8 250   M    M   1 18     13 240
15  96  69  83   7   0  18 0.00    M    M  0.5  7 340   M    M   0 1       9 320
16  95  70  83   7   0  18 0.00    M    M  1.7  8 300   0    0   0        11 350
17  96  70  83   7   0  18 0.00    M    M  1.8  9 150   M    M   0        12 150
18  95  72  84   8   0  19 0.28    M    M  1.7 23 320   M    M   0 138    29 270
19  91  70  81   4   0  16 0.00    M    M  3.0 10 250   M    M   1 1      16 170
20  89  74  82   5   0  17 0.49    M    M  3.3 18 350   M    M   3 138    25 320
21  92  71  82   5   0  17 0.00    M    M  3.2 13 300   M    M   0 1      16 310
22  94  72  83   6   0  18 0.00    M    M  3.0 12 320   M    M   1 1      15 310
23  95  73  84   7   0  19 0.00    M    M  3.8 15 330   M    M   0 8      18 340
24  93  71  82   5   0  17 0.41    M    M  3.7 18 340   M    M   1 13     30  80
25  92  69  81   3   0  16 0.00    M    M  2.0  9 330   M    M   0        12 270
26  91  73  82   4   0  17 0.16    M    M  2.4 20 100   M    M   1 13     31  90
27  88  72  80   2   0  15 0.72  0.0    M  4.7 22 330   M    M   6 138    27 310
28  83  64  74  -4   0   9 0.01  0.0    M  5.3 15 310   M    M   2 1      19 320
29  86  60  73  -5   0   8 0.00  0.0    M  2.3 10 270   M    M   1 1      14 260
30  86  68  77  -1   0  12 0.00  0.0    M  4.6 12 260   M    M   3 13     17 230
================================================================================
SM 2677 2043         0 417  3.30     0.0  84.9            0     66
================================================================================
AV 89.2 68.1                               2.8 FASTST    0   0   2    MAX(MPH)
                                 MISC ---->  # 23 320               # 31  300
================================================================================
NOTES:
# LAST OF SEVERAL OCCURRENCES

COLUMN 17 PEAK WIND IN M.P.H.

PRELIMINARY LOCAL CLIMATOLOGICAL DATA (WS FORM: F-6) , PAGE 2

                                          STATION:  PEACHTREE CITY
                                          MONTH:    JUNE
                                          YEAR:     2015
                                          LATITUDE:   33 20 N
                                          LONGITUDE:  84 34 W

[TEMPERATURE DATA]      [PRECIPITATION DATA]       SYMBOLS USED IN COLUMN 16

AVERAGE MONTHLY: 78.7   TOTAL FOR MONTH:   3.30    1 = FOG OR MIST
DPTR FM NORMAL:   2.8   DPTR FM NORMAL:   -0.33    2 = FOG REDUCING VISIBILITY
HIGHEST:    96 ON 17,15 GRTST 24HR  0.73 ON 27-28      TO 1/4 MILE OR LESS
LOWEST:     60 ON 29                               3 = THUNDER
                        SNOW, ICE PELLETS, HAIL    4 = ICE PELLETS
                        TOTAL MONTH:   0.0 INCH    5 = HAIL
                        GRTST 24HR     0.0         6 = FREEZING RAIN OR DRIZZLE
                        GRTST DEPTH:   0           7 = DUSTSTORM OR SANDSTORM:
                                                       VSBY 1/2 MILE OR LESS
                                                   8 = SMOKE OR HAZE
[NO. OF DAYS WITH]      [WEATHER - DAYS WITH]      9 = BLOWING SNOW
                                                   X = TORNADO
MAX 32 OR BELOW:   0    0.01 INCH OR MORE:  11
MAX 90 OR ABOVE:  15    0.10 INCH OR MORE:   7
MIN 32 OR BELOW:   0    0.50 INCH OR MORE:   2
MIN  0 OR BELOW:   0    1.00 INCH OR MORE:   0

[HDD (BASE 65) ]
TOTAL THIS MO.     0    CLEAR  (SCALE 0-3)  22
DPTR FM NORMAL    -1    PTCLDY (SCALE 4-7)   8
TOTAL FM JUL 1  2873    CLOUDY (SCALE 8-10)  0
DPTR FM NORMAL   -78

[CDD (BASE 65) ]
TOTAL THIS MO.   417
DPTR FM NORMAL    90    [PRESSURE DATA]
TOTAL FM JAN 1   712    HIGHEST SLP 30.18 ON 13
DPTR FM NORMAL   195    LOWEST  SLP 29.83 ON  9

[REMARKS]
#FINAL-06-15#
