000
CXUS53 KLMK 160800
CF6FFT
PRELIMINARY LOCAL CLIMATOLOGICAL DATA (WS FORM: F-6)

                                          STATION:   FRANKFORT KY
                                          MONTH:     AUGUST
                                          YEAR:      2017
                                          LATITUDE:   38 10 N
                                          LONGITUDE:  84 54 W

  TEMPERATURE IN F:       :PCPN:    SNOW:  WIND      :SUNSHINE: SKY     :PK WND
================================================================================
1   2   3   4   5  6A  6B    7    8   9   10  11  12  13   14  15   16   17  18
                                     12Z  AVG MX 2MIN
DY MAX MIN AVG DEP HDD CDD  WTR  SNW DPTH SPD SPD DIR MIN PSBL S-S WX    SPD DR
================================================================================

 1  87  67  77   1   0  12 0.00    M    M  2.3  9 300   M    M   1 3      15 280
 2  84  66  75  -1   0  10 0.22    M    M  3.2 13 210   M    M   2 3      17 320
 3  88  64  76   0   0  11 0.00    M    M  4.4 16 200   M    M   1 3      20 220
 4  80  58  69  -7   0   4 0.03    M    M  8.7 17 240   M    M   4 3      26 230
 5  79  52  66 -10   0   1 0.00    M    M  1.6 10 160   M    M   1        12 140
 6  75  60  68  -8   0   3 0.79    M    M  3.1 12 130   M    M   7 1      13 130
 7  76  64  70  -6   0   5 0.07    M    M  4.2 10 350   M    M   7 1      14 340
 8  83  60  72  -4   0   7 0.00    M    M  4.8 10  40   M    M   2 1      15  40
 9  84  55  70  -6   0   5 0.00    M    M  3.1 10  80   M    M   0        17 350
10  86  64  75  -1   0  10 0.00    M    M  3.3 13 300   M    M   2        16 320
11  84  62  73  -3   0   8 0.00    M    M  1.6  8 330   M    M   2 1      12 220
12  85  64  75  -1   0  10 0.00    M    M  4.1 14 330   M    M   3 18     18 340
13  85  59  72  -4   0   7 0.00    M    M  4.1 10  80   M    M   1        14  70
14  84  68  76   0   0  11 0.29    M    M  3.3 13 150   M    M   7 1      16 150
15  88  69  79   3   0  14 0.00    M    M  1.8  9 280   M    M   4 12     13 270
================================================================================
SM 1248  932         0 118  1.40    M     53.6          M       44
================================================================================
AV 83.2 62.1                               3.6 FASTST   M    M   3    MAX(MPH)
                                 MISC ---->  # 17 240               # 26  230
================================================================================
NOTES:
# LAST OF SEVERAL OCCURRENCES

COLUMN 17 PEAK WIND IN M.P.H.

PRELIMINARY LOCAL CLIMATOLOGICAL DATA (WS FORM: F-6) , PAGE 2

                                          STATION:  FRANKFORT KY
                                          MONTH:    AUGUST
                                          YEAR:     2017
                                          LATITUDE:   38 10 N
                                          LONGITUDE:  84 54 W

[TEMPERATURE DATA]      [PRECIPITATION DATA]       SYMBOLS USED IN COLUMN 16

AVERAGE MONTHLY: 72.7   TOTAL FOR MONTH:   1.40    1 = FOG OR MIST
DPTR FM NORMAL:  -3.3   DPTR FM NORMAL:   -0.12    2 = FOG REDUCING VISIBILITY
HIGHEST:    88 ON 15, 3 GRTST 24HR  0.79 ON  6- 6      TO 1/4 MILE OR LESS
LOWEST:     52 ON  5                               3 = THUNDER
                        SNOW, ICE PELLETS, HAIL    4 = ICE PELLETS
                        TOTAL MONTH:    M          5 = HAIL
                        GRTST 24HR    M  ON   M    6 = FREEZING RAIN OR DRIZZLE
                        GRTST DEPTH:  M  ON   M    7 = DUSTSTORM OR SANDSTORM:
                                                       VSBY 1/2 MILE OR LESS
                                                   8 = SMOKE OR HAZE
[NO. OF DAYS WITH]      [WEATHER - DAYS WITH]      9 = BLOWING SNOW
                                                   X = TORNADO
MAX 32 OR BELOW:   0    0.01 INCH OR MORE:   5
MAX 90 OR ABOVE:   0    0.10 INCH OR MORE:   3
MIN 32 OR BELOW:   0    0.50 INCH OR MORE:   1
MIN  0 OR BELOW:   0    1.00 INCH OR MORE:   0

[HDD (BASE 65) ]
TOTAL THIS MO.     0    CLEAR  (SCALE 0-3)   9
DPTR FM NORMAL     0    PTCLDY (SCALE 4-7)   6
TOTAL FM JUL 1     0    CLOUDY (SCALE 8-10)  0
DPTR FM NORMAL     0

[CDD (BASE 65) ]
TOTAL THIS MO.   118
DPTR FM NORMAL   -47    [PRESSURE DATA]
TOTAL FM JAN 1   933    HIGHEST SLP M ON M
DPTR FM NORMAL    83    LOWEST  SLP 29.85 ON M

[REMARKS]
