000
CXUS53 KLMK 230800
CF6FFT
PRELIMINARY LOCAL CLIMATOLOGICAL DATA (WS FORM: F-6)

                                          STATION:   FRANKFORT KY
                                          MONTH:     OCTOBER
                                          YEAR:      2017
                                          LATITUDE:   38 10 N
                                          LONGITUDE:  84 54 W

  TEMPERATURE IN F:       :PCPN:    SNOW:  WIND      :SUNSHINE: SKY     :PK WND
================================================================================
1   2   3   4   5  6A  6B    7    8   9   10  11  12  13   14  15   16   17  18
                                     12Z  AVG MX 2MIN
DY MAX MIN AVG DEP HDD CDD  WTR  SNW DPTH SPD SPD DIR MIN PSBL S-S WX    SPD DR
================================================================================

 1  78  48  63   2   2   0 0.00    M    M  4.0 10  90   M    M   0        14 100
 2  80  48  64   3   1   0 0.00    M    M  3.2 12 130   M    M   0        15 180
 3  83  55  69   8   0   4 0.00    M    M  3.4 13 220   M    M   3        16 200
 4  83  53  68   8   0   3 0.00    M    M  3.1 12 240   M    M   1        19 230
 5  80  59  70  10   0   5 0.00    M    M  2.0 10 320   M    M   1        13 330
 6  83  55  69   9   0   4 0.00    M    M  3.3 13 200   M    M   0 1      18 190
 7  83  64  74  15   0   9    T    M    M  9.9 20 200   M    M   4 1      32 280
 8  72  63  68   9   0   3 2.76    M    M  5.1 14 240   M    M  10 1      19 230
 9  77  62  70  12   0   5 0.01    M    M  3.1 10 220   M    M   8 12     15 270
10  79  63  71  13   0   6 0.95    M    M  5.3 16 120   M    M   8 128    22 130
11  73  59  66   8   0   1 0.08    M    M  7.2 15 310   M    M  10 1      22 270
12  67  54  61   3   4   0 0.00    M    M  1.4  7 110   M    M  10         8 110
13  75  49  62   5   3   0 0.00    M    M  1.4  8 200   M    M   3 128    10 210
14  83  52  68  11   0   3 0.00    M    M  5.6 16 190   M    M   0 1      19 180
15  79  53  66  10   0   1 0.04    M    M 12.5 24 330   M    M   7 1      31 330
16  64  41  53  -3  12   0 0.00    M    M  4.1 12 330   M    M   4        15 330
17  66  36  51  -5  14   0 0.00    M    M  0.9  9 210   M    M   0        15 120
18  71  38  55  -1  10   0 0.00    M    M  3.3 14 210   M    M   0 1      15 200
19  73  42  58   3   7   0 0.00    M    M  3.4 14 230   M    M   0 18     17 210
20  77  45  61   6   4   0 0.00    M    M  1.3  8 150   M    M   0 1      12 120
21  76  46  61   6   4   0 0.00    M    M  3.6 14 220   M    M   0 18     18 210
22  77  52  65  11   0   0 0.00    M    M  7.5 20 170   M    M   0        26 150
================================================================================
SM 1679 1137        61  44  3.84    M     94.6          M       69
================================================================================
AV 76.3 51.7                               4.3 FASTST   M    M   3    MAX(MPH)
                                 MISC ---->  # 24 330               # 32  280
================================================================================
NOTES:
# LAST OF SEVERAL OCCURRENCES

COLUMN 17 PEAK WIND IN M.P.H.

PRELIMINARY LOCAL CLIMATOLOGICAL DATA (WS FORM: F-6) , PAGE 2

                                          STATION:  FRANKFORT KY
                                          MONTH:    OCTOBER
                                          YEAR:     2017
                                          LATITUDE:   38 10 N
                                          LONGITUDE:  84 54 W

[TEMPERATURE DATA]      [PRECIPITATION DATA]       SYMBOLS USED IN COLUMN 16

AVERAGE MONTHLY: 64.0   TOTAL FOR MONTH:   3.84    1 = FOG OR MIST
DPTR FM NORMAL:   6.3   DPTR FM NORMAL:    1.57    2 = FOG REDUCING VISIBILITY
HIGHEST:    83 ON 14, 7 GRTST 24HR  2.76 ON  8- 8      TO 1/4 MILE OR LESS
LOWEST:     36 ON 17                               3 = THUNDER
                        SNOW, ICE PELLETS, HAIL    4 = ICE PELLETS
                        TOTAL MONTH:    M          5 = HAIL
                        GRTST 24HR    M  ON   M    6 = FREEZING RAIN OR DRIZZLE
                        GRTST DEPTH:  M  ON   M    7 = DUSTSTORM OR SANDSTORM:
                                                       VSBY 1/2 MILE OR LESS
                                                   8 = SMOKE OR HAZE
[NO. OF DAYS WITH]      [WEATHER - DAYS WITH]      9 = BLOWING SNOW
                                                   X = TORNADO
MAX 32 OR BELOW:   0    0.01 INCH OR MORE:   5
MAX 90 OR ABOVE:   0    0.10 INCH OR MORE:   2
MIN 32 OR BELOW:   0    0.50 INCH OR MORE:   2
MIN  0 OR BELOW:   0    1.00 INCH OR MORE:   1

[HDD (BASE 65) ]
TOTAL THIS MO.    61    CLEAR  (SCALE 0-3)  13
DPTR FM NORMAL  -116    PTCLDY (SCALE 4-7)   6
TOTAL FM JUL 1    93    CLOUDY (SCALE 8-10)  3
DPTR FM NORMAL  -138

[CDD (BASE 65) ]
TOTAL THIS MO.    44
DPTR FM NORMAL    29    [PRESSURE DATA]
TOTAL FM JAN 1  1273    HIGHEST SLP M ON M
DPTR FM NORMAL   123    LOWEST  SLP 29.65 ON  8

[REMARKS]
