000
CXUS53 KLMK 260800
CF6FFT
PRELIMINARY LOCAL CLIMATOLOGICAL DATA (WS FORM: F-6)

                                          STATION:   FRANKFORT KY
                                          MONTH:     FEBRUARY
                                          YEAR:      2017
                                          LATITUDE:   38 10 N
                                          LONGITUDE:  84 54 W

  TEMPERATURE IN F:       :PCPN:    SNOW:  WIND      :SUNSHINE: SKY     :PK WND
================================================================================
1   2   3   4   5  6A  6B    7    8   9   10  11  12  13   14  15   16   17  18
                                     12Z  AVG MX 2MIN
DY MAX MIN AVG DEP HDD CDD  WTR  SNW DPTH SPD SPD DIR MIN PSBL S-S WX    SPD DR
================================================================================

 1  52  37  45  11  20   0 0.00    M    M  4.4 15 340   M    M   4        18 330
 2  41  26  34   0  31   0 0.00    M    M  4.3 13 310   M    M   0        17 310
 3  32  15  24 -10  41   0 0.00    M    M  4.2 17 330   M    M   2        23 340
 4  40   9  25  -9  40   0 0.00    M    M  3.9 13 110   M    M   2        19 100
 5  56  32  44  10  21   0 0.00    M    M  9.5 22 230   M    M   4        27 230
 6  60  28  44  10  21   0 0.02    M    M  7.7 20 190   M    M   4 18     25 180
 7  61  56  59  24   6   0 0.73    M    M 14.7 26 200   M    M   9 13     36 200
 8  57  33  45  10  20   0 0.34    M    M  7.6 18 350   M    M   9 138    26 340
 9  33  18  26  -9  39   0 0.00    M    M  9.4 22 340   M    M   6        30 320
10  58  16  37   2  28   0 0.00    M    M 11.3 26 220   M    M   2        35 220
11  65  52  59  23   6   0 0.00    M    M  9.9 18 230   M    M   6        26 230
12  68  40  54  18  11   0 0.00    M    M 12.6 22 320   M    M   6        32 320
13  50  25  38   2  27   0 0.00    M    M  2.7 13 340   M    M   0        20 350
14  55  33  44   8  21   0 0.00    M    M  7.0 16 220   M    M   5        21 230
15  47  34  41   5  24   0 0.00    M    M  8.5 20 340   M    M   1        25 330
16  51  27  39   3  26   0 0.00    M    M  5.1 10 220   M    M   4        16 250
17  68  41  55  18  10   0 0.00    M    M 10.6 22 220   M    M   0        27 210
18  59  40  50  13  15   0 0.14    M    M  6.5 17 210   M    M   5 1      22 210
19  58  38  48  11  17   0 0.00    M    M  3.6  9 280   M    M   8 128    14 270
20  72  36  54  16  11   0 0.00    M    M  3.5 12 110   M    M   5 128    15 110
21  73  49  61  23   4   0 0.11    M    M  4.7 20 220   M    M   4 1      25 230
22  70  56  63  25   2   0 0.03    M    M  5.4 14 150   M    M  10 1      17 200
23  71  56  64  26   1   0 0.00    M    M  7.1 14 220   M    M   9        18 230
24  80  56  68  29   0   3 0.15    M    M 12.9 29 210   M    M   2 3      41 220
25  56  28  42   3  23   0 0.00    M    M  9.3 21 270   M    M   8        30 270
================================================================================
SM 1433  881       465   3  1.52    M    186.4          M      115
================================================================================
AV 57.3 35.2                               7.5 FASTST   M    M   5    MAX(MPH)
                                 MISC ---->  # 29 210               # 41  220
================================================================================
NOTES:
# LAST OF SEVERAL OCCURRENCES

COLUMN 17 PEAK WIND IN M.P.H.

PRELIMINARY LOCAL CLIMATOLOGICAL DATA (WS FORM: F-6) , PAGE 2

                                          STATION:  FRANKFORT KY
                                          MONTH:    FEBRUARY
                                          YEAR:     2017
                                          LATITUDE:   38 10 N
                                          LONGITUDE:  84 54 W

[TEMPERATURE DATA]      [PRECIPITATION DATA]       SYMBOLS USED IN COLUMN 16

AVERAGE MONTHLY: 46.3   TOTAL FOR MONTH:   1.52    1 = FOG OR MIST
DPTR FM NORMAL:  10.2   DPTR FM NORMAL:   -1.39    2 = FOG REDUCING VISIBILITY
HIGHEST:    80 ON 24    GRTST 24HR  0.75 ON  6- 7      TO 1/4 MILE OR LESS
LOWEST:      9 ON  4                               3 = THUNDER
                        SNOW, ICE PELLETS, HAIL    4 = ICE PELLETS
                        TOTAL MONTH:    M          5 = HAIL
                        GRTST 24HR    M  ON   M    6 = FREEZING RAIN OR DRIZZLE
                        GRTST DEPTH:  M  ON   M    7 = DUSTSTORM OR SANDSTORM:
                                                       VSBY 1/2 MILE OR LESS
                                                   8 = SMOKE OR HAZE
[NO. OF DAYS WITH]      [WEATHER - DAYS WITH]      9 = BLOWING SNOW
                                                   X = TORNADO
MAX 32 OR BELOW:   1    0.01 INCH OR MORE:   7
MAX 90 OR ABOVE:   0    0.10 INCH OR MORE:   5
MIN 32 OR BELOW:  10    0.50 INCH OR MORE:   1
MIN  0 OR BELOW:   0    1.00 INCH OR MORE:   0

[HDD (BASE 65) ]
TOTAL THIS MO.   465    CLEAR  (SCALE 0-3)   8
DPTR FM NORMAL  -258    PTCLDY (SCALE 4-7)  13
TOTAL FM JUL 1  2716    CLOUDY (SCALE 8-10)  4
DPTR FM NORMAL  -845

[CDD (BASE 65) ]
TOTAL THIS MO.     3
DPTR FM NORMAL     3    [PRESSURE DATA]
TOTAL FM JAN 1     3    HIGHEST SLP M ON M
DPTR FM NORMAL     3    LOWEST  SLP 29.55 ON 24

[REMARKS]
