000
CXUS53 KLMK 280800
CF6FFT
PRELIMINARY LOCAL CLIMATOLOGICAL DATA (WS FORM: F-6)

                                          STATION:   FRANKFORT KY
                                          MONTH:     FEBRUARY
                                          YEAR:      2015
                                          LATITUDE:   38 10 N
                                          LONGITUDE:  84 54 W

  TEMPERATURE IN F:       :PCPN:    SNOW:  WIND      :SUNSHINE: SKY     :PK WND
================================================================================
1   2   3   4   5  6A  6B    7    8   9   10  11  12  13   14  15   16   17  18
                                     12Z  AVG MX 2MIN
DY MAX MIN AVG DEP HDD CDD  WTR  SNW DPTH SPD SPD DIR MIN PSBL S-S WX    SPD DR
================================================================================

 1  50  33  42   8  23   0 0.47    M    M 10.2 22 170   M    M  10 1      31 190
 2  43  21  32  -2  33   0    T    M    M 10.2 24 290   M    M  10        36 310
 3  37  19  28  -6  37   0 0.00    M    M  8.2 15 200   M    M   3        21 200
 4  52  29  41   7  24   0    T    M    M 10.8 23 340   M    M   2 18     31 340
 5  29  13  21 -13  44   0 0.01    M    M  6.3 21 340   M    M   4 1      25 350
 6  41  10  26  -8  39   0 0.00    M    M  5.1 12 220   M    M   2        15 230
 7  60  29  45  10  20   0 0.00    M    M 12.5 24 210   M    M   0        30 210
 8  59  48  54  19  11   0 0.01    M    M 13.7 26 230   M    M   6 1      34 230
 9  52  27  40   5  25   0 0.01    M    M  9.0 15 340   M    M  10 18     21 340
10  35  23  29  -6  36   0 0.00    M    M  6.0 13  20   M    M   9 1      18 360
11  47  18  33  -3  32   0 0.00    M    M  6.0 17 300   M    M   5 18     23 300
12  34  19  27  -9  38   0    T    M    M 11.3 20 320   M    M   9 8      28 310
13  32  11  22 -14  43   0 0.00    M    M  4.7 14 230   M    M   3        18 230
14  36  10  23 -13  42   0 0.01    M    M 14.0 31 300   M    M   7 18     44 290
15  22   5  14 -22  51   0 0.00    M    M  6.8 16 350   M    M   2        22 350
16  18   8  13 -23  52   0 0.40    M    M  8.9 16  70   M    M  10 18     22  90
17  23  -9   7 -30  58   0 0.00    M    M  5.1 14 230   M    M   3 18     16 240
18  22   2  12 -25  53   0 0.03    M    M 10.5 22 260   M    M   7 18     30 260
19   8 -10  -1 -38  66   0 0.00    M    M  6.9 17 290   M    M   1        22 290
20  26 -21   3 -35  62   0    T    M    M  4.7 13 120   M    M   5 168    17 150
21  37  26  32  -6  33   0 1.16    M    M  5.9 18 180   M    M  10 126    24 160
22  38  27  33  -5  32   0 0.00    M    M  5.8 15 340   M    M   9 18     20 330
23  27   8  18 -20  47   0 0.00    M    M  9.2 18 340   M    M   4        24 330
24  29   4  17 -22  48   0 0.00    M    M  7.3 21 220   M    M   1        24 230
25  34  19  27 -12  38   0 0.00    M    M  4.2 13 230   M    M   2        16 220
26  34  16  25 -14  40   0    T    M    M  7.5 16 340   M    M   7        21 350
27  25   7  16 -23  49   0 0.00    M    M  3.6 10  30   M    M   3        14  20
================================================================================
SM  950  392      1076   0  2.10    M    214.4          M      144
================================================================================
AV 35.2 14.5                               7.9 FASTST   M    M   5    MAX(MPH)
                                 MISC ---->  # 31 300               # 44  290
================================================================================
NOTES:
# LAST OF SEVERAL OCCURRENCES

COLUMN 17 PEAK WIND IN M.P.H.

PRELIMINARY LOCAL CLIMATOLOGICAL DATA (WS FORM: F-6) , PAGE 2

                                          STATION:  FRANKFORT KY
                                          MONTH:    FEBRUARY
                                          YEAR:     2015
                                          LATITUDE:   38 10 N
                                          LONGITUDE:  84 54 W

[TEMPERATURE DATA]      [PRECIPITATION DATA]       SYMBOLS USED IN COLUMN 16

AVERAGE MONTHLY: 24.9   TOTAL FOR MONTH:   2.10    1 = FOG OR MIST
DPTR FM NORMAL: -11.4   DPTR FM NORMAL:   -1.06    2 = FOG REDUCING VISIBILITY
HIGHEST:    60 ON  7    GRTST 24HR  1.16 ON 21-21      TO 1/4 MILE OR LESS
LOWEST:    -21 ON 20                               3 = THUNDER
                        SNOW, ICE PELLETS, HAIL    4 = ICE PELLETS
                        TOTAL MONTH:    M          5 = HAIL
                        GRTST 24HR    M  ON   M    6 = FREEZING RAIN OR DRIZZLE
                        GRTST DEPTH:  M  ON   M    7 = DUSTSTORM OR SANDSTORM:
                                                       VSBY 1/2 MILE OR LESS
                                                   8 = SMOKE OR HAZE
[NO. OF DAYS WITH]      [WEATHER - DAYS WITH]      9 = BLOWING SNOW
                                                   X = TORNADO
MAX 32 OR BELOW:  11    0.01 INCH OR MORE:   8
MAX 90 OR ABOVE:   0    0.10 INCH OR MORE:   3
MIN 32 OR BELOW:  25    0.50 INCH OR MORE:   1
MIN  0 OR BELOW:   3    1.00 INCH OR MORE:   1

[HDD (BASE 65) ]
TOTAL THIS MO.  1076    CLEAR  (SCALE 0-3)   9
DPTR FM NORMAL   301    PTCLDY (SCALE 4-7)  10
TOTAL FM JUL 1  4079    CLOUDY (SCALE 8-10)  8
DPTR FM NORMAL   466

[CDD (BASE 65) ]
TOTAL THIS MO.     0
DPTR FM NORMAL     0    [PRESSURE DATA]
TOTAL FM JAN 1     0    HIGHEST SLP M ON M
DPTR FM NORMAL     0    LOWEST  SLP 29.55 ON  1

[REMARKS]
