759
CXUS56 KFGZ 240900
CF6FLG
PRELIMINARY LOCAL CLIMATOLOGICAL DATA (WS FORM: F-6)

                                          STATION:   FLAGSTAFF AZ AIRPORT
                                          MONTH:     JULY
                                          YEAR:      2016
                                          LATITUDE:   35  7 N
                                          LONGITUDE: 111 40 W

  TEMPERATURE IN F:       :PCPN:    SNOW:  WIND      :SUNSHINE: SKY     :PK WND
================================================================================
1   2   3   4   5  6A  6B    7    8   9   10  11  12  13   14  15   16   17  18
                                     12Z  AVG MX 2MIN
DY MAX MIN AVG DEP HDD CDD  WTR  SNW DPTH SPD SPD DIR MIN PSBL S-S WX    SPD DR
================================================================================

 1  73  53  63  -1   2   0 0.03  0.0    0  6.6 18 270   M    M   7 1      28 270
 2  74  51  63  -2   2   0 0.31  0.0    0  7.9 23 220   M    M   5 123    33 300
 3  79  50  65   0   0   0 0.00  0.0    0  6.7 21 190   M    M   2        28 250
 4  82  50  66   1   0   1 0.00  0.0    0  8.1 24 220   M    M   1        29 230
 5  81  49  65   0   0   0 0.00  0.0    0  8.8 26 220   M    M   0        35 230
 6  80  50  65   0   0   0 0.00  0.0    0 12.2 26 220   M    M   0        35 210
 7  80  48  64  -2   1   0 0.00  0.0    0  7.9 24 220   M    M   0        35 220
 8  83  49  66   0   0   1 0.00  0.0    0  8.0 23 210   M    M   0        30 220
 9  85  46  66   0   0   1 0.00  0.0    0  8.1 25 210   M    M   0        30 230
10  84  50  67   1   0   2 0.00  0.0    0 13.6 35 220   M    M   0        46 220
11  82  49  66   0   0   1 0.00  0.0    0 10.8 29 210   M    M   0        39 220
12  83  41  62  -4   3   0 0.00  0.0    0  8.9 25 210   M    M   0        32 200
13  86  47  67   1   0   2 0.00  0.0    0  7.9 23 220   M    M   0        32 220
14  87  50  69   3   0   4 0.00  0.0    0  7.1 21 220   M    M   0        29 240
15  88  53  71   5   0   6 0.00  0.0    0  7.8 22 220   M    M   0        29 230
16  84  48  66   0   0   1 0.00  0.0    0 10.2 28 230   M    M   0        40 220
17  83  53  68   1   0   3 0.00  0.0    0  8.9 29 220   M    M   2        35 210
18  78  57  68   1   0   3    T  0.0    0  5.0 18  90   M    M   6        23  80
19  76  51  64  -3   1   0 0.25  0.0    0  3.3 16  30   M    M   3 13     20  40
20  79  49  64  -3   1   0 0.16  0.0    0  2.4 15 240   M    M   4 13     25  80
21  84  49  67   0   0   2 0.01  0.0    0  2.4 16 200   M    M   2 3      20 200
22  85  52  69   2   0   4 0.00  0.0    0  4.9 17  70   M    M   2 3      22 100
23  87  55  71   4   0   6 0.10  0.0    0  4.4 18 260   M    M   4 3      28 210
================================================================================
SM 1883 1150        10  37  0.86     0.0 171.9          M       38
================================================================================
AV 81.9 50.0                               7.5 FASTST   M    M   2    MAX(MPH)
                                 MISC ---->  # 35 220               # 46  220
================================================================================
NOTES:
# LAST OF SEVERAL OCCURRENCES

COLUMN 17 PEAK WIND IN M.P.H.

PRELIMINARY LOCAL CLIMATOLOGICAL DATA (WS FORM: F-6) , PAGE 2

                                          STATION:  FLAGSTAFF AZ AIRPORT
                                          MONTH:    JULY
                                          YEAR:     2016
                                          LATITUDE:   35  7 N
                                          LONGITUDE: 111 40 W

[TEMPERATURE DATA]      [PRECIPITATION DATA]       SYMBOLS USED IN COLUMN 16

AVERAGE MONTHLY: 65.9   TOTAL FOR MONTH:   0.86    1 = FOG OR MIST
DPTR FM NORMAL:  -0.1   DPTR FM NORMAL:   -0.85    2 = FOG REDUCING VISIBILITY
HIGHEST:    88 ON 15    GRTST 24HR  0.34 ON  1- 2      TO 1/4 MILE OR LESS
LOWEST:     41 ON 12                               3 = THUNDER
                        SNOW, ICE PELLETS, HAIL    4 = ICE PELLETS
                        TOTAL MONTH:   0.0 INCH    5 = HAIL
                        GRTST 24HR     0.0         6 = FREEZING RAIN OR DRIZZLE
                        GRTST DEPTH:   0           7 = DUSTSTORM OR SANDSTORM:
                                                       VSBY 1/2 MILE OR LESS
                                                   8 = SMOKE OR HAZE
[NO. OF DAYS WITH]      [WEATHER - DAYS WITH]      9 = BLOWING SNOW
                                                   X = TORNADO
MAX 32 OR BELOW:   0    0.01 INCH OR MORE:   6
MAX 90 OR ABOVE:   0    0.10 INCH OR MORE:   4
MIN 32 OR BELOW:   0    0.50 INCH OR MORE:   0
MIN  0 OR BELOW:   0    1.00 INCH OR MORE:   0

[HDD (BASE 65) ]
TOTAL THIS MO.    10    CLEAR  (SCALE 0-3)  18
DPTR FM NORMAL   -18    PTCLDY (SCALE 4-7)   5
TOTAL FM JUL 1    10    CLOUDY (SCALE 8-10)  0
DPTR FM NORMAL   -18

[CDD (BASE 65) ]
TOTAL THIS MO.    37
DPTR FM NORMAL    -9    [PRESSURE DATA]
TOTAL FM JAN 1    89    HIGHEST SLP M ON M
DPTR FM NORMAL    26    LOWEST  SLP 29.75 ON M

[REMARKS]
