000
CXUS56 KFGZ 310900
CF6FLG
PRELIMINARY LOCAL CLIMATOLOGICAL DATA (WS FORM: F-6)

                                          STATION:   FLAGSTAFF AZ AIRPORT
                                          MONTH:     AUGUST
                                          YEAR:      2015
                                          LATITUDE:   35  7 N
                                          LONGITUDE: 111 40 W

  TEMPERATURE IN F:       :PCPN:    SNOW:  WIND      :SUNSHINE: SKY     :PK WND
================================================================================
1   2   3   4   5  6A  6B    7    8   9   10  11  12  13   14  15   16   17  18
                                     12Z  AVG MX 2MIN
DY MAX MIN AVG DEP HDD CDD  WTR  SNW DPTH SPD SPD DIR MIN PSBL S-S WX    SPD DR
================================================================================

 1  76  56  66   0   0   1    T  0.0    0  2.7 12 130   M    M   7 3      15 130
 2  76  53  65  -1   0   0 0.02  0.0    0  4.4 21 220   M    M   4 3      30 260
 3  82  47  65  -1   0   0 0.00  0.0    0  4.9 20 220   M    M   1        25 230
 4  84  50  67   1   0   2 0.00  0.0    0  5.8 21 220   M    M   0        27 210
 5  86  50  68   2   0   3 0.00  0.0    0  6.4 23 220   M    M   0 8      30 210
 6  84  51  68   2   0   3    T  0.0    0  5.6 22 230   M    M   3        32 210
 7  79  53  66   1   0   1 1.57  0.0    0  8.1 29 220   M    M   6 138    36 200
 8  74  53  64  -1   1   0 0.04  0.0    0  5.2 17 190   M    M   6 123    22 190
 9  79  49  64  -1   1   0    T  0.0    0  3.9 16  50   M    M   2        22 170
10  75  50  63  -2   2   0    T  0.0    0  3.5 16  70   M    M   5        24  60
11  72  57  65   0   0   0 0.14  0.0    0  4.9 18 180   M    M   6 13     25 180
12  75  55  65   0   0   0 0.25  0.0    0  5.0 16 120   M    M   5 13     23 110
13  82  49  66   1   0   1    T  0.0    0  2.3 12  70   M    M   3        17  80
14  83  49  66   1   0   1    T    M    0  3.0 17 140   M    M   2        23 150
15  86  53  70   6   0   5    T  0.0    0  2.6 16 210   M    M   3 3      25  80
16  87  51  69   5   0   4 0.00  0.0    0  4.2 18 200   M    M   2        25 220
17  85  53  69   5   0   4 0.00  0.0    0  7.8 22 230   M    M   0        27 220
18  85  53  69   5   0   4 0.00  0.0    0  7.5 23 230   M    M   1        32 220
19  84  53  69   5   0   4 0.00  0.0    0  7.3 21 230   M    M   0        29 230
20  82  48  65   1   0   0 0.00  0.0    0  7.1 23 220   M    M   0        27 210
21  78  49  64   0   1   0 0.00  0.0    0  8.1 24 210   M    M   0        29 210
22  81  51  66   2   0   1 0.00  0.0    0  6.5 20 210   M    M   1        27 250
23  79  52  66   3   0   1 0.01  0.0    0  3.4 20 210   M    M   2 3      26  10
24  84  53  69   6   0   4    T  0.0    0  3.9 16 270   M    M   4 3      23 300
25  73  55  64   1   1   0 0.68  0.0    0  6.2 20 120   M    M   7 13     30 100
26  72  53  63   0   2   0    T  0.0    0  3.7 15 210   M    M   5 1      20 220
27  78  49  64   1   1   0 0.14  0.0    0  2.8 22  60   M    M   2 138    27  60
28  79  47  63   0   2   0 0.00  0.0    0  2.4 16  80   M    M   0        21  80
29  82  47  65   3   0   0 0.00  0.0    0  3.7 17 210   M    M   1 3      24 210
30   M   M   M   M   M   M    M    M    M   M   M   M   M    M   M 3       M  M
================================================================================
SM 2322 1489        11  39  2.85     0.0 142.9          M       78
================================================================================
AV 80.1 51.3                               4.9 FASTST   M    M   3    MAX(MPH)
                                 MISC ---->  # 29 220               # 36  200
================================================================================
NOTES:
# LAST OF SEVERAL OCCURRENCES

COLUMN 17 PEAK WIND IN M.P.H.

PRELIMINARY LOCAL CLIMATOLOGICAL DATA (WS FORM: F-6) , PAGE 2

                                          STATION:  FLAGSTAFF AZ AIRPORT
                                          MONTH:    AUGUST
                                          YEAR:     2015
                                          LATITUDE:   35  7 N
                                          LONGITUDE: 111 40 W

[TEMPERATURE DATA]      [PRECIPITATION DATA]       SYMBOLS USED IN COLUMN 16

AVERAGE MONTHLY: 65.7   TOTAL FOR MONTH:   2.85    1 = FOG OR MIST
DPTR FM NORMAL:   1.4   DPTR FM NORMAL:   -0.17    2 = FOG REDUCING VISIBILITY
HIGHEST:    87 ON 16    GRTST 24HR  1.60 ON  7- 8      TO 1/4 MILE OR LESS
LOWEST:     47 ON 29,28                            3 = THUNDER
                        SNOW, ICE PELLETS, HAIL    4 = ICE PELLETS
                        TOTAL MONTH:   0.0 INCH    5 = HAIL
                        GRTST 24HR     0.0         6 = FREEZING RAIN OR DRIZZLE
                        GRTST DEPTH:   0           7 = DUSTSTORM OR SANDSTORM:
                                                       VSBY 1/2 MILE OR LESS
                                                   8 = SMOKE OR HAZE
[NO. OF DAYS WITH]      [WEATHER - DAYS WITH]      9 = BLOWING SNOW
                                                   X = TORNADO
MAX 32 OR BELOW:   0    0.01 INCH OR MORE:   8
MAX 90 OR ABOVE:   0    0.10 INCH OR MORE:   5
MIN 32 OR BELOW:   0    0.50 INCH OR MORE:   2
MIN  0 OR BELOW:   0    1.00 INCH OR MORE:   1

[HDD (BASE 65) ]
TOTAL THIS MO.    11    CLEAR  (SCALE 0-3)  19
DPTR FM NORMAL   -42    PTCLDY (SCALE 4-7)  10
TOTAL FM JUL 1    70    CLOUDY (SCALE 8-10)  0
DPTR FM NORMAL   -15

[CDD (BASE 65) ]
TOTAL THIS MO.    39
DPTR FM NORMAL     5    [PRESSURE DATA]
TOTAL FM JAN 1   115    HIGHEST SLP M ON M
DPTR FM NORMAL     0    LOWEST  SLP 29.80 ON 18

[REMARKS]
