000
CXUS52 KILM 181000
CF6FLO
PRELIMINARY LOCAL CLIMATOLOGICAL DATA (WS FORM: F-6)

                                          STATION:   FLORENCE SOUTH  CAROLINA
                                          MONTH:     OCTOBER
                                          YEAR:      2017
                                          LATITUDE:   34 10 N
                                          LONGITUDE:  79 43 W

  TEMPERATURE IN F:       :PCPN:    SNOW:  WIND      :SUNSHINE: SKY     :PK WND
================================================================================
1   2   3   4   5  6A  6B    7    8   9   10  11  12  13   14  15   16   17  18
                                     12Z  AVG MX 2MIN
DY MAX MIN AVG DEP HDD CDD  WTR  SNW DPTH SPD SPD DIR MIN PSBL S-S WX    SPD DR
================================================================================

 1  74  50  62  -7   3   0 0.00    M    M  9.6 20  50   M    M   0        23  50
 2  81  56  69   0   0   4 0.00    M    M  8.0 15  80   M    M   3        18  70
 3  82  55  69   1   0   4 0.00    M    M  8.4 17  60   M    M   1 8      22  80
 4  82  57  70   2   0   5 0.00    M    M  7.7 14 110   M    M   2 8      20  60
 5  84  62  73   5   0   8 0.00    M    M  5.0 13 100   M    M   3        17 120
 6  86  62  74   6   0   9 0.00    M    M  5.2 13 100   M    M   1        17 100
 7  83  68  76   9   0  11 0.24    M    M  6.8 16 160   M    M   8 1      21 170
 8  86  74  80  13   0  15 0.20    M    M 10.1 22 130   M    M   7 1      26 130
 9  85  76  81  15   0  16 0.05    M    M  8.4 16 210   M    M   7 13     21 190
10  86  75  81  15   0  16 0.03    M    M  5.3 15 140   M    M   7 18     17 140
11  86  74  80  14   0  15 0.00    M    M  5.1  9 190   M    M   5 1      13 210
12  87  71  79  14   0  14 0.00    M    M  5.2 16 100   M    M   5 1      19  80
13  77  64  71   6   0   6 0.00    M    M  8.4 15  50   M    M   8        18  50
14  76  60  68   3   0   3 0.00    M    M  4.8 13  20   M    M   3 12     15  20
15  82  63  73   9   0   8 0.00    M    M  3.3 10 160   M    M   6 12     14 220
16  78  53  66   2   0   1 0.11    M    M  8.5 24  10   M    M   5 18     29  30
17  67  47  57  -7   8   0 0.00    M    M  9.9 21  50   M    M   0        26  50
================================================================================
SM 1382 1067        11 135  0.63    M    119.7          M       71
================================================================================
AV 81.3 62.8                               7.0 FASTST   M    M   4    MAX(MPH)
                                 MISC ---->  # 24  10               # 29   30
================================================================================
NOTES:
# LAST OF SEVERAL OCCURRENCES

COLUMN 17 PEAK WIND IN M.P.H.

PRELIMINARY LOCAL CLIMATOLOGICAL DATA (WS FORM: F-6) , PAGE 2

                                          STATION:  FLORENCE SOUTH  CAROLINA
                                          MONTH:    OCTOBER
                                          YEAR:     2017
                                          LATITUDE:   34 10 N
                                          LONGITUDE:  79 43 W

[TEMPERATURE DATA]      [PRECIPITATION DATA]       SYMBOLS USED IN COLUMN 16

AVERAGE MONTHLY: 72.0   TOTAL FOR MONTH:   0.63    1 = FOG OR MIST
DPTR FM NORMAL:   5.6   DPTR FM NORMAL:   -1.22    2 = FOG REDUCING VISIBILITY
HIGHEST:    87 ON 12    GRTST 24HR  0.24 ON  7- 7      TO 1/4 MILE OR LESS
LOWEST:     47 ON 17                               3 = THUNDER
                        SNOW, ICE PELLETS, HAIL    4 = ICE PELLETS
                        TOTAL MONTH:    M          5 = HAIL
                        GRTST 24HR    M  ON   M    6 = FREEZING RAIN OR DRIZZLE
                        GRTST DEPTH:  M  ON   M    7 = DUSTSTORM OR SANDSTORM:
                                                       VSBY 1/2 MILE OR LESS
                                                   8 = SMOKE OR HAZE
[NO. OF DAYS WITH]      [WEATHER - DAYS WITH]      9 = BLOWING SNOW
                                                   X = TORNADO
MAX 32 OR BELOW:   0    0.01 INCH OR MORE:   5
MAX 90 OR ABOVE:   0    0.10 INCH OR MORE:   3
MIN 32 OR BELOW:   0    0.50 INCH OR MORE:   0
MIN  0 OR BELOW:   0    1.00 INCH OR MORE:   0

[HDD (BASE 65) ]
TOTAL THIS MO.    11    CLEAR  (SCALE 0-3)   8
DPTR FM NORMAL   -26    PTCLDY (SCALE 4-7)   9
TOTAL FM JUL 1    11    CLOUDY (SCALE 8-10)  0
DPTR FM NORMAL   -35

[CDD (BASE 65) ]
TOTAL THIS MO.   135
DPTR FM NORMAL    73    [PRESSURE DATA]
TOTAL FM JAN 1  2224    HIGHEST SLP M ON M
DPTR FM NORMAL   206    LOWEST  SLP 29.92 ON 16

[REMARKS]
